{"id":98396,"date":"2026-03-23T07:46:03","date_gmt":"2026-03-23T10:46:03","guid":{"rendered":"https:\/\/nigroequipamentos.com.br\/conteudo\/descubra-a-empilhadeira-patolada-paletrans-pt1635-e-suas-vantagens-6\/"},"modified":"2026-03-23T07:46:03","modified_gmt":"2026-03-23T10:46:03","slug":"descubra-a-empilhadeira-patolada-paletrans-pt1635-e-suas-vantagens-6","status":"publish","type":"page","link":"https:\/\/nigroequipamentos.com.br\/conteudo\/descubra-a-empilhadeira-patolada-paletrans-pt1635-e-suas-vantagens-6\/","title":{"rendered":"Descubra a Empilhadeira Patolada Paletrans PT1635 e suas Vantagens"},"content":{"rendered":"<p>A Empilhadeira Patolada Paletrans PT1635 \u00e9 uma solu\u00e7\u00e3o robusta para manuseio de materiais em ambientes diversos. Com alta capacidade de carga e tecnologia avan\u00e7ada, a PT1635 foi projetada para proporcionar efici\u00eancia e seguran\u00e7a nas opera\u00e7\u00f5es. Al\u00e9m disso, seu design ergon\u00f4mico garante conforto ao operador, tornando-a ideal para longas jornadas de trabalho. A Nigro Equipamentos oferece a melhor op\u00e7\u00e3o para compra, manuten\u00e7\u00e3o e loca\u00e7\u00e3o da Empilhadeira Patolada Paletrans PT1635, assegurando qualidade e suporte excepcional a cada cliente.<\/p>\n","protected":false},"excerpt":{"rendered":"<p>A Empilhadeira Patolada Paletrans PT1635 \u00e9 uma solu\u00e7\u00e3o robusta para manuseio de materiais em ambientes diversos. Com alta capacidade de carga e tecnologia avan\u00e7ada, a PT1635 foi projetada para proporcionar efici\u00eancia e seguran\u00e7a nas opera\u00e7\u00f5es. Al\u00e9m disso, seu design ergon\u00f4mico garante conforto ao operador, tornando-a ideal para longas jornadas de trabalho. A Nigro Equipamentos oferece&hellip;&nbsp;<a href=\"https:\/\/nigroequipamentos.com.br\/conteudo\/descubra-a-empilhadeira-patolada-paletrans-pt1635-e-suas-vantagens-6\/\" class=\"\" rel=\"bookmark\">Continue a ler &raquo;<span class=\"screen-reader-text\">Descubra a Empilhadeira Patolada Paletrans PT1635 e suas Vantagens<\/span><\/a><\/p>\n","protected":false},"author":3,"featured_media":0,"parent":0,"menu_order":0,"comment_status":"closed","ping_status":"closed","template":"","meta":{"_acf_changed":false,"_yoast_wpseo_focuskw":"Empilhadeira Patolada Paletrans PT1635","_yoast_wpseo_title":"Empilhadeira Patolada Paletrans PT1635: Vantagens e Benef\u00edcios na Nigro","_yoast_wpseo_metadesc":"Saiba tudo sobre a Empilhadeira Patolada Paletrans PT1635, suas vantagens e como a Nigro Equipamentos pode ajudar na compra, manuten\u00e7\u00e3o e loca\u00e7\u00e3o.","neve_meta_sidebar":"","neve_meta_container":"","neve_meta_enable_content_width":"","neve_meta_content_width":0,"neve_meta_title_alignment":"","neve_meta_author_avatar":"","neve_post_elements_order":"","neve_meta_disable_header":"","neve_meta_disable_footer":"","neve_meta_disable_title":"","footnotes":""},"class_list":["post-98396","page","type-page","status-publish","hentry"],"acf":{"bloco1title":"Qualidade Garantida","bloco1text":"Na Nigro, a Empilhadeira Patolada Paletrans PT1635 \u00e9 acompanhada de servi\u00e7os de manuten\u00e7\u00e3o que garantem seu desempenho ideal.","bloco2title":"Suporte Completo","bloco2text":"Oferecemos loca\u00e7\u00e3o e assist\u00eancia t\u00e9cnica especializada para a PT1635, garantindo que sua opera\u00e7\u00e3o nunca pare.","bloco3title":"Efici\u00eancia e Seguran\u00e7a","bloco3text":"A escolha da Empilhadeira Patolada Paletrans PT1635 proporciona n\u00e3o s\u00f3 efici\u00eancia, mas tamb\u00e9m um n\u00edvel elevado de seguran\u00e7a em suas opera\u00e7\u00f5es, minimizando riscos e maximizando a produtividade.","posttitle":"Empilhadeira Patolada Paletrans PT1635: Tudo o que Voc\u00ea Precisa Saber","postcontent":"Se voc\u00ea busca uma solu\u00e7\u00e3o eficiente para o manuseio de materiais, a <strong>Empilhadeira Patolada Paletrans PT1635<\/strong> \u00e9 a escolha perfeita. Com uma capacidade de carga impressionante e tecnologia de ponta, a <strong>PT1635<\/strong> se destaca em ambientes industriais. Seja no transporte de pallets, ou na organiza\u00e7\u00e3o de estocagem, a <strong>Empilhadeira Patolada Paletrans PT1635<\/strong> garante efici\u00eancia superior. A Nigro Equipamentos, especialista em venda e loca\u00e7\u00e3o, oferece a <strong>PT1635<\/strong> com garantia de qualidade. Al\u00e9m disso, a manuten\u00e7\u00e3o \u00e9 fundamental para preservar o desempenho; por isso, forneceremos suporte cont\u00ednuo. Para opera\u00e7\u00f5es seguras, contar com uma <strong>Empilhadeira Patolada Paletrans PT1635<\/strong> \u00e9 essencial. Este equipamento n\u00e3o apenas facilita o trabalho, mas tamb\u00e9m minimiza os riscos, aumentando a produtividade. A Nigro \u00e9 a sua melhor op\u00e7\u00e3o, oferecendo o suporte necess\u00e1rio para que a sua <strong>Empilhadeira Patolada Paletrans PT1635<\/strong> esteja sempre em perfeito estado. Invista na <strong>PT1635<\/strong> e experimente o que h\u00e1 de melhor em tecnologia para empilhadeiras!","insightwidtitle":"Curiosidade Sobre a PT1635","insightwidcontent":"Voc\u00ea sabia que a Empilhadeira Patolada Paletrans PT1635 \u00e9 projetada com um sistema de seguran\u00e7a que bloqueia o movimento da m\u00e1quina caso o operador n\u00e3o esteja na cabine? Isso garante maior prote\u00e7\u00e3o e reduz o risco de acidentes nas opera\u00e7\u00f5es, tornando-a uma escolha ainda mais atraente para empresas que prezam pela seguran\u00e7a no ambiente de trabalho."},"yoast_head":"<!-- This site is optimized with the Yoast SEO Premium plugin v18.3 (Yoast SEO v23.4) - https:\/\/yoast.com\/wordpress\/plugins\/seo\/ -->\n<title>Empilhadeira Patolada Paletrans PT1635: Vantagens e Benef\u00edcios na Nigro<\/title>\n<meta name=\"description\" content=\"Saiba tudo sobre a Empilhadeira Patolada Paletrans PT1635, suas vantagens e como a Nigro Equipamentos pode ajudar na compra, manuten\u00e7\u00e3o e loca\u00e7\u00e3o.\" \/>\n<meta name=\"robots\" content=\"index, follow, max-snippet:-1, max-image-preview:large, max-video-preview:-1\" \/>\n<link rel=\"canonical\" href=\"https:\/\/nigroequipamentos.com.br\/conteudo\/descubra-a-empilhadeira-patolada-paletrans-pt1635-e-suas-vantagens-6\/\" \/>\n<meta property=\"og:locale\" content=\"pt_BR\" \/>\n<meta property=\"og:type\" content=\"article\" \/>\n<meta property=\"og:title\" content=\"Descubra a Empilhadeira Patolada Paletrans PT1635 e suas Vantagens\" \/>\n<meta property=\"og:description\" content=\"Saiba tudo sobre a Empilhadeira Patolada Paletrans PT1635, suas vantagens e como a Nigro Equipamentos pode ajudar na compra, manuten\u00e7\u00e3o e loca\u00e7\u00e3o.\" \/>\n<meta property=\"og:url\" content=\"https:\/\/nigroequipamentos.com.br\/conteudo\/descubra-a-empilhadeira-patolada-paletrans-pt1635-e-suas-vantagens-6\/\" \/>\n<meta property=\"og:site_name\" content=\"Nigro Equipamentos\" \/>\n<meta property=\"article:publisher\" content=\"https:\/\/www.facebook.com\/nigroequipamentos\" \/>\n<meta name=\"twitter:card\" content=\"summary_large_image\" \/>\n<script type=\"application\/ld+json\" class=\"yoast-schema-graph\">{\"@context\":\"https:\/\/schema.org\",\"@graph\":[{\"@type\":\"WebPage\",\"@id\":\"https:\/\/nigroequipamentos.com.br\/conteudo\/descubra-a-empilhadeira-patolada-paletrans-pt1635-e-suas-vantagens-6\/\",\"url\":\"https:\/\/nigroequipamentos.com.br\/conteudo\/descubra-a-empilhadeira-patolada-paletrans-pt1635-e-suas-vantagens-6\/\",\"name\":\"Empilhadeira Patolada Paletrans PT1635: Vantagens e Benef\u00edcios na Nigro\",\"isPartOf\":{\"@id\":\"https:\/\/nigroequipamentos.com.br\/conteudo\/#website\"},\"datePublished\":\"2026-03-23T10:46:03+00:00\",\"dateModified\":\"2026-03-23T10:46:03+00:00\",\"description\":\"Saiba tudo sobre a Empilhadeira Patolada Paletrans PT1635, suas vantagens e como a Nigro Equipamentos pode ajudar na compra, manuten\u00e7\u00e3o e loca\u00e7\u00e3o.\",\"breadcrumb\":{\"@id\":\"https:\/\/nigroequipamentos.com.br\/conteudo\/descubra-a-empilhadeira-patolada-paletrans-pt1635-e-suas-vantagens-6\/#breadcrumb\"},\"inLanguage\":\"pt-BR\",\"potentialAction\":[{\"@type\":\"ReadAction\",\"target\":[\"https:\/\/nigroequipamentos.com.br\/conteudo\/descubra-a-empilhadeira-patolada-paletrans-pt1635-e-suas-vantagens-6\/\"]}]},{\"@type\":\"BreadcrumbList\",\"@id\":\"https:\/\/nigroequipamentos.com.br\/conteudo\/descubra-a-empilhadeira-patolada-paletrans-pt1635-e-suas-vantagens-6\/#breadcrumb\",\"itemListElement\":[{\"@type\":\"ListItem\",\"position\":1,\"name\":\"In\u00edcio\",\"item\":\"https:\/\/nigroequipamentos.com.br\/conteudo\/\"},{\"@type\":\"ListItem\",\"position\":2,\"name\":\"Descubra a Empilhadeira Patolada Paletrans PT1635 e suas Vantagens\"}]},{\"@type\":\"WebSite\",\"@id\":\"https:\/\/nigroequipamentos.com.br\/conteudo\/#website\",\"url\":\"https:\/\/nigroequipamentos.com.br\/conteudo\/\",\"name\":\"Nigro Equipamentos\",\"description\":\"Loca\u00e7\u00e3o e Vendas\",\"publisher\":{\"@id\":\"https:\/\/nigroequipamentos.com.br\/conteudo\/#organization\"},\"potentialAction\":[{\"@type\":\"SearchAction\",\"target\":{\"@type\":\"EntryPoint\",\"urlTemplate\":\"https:\/\/nigroequipamentos.com.br\/conteudo\/?s={search_term_string}\"},\"query-input\":{\"@type\":\"PropertyValueSpecification\",\"valueRequired\":true,\"valueName\":\"search_term_string\"}}],\"inLanguage\":\"pt-BR\"},{\"@type\":\"Organization\",\"@id\":\"https:\/\/nigroequipamentos.com.br\/conteudo\/#organization\",\"name\":\"Nigro Equipamentos\",\"url\":\"https:\/\/nigroequipamentos.com.br\/conteudo\/\",\"logo\":{\"@type\":\"ImageObject\",\"inLanguage\":\"pt-BR\",\"@id\":\"https:\/\/nigroequipamentos.com.br\/conteudo\/#\/schema\/logo\/image\/\",\"url\":\"https:\/\/nigroequipamentos.com.br\/conteudo\/wp-content\/uploads\/2024\/10\/nigroequipamentos_logo.webp\",\"contentUrl\":\"https:\/\/nigroequipamentos.com.br\/conteudo\/wp-content\/uploads\/2024\/10\/nigroequipamentos_logo.webp\",\"width\":785,\"height\":355,\"caption\":\"Nigro Equipamentos\"},\"image\":{\"@id\":\"https:\/\/nigroequipamentos.com.br\/conteudo\/#\/schema\/logo\/image\/\"},\"sameAs\":[\"https:\/\/www.facebook.com\/nigroequipamentos\",\"https:\/\/www.instagram.com\/nigroequipamentos\/\"]}]}<\/script>\n<!-- \/ Yoast SEO Premium plugin. -->","yoast_head_json":{"title":"Empilhadeira Patolada Paletrans PT1635: Vantagens e Benef\u00edcios na Nigro","description":"Saiba tudo sobre a Empilhadeira Patolada Paletrans PT1635, suas vantagens e como a Nigro Equipamentos pode ajudar na compra, manuten\u00e7\u00e3o e loca\u00e7\u00e3o.","robots":{"index":"index","follow":"follow","max-snippet":"max-snippet:-1","max-image-preview":"max-image-preview:large","max-video-preview":"max-video-preview:-1"},"canonical":"https:\/\/nigroequipamentos.com.br\/conteudo\/descubra-a-empilhadeira-patolada-paletrans-pt1635-e-suas-vantagens-6\/","og_locale":"pt_BR","og_type":"article","og_title":"Descubra a Empilhadeira Patolada Paletrans PT1635 e suas Vantagens","og_description":"Saiba tudo sobre a Empilhadeira Patolada Paletrans PT1635, suas vantagens e como a Nigro Equipamentos pode ajudar na compra, manuten\u00e7\u00e3o e loca\u00e7\u00e3o.","og_url":"https:\/\/nigroequipamentos.com.br\/conteudo\/descubra-a-empilhadeira-patolada-paletrans-pt1635-e-suas-vantagens-6\/","og_site_name":"Nigro Equipamentos","article_publisher":"https:\/\/www.facebook.com\/nigroequipamentos","twitter_card":"summary_large_image","schema":{"@context":"https:\/\/schema.org","@graph":[{"@type":"WebPage","@id":"https:\/\/nigroequipamentos.com.br\/conteudo\/descubra-a-empilhadeira-patolada-paletrans-pt1635-e-suas-vantagens-6\/","url":"https:\/\/nigroequipamentos.com.br\/conteudo\/descubra-a-empilhadeira-patolada-paletrans-pt1635-e-suas-vantagens-6\/","name":"Empilhadeira Patolada Paletrans PT1635: Vantagens e Benef\u00edcios na Nigro","isPartOf":{"@id":"https:\/\/nigroequipamentos.com.br\/conteudo\/#website"},"datePublished":"2026-03-23T10:46:03+00:00","dateModified":"2026-03-23T10:46:03+00:00","description":"Saiba tudo sobre a Empilhadeira Patolada Paletrans PT1635, suas vantagens e como a Nigro Equipamentos pode ajudar na compra, manuten\u00e7\u00e3o e loca\u00e7\u00e3o.","breadcrumb":{"@id":"https:\/\/nigroequipamentos.com.br\/conteudo\/descubra-a-empilhadeira-patolada-paletrans-pt1635-e-suas-vantagens-6\/#breadcrumb"},"inLanguage":"pt-BR","potentialAction":[{"@type":"ReadAction","target":["https:\/\/nigroequipamentos.com.br\/conteudo\/descubra-a-empilhadeira-patolada-paletrans-pt1635-e-suas-vantagens-6\/"]}]},{"@type":"BreadcrumbList","@id":"https:\/\/nigroequipamentos.com.br\/conteudo\/descubra-a-empilhadeira-patolada-paletrans-pt1635-e-suas-vantagens-6\/#breadcrumb","itemListElement":[{"@type":"ListItem","position":1,"name":"In\u00edcio","item":"https:\/\/nigroequipamentos.com.br\/conteudo\/"},{"@type":"ListItem","position":2,"name":"Descubra a Empilhadeira Patolada Paletrans PT1635 e suas Vantagens"}]},{"@type":"WebSite","@id":"https:\/\/nigroequipamentos.com.br\/conteudo\/#website","url":"https:\/\/nigroequipamentos.com.br\/conteudo\/","name":"Nigro Equipamentos","description":"Loca\u00e7\u00e3o e Vendas","publisher":{"@id":"https:\/\/nigroequipamentos.com.br\/conteudo\/#organization"},"potentialAction":[{"@type":"SearchAction","target":{"@type":"EntryPoint","urlTemplate":"https:\/\/nigroequipamentos.com.br\/conteudo\/?s={search_term_string}"},"query-input":{"@type":"PropertyValueSpecification","valueRequired":true,"valueName":"search_term_string"}}],"inLanguage":"pt-BR"},{"@type":"Organization","@id":"https:\/\/nigroequipamentos.com.br\/conteudo\/#organization","name":"Nigro Equipamentos","url":"https:\/\/nigroequipamentos.com.br\/conteudo\/","logo":{"@type":"ImageObject","inLanguage":"pt-BR","@id":"https:\/\/nigroequipamentos.com.br\/conteudo\/#\/schema\/logo\/image\/","url":"https:\/\/nigroequipamentos.com.br\/conteudo\/wp-content\/uploads\/2024\/10\/nigroequipamentos_logo.webp","contentUrl":"https:\/\/nigroequipamentos.com.br\/conteudo\/wp-content\/uploads\/2024\/10\/nigroequipamentos_logo.webp","width":785,"height":355,"caption":"Nigro Equipamentos"},"image":{"@id":"https:\/\/nigroequipamentos.com.br\/conteudo\/#\/schema\/logo\/image\/"},"sameAs":["https:\/\/www.facebook.com\/nigroequipamentos","https:\/\/www.instagram.com\/nigroequipamentos\/"]}]}},"_links":{"self":[{"href":"https:\/\/nigroequipamentos.com.br\/conteudo\/wp-json\/wp\/v2\/pages\/98396","targetHints":{"allow":["GET"]}}],"collection":[{"href":"https:\/\/nigroequipamentos.com.br\/conteudo\/wp-json\/wp\/v2\/pages"}],"about":[{"href":"https:\/\/nigroequipamentos.com.br\/conteudo\/wp-json\/wp\/v2\/types\/page"}],"author":[{"embeddable":true,"href":"https:\/\/nigroequipamentos.com.br\/conteudo\/wp-json\/wp\/v2\/users\/3"}],"replies":[{"embeddable":true,"href":"https:\/\/nigroequipamentos.com.br\/conteudo\/wp-json\/wp\/v2\/comments?post=98396"}],"version-history":[{"count":0,"href":"https:\/\/nigroequipamentos.com.br\/conteudo\/wp-json\/wp\/v2\/pages\/98396\/revisions"}],"wp:attachment":[{"href":"https:\/\/nigroequipamentos.com.br\/conteudo\/wp-json\/wp\/v2\/media?parent=98396"}],"curies":[{"name":"wp","href":"https:\/\/api.w.org\/{rel}","templated":true}]}}