{"id":96448,"date":"2026-03-14T07:01:00","date_gmt":"2026-03-14T10:01:00","guid":{"rendered":"https:\/\/nigroequipamentos.com.br\/conteudo\/descubra-a-empilhadeira-retratil-paletrans-pr2090i-31\/"},"modified":"2026-03-14T07:01:00","modified_gmt":"2026-03-14T10:01:00","slug":"descubra-a-empilhadeira-retratil-paletrans-pr2090i-31","status":"publish","type":"page","link":"https:\/\/nigroequipamentos.com.br\/conteudo\/descubra-a-empilhadeira-retratil-paletrans-pr2090i-31\/","title":{"rendered":"Descubra a Empilhadeira Retr\u00e1til Paletrans PR2090i"},"content":{"rendered":"<p>A Empilhadeira Retr\u00e1til Paletrans PR2090i \u00e9 uma das melhores op\u00e7\u00f5es do mercado para movimenta\u00e7\u00e3o de cargas. Com um design inovador e tecnologia avan\u00e7ada, a PR2090i oferece efici\u00eancia e seguran\u00e7a para sua opera\u00e7\u00e3o. Desenvolvida para lidar com espa\u00e7os restritos, essa empilhadeira se destaca por sua capacidade de eleva\u00e7\u00e3o e resist\u00eancia, permitindo que voc\u00ea maximize sua produtividade. A Nigro Equipamentos \u00e9 especialista em empilhadeiras e garante a melhor compra, manuten\u00e7\u00e3o e loca\u00e7\u00e3o da Paletrans PR2090i no Brasil.<\/p>\n","protected":false},"excerpt":{"rendered":"<p>A Empilhadeira Retr\u00e1til Paletrans PR2090i \u00e9 uma das melhores op\u00e7\u00f5es do mercado para movimenta\u00e7\u00e3o de cargas. Com um design inovador e tecnologia avan\u00e7ada, a PR2090i oferece efici\u00eancia e seguran\u00e7a para sua opera\u00e7\u00e3o. Desenvolvida para lidar com espa\u00e7os restritos, essa empilhadeira se destaca por sua capacidade de eleva\u00e7\u00e3o e resist\u00eancia, permitindo que voc\u00ea maximize sua produtividade.&hellip;&nbsp;<a href=\"https:\/\/nigroequipamentos.com.br\/conteudo\/descubra-a-empilhadeira-retratil-paletrans-pr2090i-31\/\" class=\"\" rel=\"bookmark\">Continue a ler &raquo;<span class=\"screen-reader-text\">Descubra a Empilhadeira Retr\u00e1til Paletrans PR2090i<\/span><\/a><\/p>\n","protected":false},"author":3,"featured_media":0,"parent":0,"menu_order":0,"comment_status":"closed","ping_status":"closed","template":"","meta":{"_acf_changed":false,"_yoast_wpseo_focuskw":"Empilhadeira Retr\u00e1til Paletrans PR2090i","_yoast_wpseo_title":"Empilhadeira Retr\u00e1til Paletrans PR2090i: Efici\u00eancia e Tecnologia","_yoast_wpseo_metadesc":"Conhe\u00e7a a Empilhadeira Retr\u00e1til Paletrans PR2090i, suas caracter\u00edsticas, vantagens e como a Nigro Equipamentos pode ajudar na compra e loca\u00e7\u00e3o.","neve_meta_sidebar":"","neve_meta_container":"","neve_meta_enable_content_width":"","neve_meta_content_width":0,"neve_meta_title_alignment":"","neve_meta_author_avatar":"","neve_post_elements_order":"","neve_meta_disable_header":"","neve_meta_disable_footer":"","neve_meta_disable_title":"","footnotes":""},"class_list":["post-96448","page","type-page","status-publish","hentry"],"acf":{"bloco1title":"Expertise em Empilhadeiras","bloco1text":"A Nigro Equipamentos possui anos de experi\u00eancia, garantindo a melhor escolha na compra e loca\u00e7\u00e3o da Empilhadeira Retr\u00e1til Paletrans PR2090i.","bloco2title":"Manuten\u00e7\u00e3o Especializada","bloco2text":"Oferecemos um servi\u00e7o de manuten\u00e7\u00e3o especializado para a Empilhadeira Retr\u00e1til Paletrans PR2090i, assegurando sempre seu melhor desempenho.","bloco3title":"Solu\u00e7\u00f5es Personalizadas","bloco3text":"Entendemos que cada opera\u00e7\u00e3o \u00e9 \u00fanica! Por isso, a NigroEquipamentos oferece solu\u00e7\u00f5es personalizadas para a sua necessidade com a Empilhadeira Retr\u00e1til Paletrans PR2090i.","posttitle":"Vantagens da Empilhadeira Retr\u00e1til Paletrans PR2090i","postcontent":"<strong>A Empilhadeira Retr\u00e1til Paletrans PR2090i<\/strong> se destaca no mercado por diversas raz\u00f5es. Seus recursos modernos incorporam tecnologia avan\u00e7ada, que se traduz em efici\u00eancia e seguran\u00e7a na movimenta\u00e7\u00e3o de cargas. Este modelo possui uma excelente capacidade de eleva\u00e7\u00e3o, ideal para armaz\u00e9ns e espa\u00e7os reduzidos. Al\u00e9m disso, a <strong>PR2090i<\/strong> conta com um sistema de dire\u00e7\u00e3o precisa, que permite manobras \u00e1geis e seguras. A Nigro Equipamentos entende a import\u00e2ncia da **manuten\u00e7\u00e3o adequada** e oferece um suporte cont\u00ednuo para garantir o desempenho ideal da sua Empilhadeira Retr\u00e1til Paletrans PR2090i. Outro diferencial \u00e9 a facilidade de loca\u00e7\u00e3o, que permite a utiliza\u00e7\u00e3o desse equipamento de alta performance sem a necessidade de altos investimentos iniciais. Portanto, escolher a Nigro Equipamentos para a **compra ou loca\u00e7\u00e3o** da Empilhadeira Retr\u00e1til Paletrans PR2090i \u00e9 sin\u00f4nimo de qualidade e confian\u00e7a. N\u00e3o perca a oportunidade de otimizar suas opera\u00e7\u00f5es com a PR2090i da Nigro.","insightwidtitle":"Curiosidades sobre a PR2090i","insightwidcontent":"Voc\u00ea sabia que a Empilhadeira Retr\u00e1til Paletrans PR2090i \u00e9 projetada para operar em ambientes com menos espa\u00e7o? Isso \u00e9 essencial para empresas que precisam maximizar sua \u00e1rea de armazenamento. Al\u00e9m disso, a Paletrans PR2090i \u00e9 conhecida por sua durabilidade, reduzindo custos com manuten\u00e7\u00e3o a longo prazo."},"yoast_head":"<!-- This site is optimized with the Yoast SEO Premium plugin v18.3 (Yoast SEO v23.4) - https:\/\/yoast.com\/wordpress\/plugins\/seo\/ -->\n<title>Empilhadeira Retr\u00e1til Paletrans PR2090i: Efici\u00eancia e Tecnologia<\/title>\n<meta name=\"description\" content=\"Conhe\u00e7a a Empilhadeira Retr\u00e1til Paletrans PR2090i, suas caracter\u00edsticas, vantagens e como a Nigro Equipamentos pode ajudar na compra e loca\u00e7\u00e3o.\" \/>\n<meta name=\"robots\" content=\"index, follow, max-snippet:-1, max-image-preview:large, max-video-preview:-1\" \/>\n<link rel=\"canonical\" href=\"https:\/\/nigroequipamentos.com.br\/conteudo\/descubra-a-empilhadeira-retratil-paletrans-pr2090i-31\/\" \/>\n<meta property=\"og:locale\" content=\"pt_BR\" \/>\n<meta property=\"og:type\" content=\"article\" \/>\n<meta property=\"og:title\" content=\"Descubra a Empilhadeira Retr\u00e1til Paletrans PR2090i\" \/>\n<meta property=\"og:description\" content=\"Conhe\u00e7a a Empilhadeira Retr\u00e1til Paletrans PR2090i, suas caracter\u00edsticas, vantagens e como a Nigro Equipamentos pode ajudar na compra e loca\u00e7\u00e3o.\" \/>\n<meta property=\"og:url\" content=\"https:\/\/nigroequipamentos.com.br\/conteudo\/descubra-a-empilhadeira-retratil-paletrans-pr2090i-31\/\" \/>\n<meta property=\"og:site_name\" content=\"Nigro Equipamentos\" \/>\n<meta property=\"article:publisher\" content=\"https:\/\/www.facebook.com\/nigroequipamentos\" \/>\n<meta name=\"twitter:card\" content=\"summary_large_image\" \/>\n<script type=\"application\/ld+json\" class=\"yoast-schema-graph\">{\"@context\":\"https:\/\/schema.org\",\"@graph\":[{\"@type\":\"WebPage\",\"@id\":\"https:\/\/nigroequipamentos.com.br\/conteudo\/descubra-a-empilhadeira-retratil-paletrans-pr2090i-31\/\",\"url\":\"https:\/\/nigroequipamentos.com.br\/conteudo\/descubra-a-empilhadeira-retratil-paletrans-pr2090i-31\/\",\"name\":\"Empilhadeira Retr\u00e1til Paletrans PR2090i: Efici\u00eancia e Tecnologia\",\"isPartOf\":{\"@id\":\"https:\/\/nigroequipamentos.com.br\/conteudo\/#website\"},\"datePublished\":\"2026-03-14T10:01:00+00:00\",\"dateModified\":\"2026-03-14T10:01:00+00:00\",\"description\":\"Conhe\u00e7a a Empilhadeira Retr\u00e1til Paletrans PR2090i, suas caracter\u00edsticas, vantagens e como a Nigro Equipamentos pode ajudar na compra e loca\u00e7\u00e3o.\",\"breadcrumb\":{\"@id\":\"https:\/\/nigroequipamentos.com.br\/conteudo\/descubra-a-empilhadeira-retratil-paletrans-pr2090i-31\/#breadcrumb\"},\"inLanguage\":\"pt-BR\",\"potentialAction\":[{\"@type\":\"ReadAction\",\"target\":[\"https:\/\/nigroequipamentos.com.br\/conteudo\/descubra-a-empilhadeira-retratil-paletrans-pr2090i-31\/\"]}]},{\"@type\":\"BreadcrumbList\",\"@id\":\"https:\/\/nigroequipamentos.com.br\/conteudo\/descubra-a-empilhadeira-retratil-paletrans-pr2090i-31\/#breadcrumb\",\"itemListElement\":[{\"@type\":\"ListItem\",\"position\":1,\"name\":\"In\u00edcio\",\"item\":\"https:\/\/nigroequipamentos.com.br\/conteudo\/\"},{\"@type\":\"ListItem\",\"position\":2,\"name\":\"Descubra a Empilhadeira Retr\u00e1til Paletrans PR2090i\"}]},{\"@type\":\"WebSite\",\"@id\":\"https:\/\/nigroequipamentos.com.br\/conteudo\/#website\",\"url\":\"https:\/\/nigroequipamentos.com.br\/conteudo\/\",\"name\":\"Nigro Equipamentos\",\"description\":\"Loca\u00e7\u00e3o e Vendas\",\"publisher\":{\"@id\":\"https:\/\/nigroequipamentos.com.br\/conteudo\/#organization\"},\"potentialAction\":[{\"@type\":\"SearchAction\",\"target\":{\"@type\":\"EntryPoint\",\"urlTemplate\":\"https:\/\/nigroequipamentos.com.br\/conteudo\/?s={search_term_string}\"},\"query-input\":{\"@type\":\"PropertyValueSpecification\",\"valueRequired\":true,\"valueName\":\"search_term_string\"}}],\"inLanguage\":\"pt-BR\"},{\"@type\":\"Organization\",\"@id\":\"https:\/\/nigroequipamentos.com.br\/conteudo\/#organization\",\"name\":\"Nigro Equipamentos\",\"url\":\"https:\/\/nigroequipamentos.com.br\/conteudo\/\",\"logo\":{\"@type\":\"ImageObject\",\"inLanguage\":\"pt-BR\",\"@id\":\"https:\/\/nigroequipamentos.com.br\/conteudo\/#\/schema\/logo\/image\/\",\"url\":\"https:\/\/nigroequipamentos.com.br\/conteudo\/wp-content\/uploads\/2024\/10\/nigroequipamentos_logo.webp\",\"contentUrl\":\"https:\/\/nigroequipamentos.com.br\/conteudo\/wp-content\/uploads\/2024\/10\/nigroequipamentos_logo.webp\",\"width\":785,\"height\":355,\"caption\":\"Nigro Equipamentos\"},\"image\":{\"@id\":\"https:\/\/nigroequipamentos.com.br\/conteudo\/#\/schema\/logo\/image\/\"},\"sameAs\":[\"https:\/\/www.facebook.com\/nigroequipamentos\",\"https:\/\/www.instagram.com\/nigroequipamentos\/\"]}]}<\/script>\n<!-- \/ Yoast SEO Premium plugin. -->","yoast_head_json":{"title":"Empilhadeira Retr\u00e1til Paletrans PR2090i: Efici\u00eancia e Tecnologia","description":"Conhe\u00e7a a Empilhadeira Retr\u00e1til Paletrans PR2090i, suas caracter\u00edsticas, vantagens e como a Nigro Equipamentos pode ajudar na compra e loca\u00e7\u00e3o.","robots":{"index":"index","follow":"follow","max-snippet":"max-snippet:-1","max-image-preview":"max-image-preview:large","max-video-preview":"max-video-preview:-1"},"canonical":"https:\/\/nigroequipamentos.com.br\/conteudo\/descubra-a-empilhadeira-retratil-paletrans-pr2090i-31\/","og_locale":"pt_BR","og_type":"article","og_title":"Descubra a Empilhadeira Retr\u00e1til Paletrans PR2090i","og_description":"Conhe\u00e7a a Empilhadeira Retr\u00e1til Paletrans PR2090i, suas caracter\u00edsticas, vantagens e como a Nigro Equipamentos pode ajudar na compra e loca\u00e7\u00e3o.","og_url":"https:\/\/nigroequipamentos.com.br\/conteudo\/descubra-a-empilhadeira-retratil-paletrans-pr2090i-31\/","og_site_name":"Nigro Equipamentos","article_publisher":"https:\/\/www.facebook.com\/nigroequipamentos","twitter_card":"summary_large_image","schema":{"@context":"https:\/\/schema.org","@graph":[{"@type":"WebPage","@id":"https:\/\/nigroequipamentos.com.br\/conteudo\/descubra-a-empilhadeira-retratil-paletrans-pr2090i-31\/","url":"https:\/\/nigroequipamentos.com.br\/conteudo\/descubra-a-empilhadeira-retratil-paletrans-pr2090i-31\/","name":"Empilhadeira Retr\u00e1til Paletrans PR2090i: Efici\u00eancia e Tecnologia","isPartOf":{"@id":"https:\/\/nigroequipamentos.com.br\/conteudo\/#website"},"datePublished":"2026-03-14T10:01:00+00:00","dateModified":"2026-03-14T10:01:00+00:00","description":"Conhe\u00e7a a Empilhadeira Retr\u00e1til Paletrans PR2090i, suas caracter\u00edsticas, vantagens e como a Nigro Equipamentos pode ajudar na compra e loca\u00e7\u00e3o.","breadcrumb":{"@id":"https:\/\/nigroequipamentos.com.br\/conteudo\/descubra-a-empilhadeira-retratil-paletrans-pr2090i-31\/#breadcrumb"},"inLanguage":"pt-BR","potentialAction":[{"@type":"ReadAction","target":["https:\/\/nigroequipamentos.com.br\/conteudo\/descubra-a-empilhadeira-retratil-paletrans-pr2090i-31\/"]}]},{"@type":"BreadcrumbList","@id":"https:\/\/nigroequipamentos.com.br\/conteudo\/descubra-a-empilhadeira-retratil-paletrans-pr2090i-31\/#breadcrumb","itemListElement":[{"@type":"ListItem","position":1,"name":"In\u00edcio","item":"https:\/\/nigroequipamentos.com.br\/conteudo\/"},{"@type":"ListItem","position":2,"name":"Descubra a Empilhadeira Retr\u00e1til Paletrans PR2090i"}]},{"@type":"WebSite","@id":"https:\/\/nigroequipamentos.com.br\/conteudo\/#website","url":"https:\/\/nigroequipamentos.com.br\/conteudo\/","name":"Nigro Equipamentos","description":"Loca\u00e7\u00e3o e Vendas","publisher":{"@id":"https:\/\/nigroequipamentos.com.br\/conteudo\/#organization"},"potentialAction":[{"@type":"SearchAction","target":{"@type":"EntryPoint","urlTemplate":"https:\/\/nigroequipamentos.com.br\/conteudo\/?s={search_term_string}"},"query-input":{"@type":"PropertyValueSpecification","valueRequired":true,"valueName":"search_term_string"}}],"inLanguage":"pt-BR"},{"@type":"Organization","@id":"https:\/\/nigroequipamentos.com.br\/conteudo\/#organization","name":"Nigro Equipamentos","url":"https:\/\/nigroequipamentos.com.br\/conteudo\/","logo":{"@type":"ImageObject","inLanguage":"pt-BR","@id":"https:\/\/nigroequipamentos.com.br\/conteudo\/#\/schema\/logo\/image\/","url":"https:\/\/nigroequipamentos.com.br\/conteudo\/wp-content\/uploads\/2024\/10\/nigroequipamentos_logo.webp","contentUrl":"https:\/\/nigroequipamentos.com.br\/conteudo\/wp-content\/uploads\/2024\/10\/nigroequipamentos_logo.webp","width":785,"height":355,"caption":"Nigro Equipamentos"},"image":{"@id":"https:\/\/nigroequipamentos.com.br\/conteudo\/#\/schema\/logo\/image\/"},"sameAs":["https:\/\/www.facebook.com\/nigroequipamentos","https:\/\/www.instagram.com\/nigroequipamentos\/"]}]}},"_links":{"self":[{"href":"https:\/\/nigroequipamentos.com.br\/conteudo\/wp-json\/wp\/v2\/pages\/96448","targetHints":{"allow":["GET"]}}],"collection":[{"href":"https:\/\/nigroequipamentos.com.br\/conteudo\/wp-json\/wp\/v2\/pages"}],"about":[{"href":"https:\/\/nigroequipamentos.com.br\/conteudo\/wp-json\/wp\/v2\/types\/page"}],"author":[{"embeddable":true,"href":"https:\/\/nigroequipamentos.com.br\/conteudo\/wp-json\/wp\/v2\/users\/3"}],"replies":[{"embeddable":true,"href":"https:\/\/nigroequipamentos.com.br\/conteudo\/wp-json\/wp\/v2\/comments?post=96448"}],"version-history":[{"count":0,"href":"https:\/\/nigroequipamentos.com.br\/conteudo\/wp-json\/wp\/v2\/pages\/96448\/revisions"}],"wp:attachment":[{"href":"https:\/\/nigroequipamentos.com.br\/conteudo\/wp-json\/wp\/v2\/media?parent=96448"}],"curies":[{"name":"wp","href":"https:\/\/api.w.org\/{rel}","templated":true}]}}