{"id":95126,"date":"2026-03-08T03:45:53","date_gmt":"2026-03-08T06:45:53","guid":{"rendered":"https:\/\/nigroequipamentos.com.br\/conteudo\/transpaleteira-com-balanca-paletrans-tm2000-a-solucao-ideal-para-suas-necessidades-logisticas\/"},"modified":"2026-03-08T03:45:53","modified_gmt":"2026-03-08T06:45:53","slug":"transpaleteira-com-balanca-paletrans-tm2000-a-solucao-ideal-para-suas-necessidades-logisticas","status":"publish","type":"page","link":"https:\/\/nigroequipamentos.com.br\/conteudo\/transpaleteira-com-balanca-paletrans-tm2000-a-solucao-ideal-para-suas-necessidades-logisticas\/","title":{"rendered":"Transpaleteira com Balan\u00e7a Paletrans TM2000: A Solu\u00e7\u00e3o Ideal para Suas Necessidades Log\u00edsticas"},"content":{"rendered":"<p>A Transpaleteira com balan\u00e7a Paletrans TM2000 \u00e9 uma inova\u00e7\u00e3o que transforma opera\u00e7\u00f5es log\u00edsticas. Este equipamento facilita o transporte e a pesagem simultaneamente, proporcionando efici\u00eancia e precis\u00e3o. Com uma estrutura robusta e tecnologia de ponta, a Paletrans TM2000 garante que voc\u00ea controle a carga de maneira eficaz, evitando erros e otimizando o espa\u00e7o no seu armaz\u00e9m. A Nigro Equipamentos \u00e9 a melhor escolha para aqueles que buscam adquirir, manter ou alugar a Transpaleteira com balan\u00e7a Paletrans TM2000, assegurando a qualidade e o suporte necess\u00e1rio para suas opera\u00e7\u00f5es.<\/p>\n","protected":false},"excerpt":{"rendered":"<p>A Transpaleteira com balan\u00e7a Paletrans TM2000 \u00e9 uma inova\u00e7\u00e3o que transforma opera\u00e7\u00f5es log\u00edsticas. Este equipamento facilita o transporte e a pesagem simultaneamente, proporcionando efici\u00eancia e precis\u00e3o. Com uma estrutura robusta e tecnologia de ponta, a Paletrans TM2000 garante que voc\u00ea controle a carga de maneira eficaz, evitando erros e otimizando o espa\u00e7o no seu armaz\u00e9m.&hellip;&nbsp;<a href=\"https:\/\/nigroequipamentos.com.br\/conteudo\/transpaleteira-com-balanca-paletrans-tm2000-a-solucao-ideal-para-suas-necessidades-logisticas\/\" class=\"\" rel=\"bookmark\">Continue a ler &raquo;<span class=\"screen-reader-text\">Transpaleteira com Balan\u00e7a Paletrans TM2000: A Solu\u00e7\u00e3o Ideal para Suas Necessidades Log\u00edsticas<\/span><\/a><\/p>\n","protected":false},"author":3,"featured_media":0,"parent":0,"menu_order":0,"comment_status":"closed","ping_status":"closed","template":"","meta":{"_acf_changed":false,"_yoast_wpseo_focuskw":"Transpaleteira com balan\u00e7a Paletrans TM2000","_yoast_wpseo_title":"Transpaleteira com Balan\u00e7a Paletrans TM2000: Efici\u00eancia e Precis\u00e3o na Log\u00edstica","_yoast_wpseo_metadesc":"Conhe\u00e7a a Transpaleteira com balan\u00e7a Paletrans TM2000 e suas vantagens para opera\u00e7\u00f5es log\u00edsticas. A Nigro Equipamentos \u00e9 a melhor escolha para compra e loca\u00e7\u00e3o.","neve_meta_sidebar":"","neve_meta_container":"","neve_meta_enable_content_width":"","neve_meta_content_width":0,"neve_meta_title_alignment":"","neve_meta_author_avatar":"","neve_post_elements_order":"","neve_meta_disable_header":"","neve_meta_disable_footer":"","neve_meta_disable_title":"","footnotes":""},"class_list":["post-95126","page","type-page","status-publish","hentry"],"acf":{"bloco1title":"Experi\u00eancia consolidada","bloco1text":"A Nigro Equipamentos possui anos de experi\u00eancia oferecendo solu\u00e7\u00f5es log\u00edsticas que incluem a Transpaleteira com balan\u00e7a Paletrans TM2000.","bloco2title":"Suporte completo","bloco2text":"Oferecemos suporte e manuten\u00e7\u00e3o especializados para sua Transpaleteira com balan\u00e7a Paletrans TM2000.","bloco3title":"Efici\u00eancia comprovada","bloco3text":"Com a Transpaleteira com balan\u00e7a Paletrans TM2000, a efici\u00eancia no transporte de cargas \u00e9 elevada, resultando em opera\u00e7\u00f5es mais \u00e1geis e otimizadas.","posttitle":"Vantagens da Transpaleteira com Balan\u00e7a Paletrans TM2000 nas Opera\u00e7\u00f5es Log\u00edsticas","postcontent":"<strong>A Transpaleteira com balan\u00e7a Paletrans TM2000 revoluciona a maneira de operar no setor log\u00edstico.<\/strong> Este equipamento inovador combina a praticidade de uma transpaleteira com a funcionalidade de uma balan\u00e7a, permitindo que empresas realizem pesagens enquanto transportam cargas. A precis\u00e3o nas medi\u00e7\u00f5es assegura que o controle de estoque seja mais eficaz, evitando perdas e aumentando a produtividade. Al\u00e9m disso, a estrutura do modelo TM2000 \u00e9 projetada para suportar cargas pesadas, garantindo durabilidade e desempenho. A Nigro Equipamentos \u00e9 refer\u00eancia no segmento, oferecendo a Transpaleteira com balan\u00e7a Paletrans TM2000 para compra e loca\u00e7\u00e3o, sempre com suporte t\u00e9cnico especializado. Ao escolher a Nigro, voc\u00ea opta pela confiabilidade e excel\u00eancia nos servi\u00e7os de manuten\u00e7\u00e3o, tornando sua opera\u00e7\u00e3o log\u00edstica ainda mais eficiente.","insightwidtitle":"Fatos Interessantes Sobre a TM2000","insightwidcontent":"A Transpaleteira com balan\u00e7a Paletrans TM2000 \u00e9 equipada com um sistema avan\u00e7ado de pesagem que promove n\u00e3o apenas efici\u00eancia, mas tamb\u00e9m seguran\u00e7a na movimenta\u00e7\u00e3o de cargas. Al\u00e9m disso, seu design ergon\u00f4mico facilita a manobrabilidade, permitindo que o operador trabalhe com mais conforto e menos esfor\u00e7o. Este modelo proporciona n\u00e3o s\u00f3 economia, mas tamb\u00e9m uma significativa redu\u00e7\u00e3o no tempo de opera\u00e7\u00e3o, otimizando as atividades di\u00e1rias no armaz\u00e9m."},"yoast_head":"<!-- This site is optimized with the Yoast SEO Premium plugin v18.3 (Yoast SEO v23.4) - https:\/\/yoast.com\/wordpress\/plugins\/seo\/ -->\n<title>Transpaleteira com Balan\u00e7a Paletrans TM2000: Efici\u00eancia e Precis\u00e3o na Log\u00edstica<\/title>\n<meta name=\"description\" content=\"Conhe\u00e7a a Transpaleteira com balan\u00e7a Paletrans TM2000 e suas vantagens para opera\u00e7\u00f5es log\u00edsticas. A Nigro Equipamentos \u00e9 a melhor escolha para compra e loca\u00e7\u00e3o.\" \/>\n<meta name=\"robots\" content=\"index, follow, max-snippet:-1, max-image-preview:large, max-video-preview:-1\" \/>\n<link rel=\"canonical\" href=\"https:\/\/nigroequipamentos.com.br\/conteudo\/transpaleteira-com-balanca-paletrans-tm2000-a-solucao-ideal-para-suas-necessidades-logisticas\/\" \/>\n<meta property=\"og:locale\" content=\"pt_BR\" \/>\n<meta property=\"og:type\" content=\"article\" \/>\n<meta property=\"og:title\" content=\"Transpaleteira com Balan\u00e7a Paletrans TM2000: A Solu\u00e7\u00e3o Ideal para Suas Necessidades Log\u00edsticas\" \/>\n<meta property=\"og:description\" content=\"Conhe\u00e7a a Transpaleteira com balan\u00e7a Paletrans TM2000 e suas vantagens para opera\u00e7\u00f5es log\u00edsticas. A Nigro Equipamentos \u00e9 a melhor escolha para compra e loca\u00e7\u00e3o.\" \/>\n<meta property=\"og:url\" content=\"https:\/\/nigroequipamentos.com.br\/conteudo\/transpaleteira-com-balanca-paletrans-tm2000-a-solucao-ideal-para-suas-necessidades-logisticas\/\" \/>\n<meta property=\"og:site_name\" content=\"Nigro Equipamentos\" \/>\n<meta property=\"article:publisher\" content=\"https:\/\/www.facebook.com\/nigroequipamentos\" \/>\n<meta name=\"twitter:card\" content=\"summary_large_image\" \/>\n<script type=\"application\/ld+json\" class=\"yoast-schema-graph\">{\"@context\":\"https:\/\/schema.org\",\"@graph\":[{\"@type\":\"WebPage\",\"@id\":\"https:\/\/nigroequipamentos.com.br\/conteudo\/transpaleteira-com-balanca-paletrans-tm2000-a-solucao-ideal-para-suas-necessidades-logisticas\/\",\"url\":\"https:\/\/nigroequipamentos.com.br\/conteudo\/transpaleteira-com-balanca-paletrans-tm2000-a-solucao-ideal-para-suas-necessidades-logisticas\/\",\"name\":\"Transpaleteira com Balan\u00e7a Paletrans TM2000: Efici\u00eancia e Precis\u00e3o na Log\u00edstica\",\"isPartOf\":{\"@id\":\"https:\/\/nigroequipamentos.com.br\/conteudo\/#website\"},\"datePublished\":\"2026-03-08T06:45:53+00:00\",\"dateModified\":\"2026-03-08T06:45:53+00:00\",\"description\":\"Conhe\u00e7a a Transpaleteira com balan\u00e7a Paletrans TM2000 e suas vantagens para opera\u00e7\u00f5es log\u00edsticas. A Nigro Equipamentos \u00e9 a melhor escolha para compra e loca\u00e7\u00e3o.\",\"breadcrumb\":{\"@id\":\"https:\/\/nigroequipamentos.com.br\/conteudo\/transpaleteira-com-balanca-paletrans-tm2000-a-solucao-ideal-para-suas-necessidades-logisticas\/#breadcrumb\"},\"inLanguage\":\"pt-BR\",\"potentialAction\":[{\"@type\":\"ReadAction\",\"target\":[\"https:\/\/nigroequipamentos.com.br\/conteudo\/transpaleteira-com-balanca-paletrans-tm2000-a-solucao-ideal-para-suas-necessidades-logisticas\/\"]}]},{\"@type\":\"BreadcrumbList\",\"@id\":\"https:\/\/nigroequipamentos.com.br\/conteudo\/transpaleteira-com-balanca-paletrans-tm2000-a-solucao-ideal-para-suas-necessidades-logisticas\/#breadcrumb\",\"itemListElement\":[{\"@type\":\"ListItem\",\"position\":1,\"name\":\"In\u00edcio\",\"item\":\"https:\/\/nigroequipamentos.com.br\/conteudo\/\"},{\"@type\":\"ListItem\",\"position\":2,\"name\":\"Transpaleteira com Balan\u00e7a Paletrans TM2000: A Solu\u00e7\u00e3o Ideal para Suas Necessidades Log\u00edsticas\"}]},{\"@type\":\"WebSite\",\"@id\":\"https:\/\/nigroequipamentos.com.br\/conteudo\/#website\",\"url\":\"https:\/\/nigroequipamentos.com.br\/conteudo\/\",\"name\":\"Nigro Equipamentos\",\"description\":\"Loca\u00e7\u00e3o e Vendas\",\"publisher\":{\"@id\":\"https:\/\/nigroequipamentos.com.br\/conteudo\/#organization\"},\"potentialAction\":[{\"@type\":\"SearchAction\",\"target\":{\"@type\":\"EntryPoint\",\"urlTemplate\":\"https:\/\/nigroequipamentos.com.br\/conteudo\/?s={search_term_string}\"},\"query-input\":{\"@type\":\"PropertyValueSpecification\",\"valueRequired\":true,\"valueName\":\"search_term_string\"}}],\"inLanguage\":\"pt-BR\"},{\"@type\":\"Organization\",\"@id\":\"https:\/\/nigroequipamentos.com.br\/conteudo\/#organization\",\"name\":\"Nigro Equipamentos\",\"url\":\"https:\/\/nigroequipamentos.com.br\/conteudo\/\",\"logo\":{\"@type\":\"ImageObject\",\"inLanguage\":\"pt-BR\",\"@id\":\"https:\/\/nigroequipamentos.com.br\/conteudo\/#\/schema\/logo\/image\/\",\"url\":\"https:\/\/nigroequipamentos.com.br\/conteudo\/wp-content\/uploads\/2024\/10\/nigroequipamentos_logo.webp\",\"contentUrl\":\"https:\/\/nigroequipamentos.com.br\/conteudo\/wp-content\/uploads\/2024\/10\/nigroequipamentos_logo.webp\",\"width\":785,\"height\":355,\"caption\":\"Nigro Equipamentos\"},\"image\":{\"@id\":\"https:\/\/nigroequipamentos.com.br\/conteudo\/#\/schema\/logo\/image\/\"},\"sameAs\":[\"https:\/\/www.facebook.com\/nigroequipamentos\",\"https:\/\/www.instagram.com\/nigroequipamentos\/\"]}]}<\/script>\n<!-- \/ Yoast SEO Premium plugin. -->","yoast_head_json":{"title":"Transpaleteira com Balan\u00e7a Paletrans TM2000: Efici\u00eancia e Precis\u00e3o na Log\u00edstica","description":"Conhe\u00e7a a Transpaleteira com balan\u00e7a Paletrans TM2000 e suas vantagens para opera\u00e7\u00f5es log\u00edsticas. A Nigro Equipamentos \u00e9 a melhor escolha para compra e loca\u00e7\u00e3o.","robots":{"index":"index","follow":"follow","max-snippet":"max-snippet:-1","max-image-preview":"max-image-preview:large","max-video-preview":"max-video-preview:-1"},"canonical":"https:\/\/nigroequipamentos.com.br\/conteudo\/transpaleteira-com-balanca-paletrans-tm2000-a-solucao-ideal-para-suas-necessidades-logisticas\/","og_locale":"pt_BR","og_type":"article","og_title":"Transpaleteira com Balan\u00e7a Paletrans TM2000: A Solu\u00e7\u00e3o Ideal para Suas Necessidades Log\u00edsticas","og_description":"Conhe\u00e7a a Transpaleteira com balan\u00e7a Paletrans TM2000 e suas vantagens para opera\u00e7\u00f5es log\u00edsticas. A Nigro Equipamentos \u00e9 a melhor escolha para compra e loca\u00e7\u00e3o.","og_url":"https:\/\/nigroequipamentos.com.br\/conteudo\/transpaleteira-com-balanca-paletrans-tm2000-a-solucao-ideal-para-suas-necessidades-logisticas\/","og_site_name":"Nigro Equipamentos","article_publisher":"https:\/\/www.facebook.com\/nigroequipamentos","twitter_card":"summary_large_image","schema":{"@context":"https:\/\/schema.org","@graph":[{"@type":"WebPage","@id":"https:\/\/nigroequipamentos.com.br\/conteudo\/transpaleteira-com-balanca-paletrans-tm2000-a-solucao-ideal-para-suas-necessidades-logisticas\/","url":"https:\/\/nigroequipamentos.com.br\/conteudo\/transpaleteira-com-balanca-paletrans-tm2000-a-solucao-ideal-para-suas-necessidades-logisticas\/","name":"Transpaleteira com Balan\u00e7a Paletrans TM2000: Efici\u00eancia e Precis\u00e3o na Log\u00edstica","isPartOf":{"@id":"https:\/\/nigroequipamentos.com.br\/conteudo\/#website"},"datePublished":"2026-03-08T06:45:53+00:00","dateModified":"2026-03-08T06:45:53+00:00","description":"Conhe\u00e7a a Transpaleteira com balan\u00e7a Paletrans TM2000 e suas vantagens para opera\u00e7\u00f5es log\u00edsticas. A Nigro Equipamentos \u00e9 a melhor escolha para compra e loca\u00e7\u00e3o.","breadcrumb":{"@id":"https:\/\/nigroequipamentos.com.br\/conteudo\/transpaleteira-com-balanca-paletrans-tm2000-a-solucao-ideal-para-suas-necessidades-logisticas\/#breadcrumb"},"inLanguage":"pt-BR","potentialAction":[{"@type":"ReadAction","target":["https:\/\/nigroequipamentos.com.br\/conteudo\/transpaleteira-com-balanca-paletrans-tm2000-a-solucao-ideal-para-suas-necessidades-logisticas\/"]}]},{"@type":"BreadcrumbList","@id":"https:\/\/nigroequipamentos.com.br\/conteudo\/transpaleteira-com-balanca-paletrans-tm2000-a-solucao-ideal-para-suas-necessidades-logisticas\/#breadcrumb","itemListElement":[{"@type":"ListItem","position":1,"name":"In\u00edcio","item":"https:\/\/nigroequipamentos.com.br\/conteudo\/"},{"@type":"ListItem","position":2,"name":"Transpaleteira com Balan\u00e7a Paletrans TM2000: A Solu\u00e7\u00e3o Ideal para Suas Necessidades Log\u00edsticas"}]},{"@type":"WebSite","@id":"https:\/\/nigroequipamentos.com.br\/conteudo\/#website","url":"https:\/\/nigroequipamentos.com.br\/conteudo\/","name":"Nigro Equipamentos","description":"Loca\u00e7\u00e3o e Vendas","publisher":{"@id":"https:\/\/nigroequipamentos.com.br\/conteudo\/#organization"},"potentialAction":[{"@type":"SearchAction","target":{"@type":"EntryPoint","urlTemplate":"https:\/\/nigroequipamentos.com.br\/conteudo\/?s={search_term_string}"},"query-input":{"@type":"PropertyValueSpecification","valueRequired":true,"valueName":"search_term_string"}}],"inLanguage":"pt-BR"},{"@type":"Organization","@id":"https:\/\/nigroequipamentos.com.br\/conteudo\/#organization","name":"Nigro Equipamentos","url":"https:\/\/nigroequipamentos.com.br\/conteudo\/","logo":{"@type":"ImageObject","inLanguage":"pt-BR","@id":"https:\/\/nigroequipamentos.com.br\/conteudo\/#\/schema\/logo\/image\/","url":"https:\/\/nigroequipamentos.com.br\/conteudo\/wp-content\/uploads\/2024\/10\/nigroequipamentos_logo.webp","contentUrl":"https:\/\/nigroequipamentos.com.br\/conteudo\/wp-content\/uploads\/2024\/10\/nigroequipamentos_logo.webp","width":785,"height":355,"caption":"Nigro Equipamentos"},"image":{"@id":"https:\/\/nigroequipamentos.com.br\/conteudo\/#\/schema\/logo\/image\/"},"sameAs":["https:\/\/www.facebook.com\/nigroequipamentos","https:\/\/www.instagram.com\/nigroequipamentos\/"]}]}},"_links":{"self":[{"href":"https:\/\/nigroequipamentos.com.br\/conteudo\/wp-json\/wp\/v2\/pages\/95126","targetHints":{"allow":["GET"]}}],"collection":[{"href":"https:\/\/nigroequipamentos.com.br\/conteudo\/wp-json\/wp\/v2\/pages"}],"about":[{"href":"https:\/\/nigroequipamentos.com.br\/conteudo\/wp-json\/wp\/v2\/types\/page"}],"author":[{"embeddable":true,"href":"https:\/\/nigroequipamentos.com.br\/conteudo\/wp-json\/wp\/v2\/users\/3"}],"replies":[{"embeddable":true,"href":"https:\/\/nigroequipamentos.com.br\/conteudo\/wp-json\/wp\/v2\/comments?post=95126"}],"version-history":[{"count":0,"href":"https:\/\/nigroequipamentos.com.br\/conteudo\/wp-json\/wp\/v2\/pages\/95126\/revisions"}],"wp:attachment":[{"href":"https:\/\/nigroequipamentos.com.br\/conteudo\/wp-json\/wp\/v2\/media?parent=95126"}],"curies":[{"name":"wp","href":"https:\/\/api.w.org\/{rel}","templated":true}]}}