{"id":90294,"date":"2026-02-10T07:46:03","date_gmt":"2026-02-10T10:46:03","guid":{"rendered":"https:\/\/nigroequipamentos.com.br\/conteudo\/empilhadeira-paletrans-garantia-seguranca-e-confiabilidade-2\/"},"modified":"2026-02-10T07:46:03","modified_gmt":"2026-02-10T10:46:03","slug":"empilhadeira-paletrans-garantia-seguranca-e-confiabilidade-2","status":"publish","type":"page","link":"https:\/\/nigroequipamentos.com.br\/conteudo\/empilhadeira-paletrans-garantia-seguranca-e-confiabilidade-2\/","title":{"rendered":"Empilhadeira Paletrans Garantia: Seguran\u00e7a e Confiabilidade"},"content":{"rendered":"<p>Quando escolhe uma empilhadeira, a garantia \u00e9 um fator fundamental. As empilhadeiras Paletrans garantem n\u00e3o apenas o desempenho superior em suas opera\u00e7\u00f5es, mas tamb\u00e9m a tranquilidade que s\u00f3 uma m\u00e1quina confi\u00e1vel pode oferecer. Com a Nigro Equipamentos, voc\u00ea tem a certeza de adquirir um equipamento que funciona e se mant\u00e9m em \u00f3timas condi\u00e7\u00f5es. A partir do momento que voc\u00ea escolhe a empilhadeira Paletrans, voc\u00ea conta com uma garantia de qualidade que se reflete na sua opera\u00e7\u00e3o di\u00e1ria. A Nigro Equipamentos \u00e9 especialista em fornecer solu\u00e7\u00f5es que garantem efici\u00eancia e produtividade no seu neg\u00f3cio. N\u00e3o comprometa a integridade dos seus processos log\u00edsticos &#8211; escolha a empilhadeira Paletrans e sinta a diferen\u00e7a. Al\u00e9m da qualidade do produto, temos um suporte t\u00e9cnico sempre \u00e0 disposi\u00e7\u00e3o e uma equipe experiente dedicada a atender suas necessidades.<\/p>\n","protected":false},"excerpt":{"rendered":"<p>Quando escolhe uma empilhadeira, a garantia \u00e9 um fator fundamental. As empilhadeiras Paletrans garantem n\u00e3o apenas o desempenho superior em suas opera\u00e7\u00f5es, mas tamb\u00e9m a tranquilidade que s\u00f3 uma m\u00e1quina confi\u00e1vel pode oferecer. Com a Nigro Equipamentos, voc\u00ea tem a certeza de adquirir um equipamento que funciona e se mant\u00e9m em \u00f3timas condi\u00e7\u00f5es. A partir&hellip;&nbsp;<a href=\"https:\/\/nigroequipamentos.com.br\/conteudo\/empilhadeira-paletrans-garantia-seguranca-e-confiabilidade-2\/\" class=\"\" rel=\"bookmark\">Continue a ler &raquo;<span class=\"screen-reader-text\">Empilhadeira Paletrans Garantia: Seguran\u00e7a e Confiabilidade<\/span><\/a><\/p>\n","protected":false},"author":3,"featured_media":0,"parent":0,"menu_order":0,"comment_status":"closed","ping_status":"closed","template":"","meta":{"_acf_changed":false,"_yoast_wpseo_focuskw":"Empilhadeira Paletrans garantia","_yoast_wpseo_title":"Empilhadeira Paletrans Garantia: A Melhor Escolha para Seu Neg\u00f3cio","_yoast_wpseo_metadesc":"Descubra tudo sobre a empilhadeira Paletrans e sua garantia. Explore as vantagens de escolher a Nigro Equipamentos para compra, manuten\u00e7\u00e3o e loca\u00e7\u00e3o.","neve_meta_sidebar":"","neve_meta_container":"","neve_meta_enable_content_width":"","neve_meta_content_width":0,"neve_meta_title_alignment":"","neve_meta_author_avatar":"","neve_post_elements_order":"","neve_meta_disable_header":"","neve_meta_disable_footer":"","neve_meta_disable_title":"","footnotes":""},"class_list":["post-90294","page","type-page","status-publish","hentry"],"acf":{"bloco1title":"Qualidade Superior","bloco1text":"As empilhadeiras Paletrans s\u00e3o projetadas para serem dur\u00e1veis e eficazes em qualquer opera\u00e7\u00e3o.","bloco2title":"Suporte Especializado","bloco2text":"Contamos com uma equipe t\u00e9cnica pronta para oferecer manuten\u00e7\u00e3o e suporte \u00e0s suas empilhadeiras.","bloco3title":"Efici\u00eancia Garantida","bloco3text":"Uma empilhadeira Paletrans aumenta a efici\u00eancia da sua opera\u00e7\u00e3o, tornando os processos mais \u00e1geis e seguros.","posttitle":"Tudo que Voc\u00ea Precisa Saber Sobre Empilhadeira Paletrans e sua Garantia","postcontent":"<strong>A import\u00e2ncia da garantia na escolha da empilhadeira Paletrans<\/strong>\n\nA garantia oferecida pela empilhadeira Paletrans \u00e9 um dos fatores mais relevantes na hora da compra. Ela assegura que qualquer eventual problema encontrado ser\u00e1 cuidadosamente solucionado, minimizando paradas na produ\u00e7\u00e3o.\n\nAo optar pela empilhadeira Paletrans, voc\u00ea tamb\u00e9m garante a qualidade e a seguran\u00e7a operativa do seu equipamento. As empilhadeiras da marca s\u00e3o testadas para suportar diferentes condi\u00e7\u00f5es de trabalho, proporcionando um desempenho confi\u00e1vel.\n\nOutro ponto a ser considerado \u00e9 que a Nigro Equipamentos oferece uma equipe de especialistas prontos para fornecer suporte e realizar a manuten\u00e7\u00e3o das empilhadeiras. Isso aumenta ainda mais a confian\u00e7a na escolha pela Paletrans, pois sabemos que a assist\u00eancia est\u00e1 sempre por perto.\n\nA escolha de uma empilhadeira deve ser feita levando em conta a durabilidade e efici\u00eancia, caracter\u00edsticas que a empilhadeira Paletrans garante. Seu investimento se reverte em produtividade e seguran\u00e7a.\n\nSe voc\u00ea procura por qualidade e suporte, a Nigro Equipamentos \u00e9 a melhor op\u00e7\u00e3o para compra, manuten\u00e7\u00e3o e loca\u00e7\u00e3o de empilhadeiras Paletrans. N\u00e3o perca tempo, entre em contato agora mesmo e garanta seu equipamento com a melhor garantia do mercado.","insightwidtitle":"Curiosidades sobre empilhadeiras","insightwidcontent":"Voc\u00ea sabia que a primeira empilhadeira foi criada em 1917? Desde ent\u00e3o, as inova\u00e7\u00f5es v\u00eam tornando os equipamentos mais eficientes. A empilhadeira Paletrans, por exemplo, faz uso de tecnologias avan\u00e7adas para otimizar processos e garantir uma opera\u00e7\u00e3o segura. Com a Nigro Equipamentos, voc\u00ea tem acesso a esse tipo de inova\u00e7\u00e3o e \u00e0 garantia que acompanha cada equipamento."},"yoast_head":"<!-- This site is optimized with the Yoast SEO Premium plugin v18.3 (Yoast SEO v23.4) - https:\/\/yoast.com\/wordpress\/plugins\/seo\/ -->\n<title>Empilhadeira Paletrans Garantia: A Melhor Escolha para Seu Neg\u00f3cio<\/title>\n<meta name=\"description\" content=\"Descubra tudo sobre a empilhadeira Paletrans e sua garantia. Explore as vantagens de escolher a Nigro Equipamentos para compra, manuten\u00e7\u00e3o e loca\u00e7\u00e3o.\" \/>\n<meta name=\"robots\" content=\"index, follow, max-snippet:-1, max-image-preview:large, max-video-preview:-1\" \/>\n<link rel=\"canonical\" href=\"https:\/\/nigroequipamentos.com.br\/conteudo\/empilhadeira-paletrans-garantia-seguranca-e-confiabilidade-2\/\" \/>\n<meta property=\"og:locale\" content=\"pt_BR\" \/>\n<meta property=\"og:type\" content=\"article\" \/>\n<meta property=\"og:title\" content=\"Empilhadeira Paletrans Garantia: Seguran\u00e7a e Confiabilidade\" \/>\n<meta property=\"og:description\" content=\"Descubra tudo sobre a empilhadeira Paletrans e sua garantia. Explore as vantagens de escolher a Nigro Equipamentos para compra, manuten\u00e7\u00e3o e loca\u00e7\u00e3o.\" \/>\n<meta property=\"og:url\" content=\"https:\/\/nigroequipamentos.com.br\/conteudo\/empilhadeira-paletrans-garantia-seguranca-e-confiabilidade-2\/\" \/>\n<meta property=\"og:site_name\" content=\"Nigro Equipamentos\" \/>\n<meta property=\"article:publisher\" content=\"https:\/\/www.facebook.com\/nigroequipamentos\" \/>\n<meta name=\"twitter:card\" content=\"summary_large_image\" \/>\n<meta name=\"twitter:label1\" content=\"Est. tempo de leitura\" \/>\n\t<meta name=\"twitter:data1\" content=\"1 minuto\" \/>\n<script type=\"application\/ld+json\" class=\"yoast-schema-graph\">{\"@context\":\"https:\/\/schema.org\",\"@graph\":[{\"@type\":\"WebPage\",\"@id\":\"https:\/\/nigroequipamentos.com.br\/conteudo\/empilhadeira-paletrans-garantia-seguranca-e-confiabilidade-2\/\",\"url\":\"https:\/\/nigroequipamentos.com.br\/conteudo\/empilhadeira-paletrans-garantia-seguranca-e-confiabilidade-2\/\",\"name\":\"Empilhadeira Paletrans Garantia: A Melhor Escolha para Seu Neg\u00f3cio\",\"isPartOf\":{\"@id\":\"https:\/\/nigroequipamentos.com.br\/conteudo\/#website\"},\"datePublished\":\"2026-02-10T10:46:03+00:00\",\"dateModified\":\"2026-02-10T10:46:03+00:00\",\"description\":\"Descubra tudo sobre a empilhadeira Paletrans e sua garantia. Explore as vantagens de escolher a Nigro Equipamentos para compra, manuten\u00e7\u00e3o e loca\u00e7\u00e3o.\",\"breadcrumb\":{\"@id\":\"https:\/\/nigroequipamentos.com.br\/conteudo\/empilhadeira-paletrans-garantia-seguranca-e-confiabilidade-2\/#breadcrumb\"},\"inLanguage\":\"pt-BR\",\"potentialAction\":[{\"@type\":\"ReadAction\",\"target\":[\"https:\/\/nigroequipamentos.com.br\/conteudo\/empilhadeira-paletrans-garantia-seguranca-e-confiabilidade-2\/\"]}]},{\"@type\":\"BreadcrumbList\",\"@id\":\"https:\/\/nigroequipamentos.com.br\/conteudo\/empilhadeira-paletrans-garantia-seguranca-e-confiabilidade-2\/#breadcrumb\",\"itemListElement\":[{\"@type\":\"ListItem\",\"position\":1,\"name\":\"In\u00edcio\",\"item\":\"https:\/\/nigroequipamentos.com.br\/conteudo\/\"},{\"@type\":\"ListItem\",\"position\":2,\"name\":\"Empilhadeira Paletrans Garantia: Seguran\u00e7a e Confiabilidade\"}]},{\"@type\":\"WebSite\",\"@id\":\"https:\/\/nigroequipamentos.com.br\/conteudo\/#website\",\"url\":\"https:\/\/nigroequipamentos.com.br\/conteudo\/\",\"name\":\"Nigro Equipamentos\",\"description\":\"Loca\u00e7\u00e3o e Vendas\",\"publisher\":{\"@id\":\"https:\/\/nigroequipamentos.com.br\/conteudo\/#organization\"},\"potentialAction\":[{\"@type\":\"SearchAction\",\"target\":{\"@type\":\"EntryPoint\",\"urlTemplate\":\"https:\/\/nigroequipamentos.com.br\/conteudo\/?s={search_term_string}\"},\"query-input\":{\"@type\":\"PropertyValueSpecification\",\"valueRequired\":true,\"valueName\":\"search_term_string\"}}],\"inLanguage\":\"pt-BR\"},{\"@type\":\"Organization\",\"@id\":\"https:\/\/nigroequipamentos.com.br\/conteudo\/#organization\",\"name\":\"Nigro Equipamentos\",\"url\":\"https:\/\/nigroequipamentos.com.br\/conteudo\/\",\"logo\":{\"@type\":\"ImageObject\",\"inLanguage\":\"pt-BR\",\"@id\":\"https:\/\/nigroequipamentos.com.br\/conteudo\/#\/schema\/logo\/image\/\",\"url\":\"https:\/\/nigroequipamentos.com.br\/conteudo\/wp-content\/uploads\/2024\/10\/nigroequipamentos_logo.webp\",\"contentUrl\":\"https:\/\/nigroequipamentos.com.br\/conteudo\/wp-content\/uploads\/2024\/10\/nigroequipamentos_logo.webp\",\"width\":785,\"height\":355,\"caption\":\"Nigro Equipamentos\"},\"image\":{\"@id\":\"https:\/\/nigroequipamentos.com.br\/conteudo\/#\/schema\/logo\/image\/\"},\"sameAs\":[\"https:\/\/www.facebook.com\/nigroequipamentos\",\"https:\/\/www.instagram.com\/nigroequipamentos\/\"]}]}<\/script>\n<!-- \/ Yoast SEO Premium plugin. -->","yoast_head_json":{"title":"Empilhadeira Paletrans Garantia: A Melhor Escolha para Seu Neg\u00f3cio","description":"Descubra tudo sobre a empilhadeira Paletrans e sua garantia. Explore as vantagens de escolher a Nigro Equipamentos para compra, manuten\u00e7\u00e3o e loca\u00e7\u00e3o.","robots":{"index":"index","follow":"follow","max-snippet":"max-snippet:-1","max-image-preview":"max-image-preview:large","max-video-preview":"max-video-preview:-1"},"canonical":"https:\/\/nigroequipamentos.com.br\/conteudo\/empilhadeira-paletrans-garantia-seguranca-e-confiabilidade-2\/","og_locale":"pt_BR","og_type":"article","og_title":"Empilhadeira Paletrans Garantia: Seguran\u00e7a e Confiabilidade","og_description":"Descubra tudo sobre a empilhadeira Paletrans e sua garantia. Explore as vantagens de escolher a Nigro Equipamentos para compra, manuten\u00e7\u00e3o e loca\u00e7\u00e3o.","og_url":"https:\/\/nigroequipamentos.com.br\/conteudo\/empilhadeira-paletrans-garantia-seguranca-e-confiabilidade-2\/","og_site_name":"Nigro Equipamentos","article_publisher":"https:\/\/www.facebook.com\/nigroequipamentos","twitter_card":"summary_large_image","twitter_misc":{"Est. tempo de leitura":"1 minuto"},"schema":{"@context":"https:\/\/schema.org","@graph":[{"@type":"WebPage","@id":"https:\/\/nigroequipamentos.com.br\/conteudo\/empilhadeira-paletrans-garantia-seguranca-e-confiabilidade-2\/","url":"https:\/\/nigroequipamentos.com.br\/conteudo\/empilhadeira-paletrans-garantia-seguranca-e-confiabilidade-2\/","name":"Empilhadeira Paletrans Garantia: A Melhor Escolha para Seu Neg\u00f3cio","isPartOf":{"@id":"https:\/\/nigroequipamentos.com.br\/conteudo\/#website"},"datePublished":"2026-02-10T10:46:03+00:00","dateModified":"2026-02-10T10:46:03+00:00","description":"Descubra tudo sobre a empilhadeira Paletrans e sua garantia. Explore as vantagens de escolher a Nigro Equipamentos para compra, manuten\u00e7\u00e3o e loca\u00e7\u00e3o.","breadcrumb":{"@id":"https:\/\/nigroequipamentos.com.br\/conteudo\/empilhadeira-paletrans-garantia-seguranca-e-confiabilidade-2\/#breadcrumb"},"inLanguage":"pt-BR","potentialAction":[{"@type":"ReadAction","target":["https:\/\/nigroequipamentos.com.br\/conteudo\/empilhadeira-paletrans-garantia-seguranca-e-confiabilidade-2\/"]}]},{"@type":"BreadcrumbList","@id":"https:\/\/nigroequipamentos.com.br\/conteudo\/empilhadeira-paletrans-garantia-seguranca-e-confiabilidade-2\/#breadcrumb","itemListElement":[{"@type":"ListItem","position":1,"name":"In\u00edcio","item":"https:\/\/nigroequipamentos.com.br\/conteudo\/"},{"@type":"ListItem","position":2,"name":"Empilhadeira Paletrans Garantia: Seguran\u00e7a e Confiabilidade"}]},{"@type":"WebSite","@id":"https:\/\/nigroequipamentos.com.br\/conteudo\/#website","url":"https:\/\/nigroequipamentos.com.br\/conteudo\/","name":"Nigro Equipamentos","description":"Loca\u00e7\u00e3o e Vendas","publisher":{"@id":"https:\/\/nigroequipamentos.com.br\/conteudo\/#organization"},"potentialAction":[{"@type":"SearchAction","target":{"@type":"EntryPoint","urlTemplate":"https:\/\/nigroequipamentos.com.br\/conteudo\/?s={search_term_string}"},"query-input":{"@type":"PropertyValueSpecification","valueRequired":true,"valueName":"search_term_string"}}],"inLanguage":"pt-BR"},{"@type":"Organization","@id":"https:\/\/nigroequipamentos.com.br\/conteudo\/#organization","name":"Nigro Equipamentos","url":"https:\/\/nigroequipamentos.com.br\/conteudo\/","logo":{"@type":"ImageObject","inLanguage":"pt-BR","@id":"https:\/\/nigroequipamentos.com.br\/conteudo\/#\/schema\/logo\/image\/","url":"https:\/\/nigroequipamentos.com.br\/conteudo\/wp-content\/uploads\/2024\/10\/nigroequipamentos_logo.webp","contentUrl":"https:\/\/nigroequipamentos.com.br\/conteudo\/wp-content\/uploads\/2024\/10\/nigroequipamentos_logo.webp","width":785,"height":355,"caption":"Nigro Equipamentos"},"image":{"@id":"https:\/\/nigroequipamentos.com.br\/conteudo\/#\/schema\/logo\/image\/"},"sameAs":["https:\/\/www.facebook.com\/nigroequipamentos","https:\/\/www.instagram.com\/nigroequipamentos\/"]}]}},"_links":{"self":[{"href":"https:\/\/nigroequipamentos.com.br\/conteudo\/wp-json\/wp\/v2\/pages\/90294","targetHints":{"allow":["GET"]}}],"collection":[{"href":"https:\/\/nigroequipamentos.com.br\/conteudo\/wp-json\/wp\/v2\/pages"}],"about":[{"href":"https:\/\/nigroequipamentos.com.br\/conteudo\/wp-json\/wp\/v2\/types\/page"}],"author":[{"embeddable":true,"href":"https:\/\/nigroequipamentos.com.br\/conteudo\/wp-json\/wp\/v2\/users\/3"}],"replies":[{"embeddable":true,"href":"https:\/\/nigroequipamentos.com.br\/conteudo\/wp-json\/wp\/v2\/comments?post=90294"}],"version-history":[{"count":0,"href":"https:\/\/nigroequipamentos.com.br\/conteudo\/wp-json\/wp\/v2\/pages\/90294\/revisions"}],"wp:attachment":[{"href":"https:\/\/nigroequipamentos.com.br\/conteudo\/wp-json\/wp\/v2\/media?parent=90294"}],"curies":[{"name":"wp","href":"https:\/\/api.w.org\/{rel}","templated":true}]}}