{"id":82202,"date":"2026-01-03T16:46:10","date_gmt":"2026-01-03T19:46:10","guid":{"rendered":"https:\/\/nigroequipamentos.com.br\/conteudo\/descubra-a-qualidade-da-empilhadeira-paletrans-fabricante-4\/"},"modified":"2026-01-03T16:46:10","modified_gmt":"2026-01-03T19:46:10","slug":"descubra-a-qualidade-da-empilhadeira-paletrans-fabricante-4","status":"publish","type":"page","link":"https:\/\/nigroequipamentos.com.br\/conteudo\/descubra-a-qualidade-da-empilhadeira-paletrans-fabricante-4\/","title":{"rendered":"Descubra a Qualidade da Empilhadeira Paletrans Fabricante"},"content":{"rendered":"<p>Quando se trata de efici\u00eancia e desempenho em movimenta\u00e7\u00e3o de cargas, a Empilhadeira Paletrans Fabricante \u00e9 uma escolha indiscut\u00edvel para o seu neg\u00f3cio. Com a Nigro Equipamentos, voc\u00ea encontra toda a expertise no fornecimento, manuten\u00e7\u00e3o e loca\u00e7\u00e3o das melhores empilhadeiras do mercado. Aplique a tecnologia de ponta e a robustez das m\u00e1quinas Paletrans para otimizar suas opera\u00e7\u00f5es. Saiba como a Nigro Equipamentos pode transformar o seu cotidiano operacional com as empilhadeiras Paletrans, conhecidas pela sua durabilidade e efici\u00eancia. Neg\u00f3cios de todos os tamanhos podem contar com a qualidade inigual\u00e1vel da Empilhadeira Paletrans Fabricante. Aalta performance, seguran\u00e7a e atendimento especializado s\u00e3o apenas algumas das raz\u00f5es para escolher a Nigro Equipamentos como seu parceiro de confian\u00e7a. Compre sua empilhadeira Paletrans hoje mesmo e experimente a diferen\u00e7a no seu dia a dia. Seja na compra, manuten\u00e7\u00e3o ou loca\u00e7\u00e3o, a Nigro Equipamentos \u00e9 a melhor op\u00e7\u00e3o em empilhadeiras Paletrans.<\/p>\n","protected":false},"excerpt":{"rendered":"<p>Quando se trata de efici\u00eancia e desempenho em movimenta\u00e7\u00e3o de cargas, a Empilhadeira Paletrans Fabricante \u00e9 uma escolha indiscut\u00edvel para o seu neg\u00f3cio. Com a Nigro Equipamentos, voc\u00ea encontra toda a expertise no fornecimento, manuten\u00e7\u00e3o e loca\u00e7\u00e3o das melhores empilhadeiras do mercado. Aplique a tecnologia de ponta e a robustez das m\u00e1quinas Paletrans para otimizar&hellip;&nbsp;<a href=\"https:\/\/nigroequipamentos.com.br\/conteudo\/descubra-a-qualidade-da-empilhadeira-paletrans-fabricante-4\/\" class=\"\" rel=\"bookmark\">Continue a ler &raquo;<span class=\"screen-reader-text\">Descubra a Qualidade da Empilhadeira Paletrans Fabricante<\/span><\/a><\/p>\n","protected":false},"author":3,"featured_media":0,"parent":0,"menu_order":0,"comment_status":"closed","ping_status":"closed","template":"","meta":{"_acf_changed":false,"_yoast_wpseo_focuskw":"Empilhadeira Paletrans fabricante","_yoast_wpseo_title":"Nigro Equipamentos: Empilhadeira Paletrans Fabricante","_yoast_wpseo_metadesc":"Conhe\u00e7a a Nigro Equipamentos, a melhor escolha para a compra, manuten\u00e7\u00e3o e loca\u00e7\u00e3o da empilhadeira Paletrans fabricante.","neve_meta_sidebar":"","neve_meta_container":"","neve_meta_enable_content_width":"","neve_meta_content_width":0,"neve_meta_title_alignment":"","neve_meta_author_avatar":"","neve_post_elements_order":"","neve_meta_disable_header":"","neve_meta_disable_footer":"","neve_meta_disable_title":"","footnotes":""},"class_list":["post-82202","page","type-page","status-publish","hentry"],"acf":{"bloco1title":"Qualidade Garantida","bloco1text":"A Nigro Equipamentos \u00e9 sin\u00f4nimo de qualidade e confiabilidade, oferecendo apenas empilhadeiras Paletrans de alto desempenho.","bloco2title":"Suporte Especializado","bloco2text":"Conta com uma equipe de especialistas prontos para atender \u00e0s suas necessidades na escolha da empilhadeira Paletrans.","bloco3title":"Efici\u00eancia Energ\u00e9tica","bloco3text":"As empilhadeiras Paletrans s\u00e3o projetadas para maximizar efici\u00eancia energ\u00e9tica, reduzindo custos operacionais de sua empresa.","posttitle":"Empilhadeira Paletrans Fabricante: A Solu\u00e7\u00e3o Para Sua Log\u00edstica","postcontent":"<strong>Empilhadeira Paletrans Fabricante: Energia e Efici\u00eancia<\/strong> \nA aquisi\u00e7\u00e3o de uma empilhadeira Paletrans fabricante \u00e9 uma estrat\u00e9gia inteligente para empresas que buscam otimizar a movimenta\u00e7\u00e3o de cargas. Com a Nigro Equipamentos, voc\u00ea tem acesso \u00e0s melhores escolhas no mercado. \n\nAs empilhadeiras Paletrans se destacam pela robustez e tecnologia, tornando-as ideais para diversos setores. A Nigro n\u00e3o s\u00f3 disponibiliza a compra, como tamb\u00e9m oferece aluguel e manuten\u00e7\u00e3o especializada. \n\nPor que escolher uma empilhadeira Paletrans? Sua durabilidade e efic\u00e1cia s\u00e3o testadas em ambientes industriais, garantindo entrega e efici\u00eancia que fazem a diferen\u00e7a. \n\nCom servi\u00e7os de manuten\u00e7\u00e3o preventiva e corretiva, a Nigro Equipamentos garante que sua empilhadeira Paletrans esteja sempre em perfeito estado. Ao optar pela Nigro, voc\u00ea est\u00e1 optando por qualidade e confian\u00e7a. \n\nQuando se trata de loca\u00e7\u00e3o, a flexibilidade e agilidade da Nigro Equipamentos se ajustam perfeitamente \u00e0s suas demandas. Potencialize suas opera\u00e7\u00f5es log\u00edsticas com a empilhadeira Paletrans e leve seu neg\u00f3cio para o pr\u00f3ximo n\u00edvel.","insightwidtitle":"Curiosidades sobre Empilhadeiras","insightwidcontent":"Voc\u00ea sabia que as empilhadeiras Paletrans s\u00e3o conhecidas por sua longa vida \u00fatil e baixa necessidade de manuten\u00e7\u00e3o? Isso as torna ideais para empresas que buscam reduzir custos operacionais. Al\u00e9m disso, a Nigro Equipamentos oferece op\u00e7\u00f5es customizadas para atender a diferentes necessidades e segmentos de mercado. Fique por dentro das novidades e inova\u00e7\u00f5es no mundo das empilhadeiras e descubra como a Nigro pode ser a solu\u00e7\u00e3o perfeita para sua empresa."},"yoast_head":"<!-- This site is optimized with the Yoast SEO Premium plugin v18.3 (Yoast SEO v23.4) - https:\/\/yoast.com\/wordpress\/plugins\/seo\/ -->\n<title>Nigro Equipamentos: Empilhadeira Paletrans Fabricante<\/title>\n<meta name=\"description\" content=\"Conhe\u00e7a a Nigro Equipamentos, a melhor escolha para a compra, manuten\u00e7\u00e3o e loca\u00e7\u00e3o da empilhadeira Paletrans fabricante.\" \/>\n<meta name=\"robots\" content=\"index, follow, max-snippet:-1, max-image-preview:large, max-video-preview:-1\" \/>\n<link rel=\"canonical\" href=\"https:\/\/nigroequipamentos.com.br\/conteudo\/descubra-a-qualidade-da-empilhadeira-paletrans-fabricante-4\/\" \/>\n<meta property=\"og:locale\" content=\"pt_BR\" \/>\n<meta property=\"og:type\" content=\"article\" \/>\n<meta property=\"og:title\" content=\"Descubra a Qualidade da Empilhadeira Paletrans Fabricante\" \/>\n<meta property=\"og:description\" content=\"Conhe\u00e7a a Nigro Equipamentos, a melhor escolha para a compra, manuten\u00e7\u00e3o e loca\u00e7\u00e3o da empilhadeira Paletrans fabricante.\" \/>\n<meta property=\"og:url\" content=\"https:\/\/nigroequipamentos.com.br\/conteudo\/descubra-a-qualidade-da-empilhadeira-paletrans-fabricante-4\/\" \/>\n<meta property=\"og:site_name\" content=\"Nigro Equipamentos\" \/>\n<meta property=\"article:publisher\" content=\"https:\/\/www.facebook.com\/nigroequipamentos\" \/>\n<meta name=\"twitter:card\" content=\"summary_large_image\" \/>\n<meta name=\"twitter:label1\" content=\"Est. tempo de leitura\" \/>\n\t<meta name=\"twitter:data1\" content=\"1 minuto\" \/>\n<script type=\"application\/ld+json\" class=\"yoast-schema-graph\">{\"@context\":\"https:\/\/schema.org\",\"@graph\":[{\"@type\":\"WebPage\",\"@id\":\"https:\/\/nigroequipamentos.com.br\/conteudo\/descubra-a-qualidade-da-empilhadeira-paletrans-fabricante-4\/\",\"url\":\"https:\/\/nigroequipamentos.com.br\/conteudo\/descubra-a-qualidade-da-empilhadeira-paletrans-fabricante-4\/\",\"name\":\"Nigro Equipamentos: Empilhadeira Paletrans Fabricante\",\"isPartOf\":{\"@id\":\"https:\/\/nigroequipamentos.com.br\/conteudo\/#website\"},\"datePublished\":\"2026-01-03T19:46:10+00:00\",\"dateModified\":\"2026-01-03T19:46:10+00:00\",\"description\":\"Conhe\u00e7a a Nigro Equipamentos, a melhor escolha para a compra, manuten\u00e7\u00e3o e loca\u00e7\u00e3o da empilhadeira Paletrans fabricante.\",\"breadcrumb\":{\"@id\":\"https:\/\/nigroequipamentos.com.br\/conteudo\/descubra-a-qualidade-da-empilhadeira-paletrans-fabricante-4\/#breadcrumb\"},\"inLanguage\":\"pt-BR\",\"potentialAction\":[{\"@type\":\"ReadAction\",\"target\":[\"https:\/\/nigroequipamentos.com.br\/conteudo\/descubra-a-qualidade-da-empilhadeira-paletrans-fabricante-4\/\"]}]},{\"@type\":\"BreadcrumbList\",\"@id\":\"https:\/\/nigroequipamentos.com.br\/conteudo\/descubra-a-qualidade-da-empilhadeira-paletrans-fabricante-4\/#breadcrumb\",\"itemListElement\":[{\"@type\":\"ListItem\",\"position\":1,\"name\":\"In\u00edcio\",\"item\":\"https:\/\/nigroequipamentos.com.br\/conteudo\/\"},{\"@type\":\"ListItem\",\"position\":2,\"name\":\"Descubra a Qualidade da Empilhadeira Paletrans Fabricante\"}]},{\"@type\":\"WebSite\",\"@id\":\"https:\/\/nigroequipamentos.com.br\/conteudo\/#website\",\"url\":\"https:\/\/nigroequipamentos.com.br\/conteudo\/\",\"name\":\"Nigro Equipamentos\",\"description\":\"Loca\u00e7\u00e3o e Vendas\",\"publisher\":{\"@id\":\"https:\/\/nigroequipamentos.com.br\/conteudo\/#organization\"},\"potentialAction\":[{\"@type\":\"SearchAction\",\"target\":{\"@type\":\"EntryPoint\",\"urlTemplate\":\"https:\/\/nigroequipamentos.com.br\/conteudo\/?s={search_term_string}\"},\"query-input\":{\"@type\":\"PropertyValueSpecification\",\"valueRequired\":true,\"valueName\":\"search_term_string\"}}],\"inLanguage\":\"pt-BR\"},{\"@type\":\"Organization\",\"@id\":\"https:\/\/nigroequipamentos.com.br\/conteudo\/#organization\",\"name\":\"Nigro Equipamentos\",\"url\":\"https:\/\/nigroequipamentos.com.br\/conteudo\/\",\"logo\":{\"@type\":\"ImageObject\",\"inLanguage\":\"pt-BR\",\"@id\":\"https:\/\/nigroequipamentos.com.br\/conteudo\/#\/schema\/logo\/image\/\",\"url\":\"https:\/\/nigroequipamentos.com.br\/conteudo\/wp-content\/uploads\/2024\/10\/nigroequipamentos_logo.webp\",\"contentUrl\":\"https:\/\/nigroequipamentos.com.br\/conteudo\/wp-content\/uploads\/2024\/10\/nigroequipamentos_logo.webp\",\"width\":785,\"height\":355,\"caption\":\"Nigro Equipamentos\"},\"image\":{\"@id\":\"https:\/\/nigroequipamentos.com.br\/conteudo\/#\/schema\/logo\/image\/\"},\"sameAs\":[\"https:\/\/www.facebook.com\/nigroequipamentos\",\"https:\/\/www.instagram.com\/nigroequipamentos\/\"]}]}<\/script>\n<!-- \/ Yoast SEO Premium plugin. -->","yoast_head_json":{"title":"Nigro Equipamentos: Empilhadeira Paletrans Fabricante","description":"Conhe\u00e7a a Nigro Equipamentos, a melhor escolha para a compra, manuten\u00e7\u00e3o e loca\u00e7\u00e3o da empilhadeira Paletrans fabricante.","robots":{"index":"index","follow":"follow","max-snippet":"max-snippet:-1","max-image-preview":"max-image-preview:large","max-video-preview":"max-video-preview:-1"},"canonical":"https:\/\/nigroequipamentos.com.br\/conteudo\/descubra-a-qualidade-da-empilhadeira-paletrans-fabricante-4\/","og_locale":"pt_BR","og_type":"article","og_title":"Descubra a Qualidade da Empilhadeira Paletrans Fabricante","og_description":"Conhe\u00e7a a Nigro Equipamentos, a melhor escolha para a compra, manuten\u00e7\u00e3o e loca\u00e7\u00e3o da empilhadeira Paletrans fabricante.","og_url":"https:\/\/nigroequipamentos.com.br\/conteudo\/descubra-a-qualidade-da-empilhadeira-paletrans-fabricante-4\/","og_site_name":"Nigro Equipamentos","article_publisher":"https:\/\/www.facebook.com\/nigroequipamentos","twitter_card":"summary_large_image","twitter_misc":{"Est. tempo de leitura":"1 minuto"},"schema":{"@context":"https:\/\/schema.org","@graph":[{"@type":"WebPage","@id":"https:\/\/nigroequipamentos.com.br\/conteudo\/descubra-a-qualidade-da-empilhadeira-paletrans-fabricante-4\/","url":"https:\/\/nigroequipamentos.com.br\/conteudo\/descubra-a-qualidade-da-empilhadeira-paletrans-fabricante-4\/","name":"Nigro Equipamentos: Empilhadeira Paletrans Fabricante","isPartOf":{"@id":"https:\/\/nigroequipamentos.com.br\/conteudo\/#website"},"datePublished":"2026-01-03T19:46:10+00:00","dateModified":"2026-01-03T19:46:10+00:00","description":"Conhe\u00e7a a Nigro Equipamentos, a melhor escolha para a compra, manuten\u00e7\u00e3o e loca\u00e7\u00e3o da empilhadeira Paletrans fabricante.","breadcrumb":{"@id":"https:\/\/nigroequipamentos.com.br\/conteudo\/descubra-a-qualidade-da-empilhadeira-paletrans-fabricante-4\/#breadcrumb"},"inLanguage":"pt-BR","potentialAction":[{"@type":"ReadAction","target":["https:\/\/nigroequipamentos.com.br\/conteudo\/descubra-a-qualidade-da-empilhadeira-paletrans-fabricante-4\/"]}]},{"@type":"BreadcrumbList","@id":"https:\/\/nigroequipamentos.com.br\/conteudo\/descubra-a-qualidade-da-empilhadeira-paletrans-fabricante-4\/#breadcrumb","itemListElement":[{"@type":"ListItem","position":1,"name":"In\u00edcio","item":"https:\/\/nigroequipamentos.com.br\/conteudo\/"},{"@type":"ListItem","position":2,"name":"Descubra a Qualidade da Empilhadeira Paletrans Fabricante"}]},{"@type":"WebSite","@id":"https:\/\/nigroequipamentos.com.br\/conteudo\/#website","url":"https:\/\/nigroequipamentos.com.br\/conteudo\/","name":"Nigro Equipamentos","description":"Loca\u00e7\u00e3o e Vendas","publisher":{"@id":"https:\/\/nigroequipamentos.com.br\/conteudo\/#organization"},"potentialAction":[{"@type":"SearchAction","target":{"@type":"EntryPoint","urlTemplate":"https:\/\/nigroequipamentos.com.br\/conteudo\/?s={search_term_string}"},"query-input":{"@type":"PropertyValueSpecification","valueRequired":true,"valueName":"search_term_string"}}],"inLanguage":"pt-BR"},{"@type":"Organization","@id":"https:\/\/nigroequipamentos.com.br\/conteudo\/#organization","name":"Nigro Equipamentos","url":"https:\/\/nigroequipamentos.com.br\/conteudo\/","logo":{"@type":"ImageObject","inLanguage":"pt-BR","@id":"https:\/\/nigroequipamentos.com.br\/conteudo\/#\/schema\/logo\/image\/","url":"https:\/\/nigroequipamentos.com.br\/conteudo\/wp-content\/uploads\/2024\/10\/nigroequipamentos_logo.webp","contentUrl":"https:\/\/nigroequipamentos.com.br\/conteudo\/wp-content\/uploads\/2024\/10\/nigroequipamentos_logo.webp","width":785,"height":355,"caption":"Nigro Equipamentos"},"image":{"@id":"https:\/\/nigroequipamentos.com.br\/conteudo\/#\/schema\/logo\/image\/"},"sameAs":["https:\/\/www.facebook.com\/nigroequipamentos","https:\/\/www.instagram.com\/nigroequipamentos\/"]}]}},"_links":{"self":[{"href":"https:\/\/nigroequipamentos.com.br\/conteudo\/wp-json\/wp\/v2\/pages\/82202","targetHints":{"allow":["GET"]}}],"collection":[{"href":"https:\/\/nigroequipamentos.com.br\/conteudo\/wp-json\/wp\/v2\/pages"}],"about":[{"href":"https:\/\/nigroequipamentos.com.br\/conteudo\/wp-json\/wp\/v2\/types\/page"}],"author":[{"embeddable":true,"href":"https:\/\/nigroequipamentos.com.br\/conteudo\/wp-json\/wp\/v2\/users\/3"}],"replies":[{"embeddable":true,"href":"https:\/\/nigroequipamentos.com.br\/conteudo\/wp-json\/wp\/v2\/comments?post=82202"}],"version-history":[{"count":0,"href":"https:\/\/nigroequipamentos.com.br\/conteudo\/wp-json\/wp\/v2\/pages\/82202\/revisions"}],"wp:attachment":[{"href":"https:\/\/nigroequipamentos.com.br\/conteudo\/wp-json\/wp\/v2\/media?parent=82202"}],"curies":[{"name":"wp","href":"https:\/\/api.w.org\/{rel}","templated":true}]}}