{"id":80072,"date":"2025-12-24T19:01:05","date_gmt":"2025-12-24T22:01:05","guid":{"rendered":"https:\/\/nigroequipamentos.com.br\/conteudo\/empilhadeira-paletrans-solucoes-em-movimentacao-de-carga\/"},"modified":"2025-12-24T19:01:05","modified_gmt":"2025-12-24T22:01:05","slug":"empilhadeira-paletrans-solucoes-em-movimentacao-de-carga","status":"publish","type":"page","link":"https:\/\/nigroequipamentos.com.br\/conteudo\/empilhadeira-paletrans-solucoes-em-movimentacao-de-carga\/","title":{"rendered":"Empilhadeira Paletrans: Solu\u00e7\u00f5es em Movimenta\u00e7\u00e3o de Carga"},"content":{"rendered":"<p>A Nigro Equipamentos se destaca no mercado com seus servi\u00e7os de Empilhadeira Paletrans, oferecendo qualidade e efici\u00eancia na movimenta\u00e7\u00e3o de cargas. Temos uma equipe especializada, pronta para atender todas as suas necessidades, seja na compra, manuten\u00e7\u00e3o ou loca\u00e7\u00e3o de empilhadeiras Paletrans. Nossa experi\u00eancia e expertise garantem um servi\u00e7o de excel\u00eancia, com pe\u00e7as originais e suporte t\u00e9cnico qualificado. Venha conhecer porque somos a melhor op\u00e7\u00e3o para sua empresa.<\/p>\n","protected":false},"excerpt":{"rendered":"<p>A Nigro Equipamentos se destaca no mercado com seus servi\u00e7os de Empilhadeira Paletrans, oferecendo qualidade e efici\u00eancia na movimenta\u00e7\u00e3o de cargas. Temos uma equipe especializada, pronta para atender todas as suas necessidades, seja na compra, manuten\u00e7\u00e3o ou loca\u00e7\u00e3o de empilhadeiras Paletrans. Nossa experi\u00eancia e expertise garantem um servi\u00e7o de excel\u00eancia, com pe\u00e7as originais e suporte&hellip;&nbsp;<a href=\"https:\/\/nigroequipamentos.com.br\/conteudo\/empilhadeira-paletrans-solucoes-em-movimentacao-de-carga\/\" class=\"\" rel=\"bookmark\">Continue a ler &raquo;<span class=\"screen-reader-text\">Empilhadeira Paletrans: Solu\u00e7\u00f5es em Movimenta\u00e7\u00e3o de Carga<\/span><\/a><\/p>\n","protected":false},"author":3,"featured_media":0,"parent":0,"menu_order":0,"comment_status":"closed","ping_status":"closed","template":"","meta":{"_acf_changed":false,"_yoast_wpseo_focuskw":"Empilhadeira Paletrans servi\u00e7os","_yoast_wpseo_title":"Empilhadeira Paletrans: Servi\u00e7os e Benef\u00edcios da Nigro Equipamentos","_yoast_wpseo_metadesc":"Descubra os melhores servi\u00e7os de Empilhadeira Paletrans oferecidos pela Nigro Equipamentos, sua op\u00e7\u00e3o confi\u00e1vel em compra, manuten\u00e7\u00e3o e loca\u00e7\u00e3o.","neve_meta_sidebar":"","neve_meta_container":"","neve_meta_enable_content_width":"","neve_meta_content_width":0,"neve_meta_title_alignment":"","neve_meta_author_avatar":"","neve_post_elements_order":"","neve_meta_disable_header":"","neve_meta_disable_footer":"","neve_meta_disable_title":"","footnotes":""},"class_list":["post-80072","page","type-page","status-publish","hentry"],"acf":{"bloco1title":"Qualidade Garantida","bloco1text":"Nossas empilhadeiras Paletrans s\u00e3o testadas e aprovadas para garantir m\u00e1xima performance e seguran\u00e7a na sua opera\u00e7\u00e3o.","bloco2title":"Suporte Especializado","bloco2text":"Contamos com uma equipe t\u00e9cnica dispon\u00edvel para manuten\u00e7\u00e3o das empilhadeiras Paletrans, mantendo sua opera\u00e7\u00e3o sempre ativa.","bloco3title":"Inova\u00e7\u00e3o Constante","bloco3text":"As empilhadeiras Paletrans da Nigro est\u00e3o sempre atualizadas com as melhores tecnologias, aumentando a efici\u00eancia operacional de seus usu\u00e1rios.","posttitle":"Os Benef\u00edcios de Usar Empilhadeiras Paletrans","postcontent":"<strong>Empilhadeiras Paletrans: Escolha Inteligente<\/strong>\n\nAs empilhadeiras Paletrans s\u00e3o essenciais para otimizar a movimenta\u00e7\u00e3o de carga em diversos setores. Ao utilizar as empilhadeiras Paletrans da Nigro, voc\u00ea garante produtos de alta qualidade, desenvolvidos para atender as mais exigentes normas de seguran\u00e7a e efici\u00eancia.\n\nAs empilhadeiras Paletrans s\u00e3o projetadas para manobras \u00e1geis e precisas, essenciais em ambientes com espa\u00e7o reduzido. S\u00e3o ideais para transporte e armazenamento de paletes e outros tipos de carga. Na Nigro, nossos servi\u00e7os v\u00e3o al\u00e9m da venda: voc\u00ea pode contar com manuten\u00e7\u00e3o cont\u00ednua e loca\u00e7\u00e3o das empilhadeiras Paletrans, tudo para garantir que sua opera\u00e7\u00e3o nunca pare.\n\nA confiabilidade das empilhadeiras Paletrans da Nigro Equipamentos \u00e9 ineg\u00e1vel; temos um hist\u00f3rico de sucesso que comprova a satisfa\u00e7\u00e3o de nossos clientes. Nossa equipe de especialistas est\u00e1 sempre prontamente dispon\u00edvel para solucionar qualquer d\u00favida ou necessidade de manuten\u00e7\u00e3o.\n\nAcreditamos que a seguran\u00e7a e a efici\u00eancia s\u00e3o prioridades, e \u00e9 por isso que investimos continuamente em inova\u00e7\u00e3o para as empilhadeiras Paletrans. Se voc\u00ea busca otimizar a movimenta\u00e7\u00e3o de carga na sua empresa, a Nigro Equipamentos \u00e9 sua melhor op\u00e7\u00e3o para compra, manuten\u00e7\u00e3o e loca\u00e7\u00e3o de empilhadeiras Paletrans.","insightwidtitle":"Curiosidades sobre Empilhadeiras","insightwidcontent":"Voc\u00ea sabia que as empilhadeiras Paletrans podem reduzir em at\u00e9 25% a movimenta\u00e7\u00e3o de cargas, aumentando a efici\u00eancia operacional? Elas s\u00e3o uma escolha popular em armaz\u00e9ns e centros de distribui\u00e7\u00e3o devido \u00e0 sua versatilidade e robustez. Outra curiosidade \u00e9 que a manuten\u00e7\u00e3o regular das empilhadeiras Paletrans pode prolongar a vida \u00fatil do equipamento em at\u00e9 40%, economizando tempo e dinheiro a longo prazo."},"yoast_head":"<!-- This site is optimized with the Yoast SEO Premium plugin v18.3 (Yoast SEO v23.4) - https:\/\/yoast.com\/wordpress\/plugins\/seo\/ -->\n<title>Empilhadeira Paletrans: Servi\u00e7os e Benef\u00edcios da Nigro Equipamentos<\/title>\n<meta name=\"description\" content=\"Descubra os melhores servi\u00e7os de Empilhadeira Paletrans oferecidos pela Nigro Equipamentos, sua op\u00e7\u00e3o confi\u00e1vel em compra, manuten\u00e7\u00e3o e loca\u00e7\u00e3o.\" \/>\n<meta name=\"robots\" content=\"index, follow, max-snippet:-1, max-image-preview:large, max-video-preview:-1\" \/>\n<link rel=\"canonical\" href=\"https:\/\/nigroequipamentos.com.br\/conteudo\/empilhadeira-paletrans-solucoes-em-movimentacao-de-carga\/\" \/>\n<meta property=\"og:locale\" content=\"pt_BR\" \/>\n<meta property=\"og:type\" content=\"article\" \/>\n<meta property=\"og:title\" content=\"Empilhadeira Paletrans: Solu\u00e7\u00f5es em Movimenta\u00e7\u00e3o de Carga\" \/>\n<meta property=\"og:description\" content=\"Descubra os melhores servi\u00e7os de Empilhadeira Paletrans oferecidos pela Nigro Equipamentos, sua op\u00e7\u00e3o confi\u00e1vel em compra, manuten\u00e7\u00e3o e loca\u00e7\u00e3o.\" \/>\n<meta property=\"og:url\" content=\"https:\/\/nigroequipamentos.com.br\/conteudo\/empilhadeira-paletrans-solucoes-em-movimentacao-de-carga\/\" \/>\n<meta property=\"og:site_name\" content=\"Nigro Equipamentos\" \/>\n<meta property=\"article:publisher\" content=\"https:\/\/www.facebook.com\/nigroequipamentos\" \/>\n<meta name=\"twitter:card\" content=\"summary_large_image\" \/>\n<script type=\"application\/ld+json\" class=\"yoast-schema-graph\">{\"@context\":\"https:\/\/schema.org\",\"@graph\":[{\"@type\":\"WebPage\",\"@id\":\"https:\/\/nigroequipamentos.com.br\/conteudo\/empilhadeira-paletrans-solucoes-em-movimentacao-de-carga\/\",\"url\":\"https:\/\/nigroequipamentos.com.br\/conteudo\/empilhadeira-paletrans-solucoes-em-movimentacao-de-carga\/\",\"name\":\"Empilhadeira Paletrans: Servi\u00e7os e Benef\u00edcios da Nigro Equipamentos\",\"isPartOf\":{\"@id\":\"https:\/\/nigroequipamentos.com.br\/conteudo\/#website\"},\"datePublished\":\"2025-12-24T22:01:05+00:00\",\"dateModified\":\"2025-12-24T22:01:05+00:00\",\"description\":\"Descubra os melhores servi\u00e7os de Empilhadeira Paletrans oferecidos pela Nigro Equipamentos, sua op\u00e7\u00e3o confi\u00e1vel em compra, manuten\u00e7\u00e3o e loca\u00e7\u00e3o.\",\"breadcrumb\":{\"@id\":\"https:\/\/nigroequipamentos.com.br\/conteudo\/empilhadeira-paletrans-solucoes-em-movimentacao-de-carga\/#breadcrumb\"},\"inLanguage\":\"pt-BR\",\"potentialAction\":[{\"@type\":\"ReadAction\",\"target\":[\"https:\/\/nigroequipamentos.com.br\/conteudo\/empilhadeira-paletrans-solucoes-em-movimentacao-de-carga\/\"]}]},{\"@type\":\"BreadcrumbList\",\"@id\":\"https:\/\/nigroequipamentos.com.br\/conteudo\/empilhadeira-paletrans-solucoes-em-movimentacao-de-carga\/#breadcrumb\",\"itemListElement\":[{\"@type\":\"ListItem\",\"position\":1,\"name\":\"In\u00edcio\",\"item\":\"https:\/\/nigroequipamentos.com.br\/conteudo\/\"},{\"@type\":\"ListItem\",\"position\":2,\"name\":\"Empilhadeira Paletrans: Solu\u00e7\u00f5es em Movimenta\u00e7\u00e3o de Carga\"}]},{\"@type\":\"WebSite\",\"@id\":\"https:\/\/nigroequipamentos.com.br\/conteudo\/#website\",\"url\":\"https:\/\/nigroequipamentos.com.br\/conteudo\/\",\"name\":\"Nigro Equipamentos\",\"description\":\"Loca\u00e7\u00e3o e Vendas\",\"publisher\":{\"@id\":\"https:\/\/nigroequipamentos.com.br\/conteudo\/#organization\"},\"potentialAction\":[{\"@type\":\"SearchAction\",\"target\":{\"@type\":\"EntryPoint\",\"urlTemplate\":\"https:\/\/nigroequipamentos.com.br\/conteudo\/?s={search_term_string}\"},\"query-input\":{\"@type\":\"PropertyValueSpecification\",\"valueRequired\":true,\"valueName\":\"search_term_string\"}}],\"inLanguage\":\"pt-BR\"},{\"@type\":\"Organization\",\"@id\":\"https:\/\/nigroequipamentos.com.br\/conteudo\/#organization\",\"name\":\"Nigro Equipamentos\",\"url\":\"https:\/\/nigroequipamentos.com.br\/conteudo\/\",\"logo\":{\"@type\":\"ImageObject\",\"inLanguage\":\"pt-BR\",\"@id\":\"https:\/\/nigroequipamentos.com.br\/conteudo\/#\/schema\/logo\/image\/\",\"url\":\"https:\/\/nigroequipamentos.com.br\/conteudo\/wp-content\/uploads\/2024\/10\/nigroequipamentos_logo.webp\",\"contentUrl\":\"https:\/\/nigroequipamentos.com.br\/conteudo\/wp-content\/uploads\/2024\/10\/nigroequipamentos_logo.webp\",\"width\":785,\"height\":355,\"caption\":\"Nigro Equipamentos\"},\"image\":{\"@id\":\"https:\/\/nigroequipamentos.com.br\/conteudo\/#\/schema\/logo\/image\/\"},\"sameAs\":[\"https:\/\/www.facebook.com\/nigroequipamentos\",\"https:\/\/www.instagram.com\/nigroequipamentos\/\"]}]}<\/script>\n<!-- \/ Yoast SEO Premium plugin. -->","yoast_head_json":{"title":"Empilhadeira Paletrans: Servi\u00e7os e Benef\u00edcios da Nigro Equipamentos","description":"Descubra os melhores servi\u00e7os de Empilhadeira Paletrans oferecidos pela Nigro Equipamentos, sua op\u00e7\u00e3o confi\u00e1vel em compra, manuten\u00e7\u00e3o e loca\u00e7\u00e3o.","robots":{"index":"index","follow":"follow","max-snippet":"max-snippet:-1","max-image-preview":"max-image-preview:large","max-video-preview":"max-video-preview:-1"},"canonical":"https:\/\/nigroequipamentos.com.br\/conteudo\/empilhadeira-paletrans-solucoes-em-movimentacao-de-carga\/","og_locale":"pt_BR","og_type":"article","og_title":"Empilhadeira Paletrans: Solu\u00e7\u00f5es em Movimenta\u00e7\u00e3o de Carga","og_description":"Descubra os melhores servi\u00e7os de Empilhadeira Paletrans oferecidos pela Nigro Equipamentos, sua op\u00e7\u00e3o confi\u00e1vel em compra, manuten\u00e7\u00e3o e loca\u00e7\u00e3o.","og_url":"https:\/\/nigroequipamentos.com.br\/conteudo\/empilhadeira-paletrans-solucoes-em-movimentacao-de-carga\/","og_site_name":"Nigro Equipamentos","article_publisher":"https:\/\/www.facebook.com\/nigroequipamentos","twitter_card":"summary_large_image","schema":{"@context":"https:\/\/schema.org","@graph":[{"@type":"WebPage","@id":"https:\/\/nigroequipamentos.com.br\/conteudo\/empilhadeira-paletrans-solucoes-em-movimentacao-de-carga\/","url":"https:\/\/nigroequipamentos.com.br\/conteudo\/empilhadeira-paletrans-solucoes-em-movimentacao-de-carga\/","name":"Empilhadeira Paletrans: Servi\u00e7os e Benef\u00edcios da Nigro Equipamentos","isPartOf":{"@id":"https:\/\/nigroequipamentos.com.br\/conteudo\/#website"},"datePublished":"2025-12-24T22:01:05+00:00","dateModified":"2025-12-24T22:01:05+00:00","description":"Descubra os melhores servi\u00e7os de Empilhadeira Paletrans oferecidos pela Nigro Equipamentos, sua op\u00e7\u00e3o confi\u00e1vel em compra, manuten\u00e7\u00e3o e loca\u00e7\u00e3o.","breadcrumb":{"@id":"https:\/\/nigroequipamentos.com.br\/conteudo\/empilhadeira-paletrans-solucoes-em-movimentacao-de-carga\/#breadcrumb"},"inLanguage":"pt-BR","potentialAction":[{"@type":"ReadAction","target":["https:\/\/nigroequipamentos.com.br\/conteudo\/empilhadeira-paletrans-solucoes-em-movimentacao-de-carga\/"]}]},{"@type":"BreadcrumbList","@id":"https:\/\/nigroequipamentos.com.br\/conteudo\/empilhadeira-paletrans-solucoes-em-movimentacao-de-carga\/#breadcrumb","itemListElement":[{"@type":"ListItem","position":1,"name":"In\u00edcio","item":"https:\/\/nigroequipamentos.com.br\/conteudo\/"},{"@type":"ListItem","position":2,"name":"Empilhadeira Paletrans: Solu\u00e7\u00f5es em Movimenta\u00e7\u00e3o de Carga"}]},{"@type":"WebSite","@id":"https:\/\/nigroequipamentos.com.br\/conteudo\/#website","url":"https:\/\/nigroequipamentos.com.br\/conteudo\/","name":"Nigro Equipamentos","description":"Loca\u00e7\u00e3o e Vendas","publisher":{"@id":"https:\/\/nigroequipamentos.com.br\/conteudo\/#organization"},"potentialAction":[{"@type":"SearchAction","target":{"@type":"EntryPoint","urlTemplate":"https:\/\/nigroequipamentos.com.br\/conteudo\/?s={search_term_string}"},"query-input":{"@type":"PropertyValueSpecification","valueRequired":true,"valueName":"search_term_string"}}],"inLanguage":"pt-BR"},{"@type":"Organization","@id":"https:\/\/nigroequipamentos.com.br\/conteudo\/#organization","name":"Nigro Equipamentos","url":"https:\/\/nigroequipamentos.com.br\/conteudo\/","logo":{"@type":"ImageObject","inLanguage":"pt-BR","@id":"https:\/\/nigroequipamentos.com.br\/conteudo\/#\/schema\/logo\/image\/","url":"https:\/\/nigroequipamentos.com.br\/conteudo\/wp-content\/uploads\/2024\/10\/nigroequipamentos_logo.webp","contentUrl":"https:\/\/nigroequipamentos.com.br\/conteudo\/wp-content\/uploads\/2024\/10\/nigroequipamentos_logo.webp","width":785,"height":355,"caption":"Nigro Equipamentos"},"image":{"@id":"https:\/\/nigroequipamentos.com.br\/conteudo\/#\/schema\/logo\/image\/"},"sameAs":["https:\/\/www.facebook.com\/nigroequipamentos","https:\/\/www.instagram.com\/nigroequipamentos\/"]}]}},"_links":{"self":[{"href":"https:\/\/nigroequipamentos.com.br\/conteudo\/wp-json\/wp\/v2\/pages\/80072","targetHints":{"allow":["GET"]}}],"collection":[{"href":"https:\/\/nigroequipamentos.com.br\/conteudo\/wp-json\/wp\/v2\/pages"}],"about":[{"href":"https:\/\/nigroequipamentos.com.br\/conteudo\/wp-json\/wp\/v2\/types\/page"}],"author":[{"embeddable":true,"href":"https:\/\/nigroequipamentos.com.br\/conteudo\/wp-json\/wp\/v2\/users\/3"}],"replies":[{"embeddable":true,"href":"https:\/\/nigroequipamentos.com.br\/conteudo\/wp-json\/wp\/v2\/comments?post=80072"}],"version-history":[{"count":0,"href":"https:\/\/nigroequipamentos.com.br\/conteudo\/wp-json\/wp\/v2\/pages\/80072\/revisions"}],"wp:attachment":[{"href":"https:\/\/nigroequipamentos.com.br\/conteudo\/wp-json\/wp\/v2\/media?parent=80072"}],"curies":[{"name":"wp","href":"https:\/\/api.w.org\/{rel}","templated":true}]}}