{"id":69455,"date":"2025-11-05T08:46:06","date_gmt":"2025-11-05T11:46:06","guid":{"rendered":"https:\/\/nigroequipamentos.com.br\/conteudo\/descubra-a-empilhadeira-retratil-paletrans-pr1770i-eficiencia-e-inovacao-2\/"},"modified":"2025-11-05T08:46:06","modified_gmt":"2025-11-05T11:46:06","slug":"descubra-a-empilhadeira-retratil-paletrans-pr1770i-eficiencia-e-inovacao-2","status":"publish","type":"page","link":"https:\/\/nigroequipamentos.com.br\/conteudo\/descubra-a-empilhadeira-retratil-paletrans-pr1770i-eficiencia-e-inovacao-2\/","title":{"rendered":"Descubra a Empilhadeira Retr\u00e1til Paletrans PR1770i: Efici\u00eancia e Inova\u00e7\u00e3o"},"content":{"rendered":"<p>A Empilhadeira Retr\u00e1til Paletrans PR1770i se destaca no mercado por sua versatilidade e desempenho. Ideal para opera\u00e7\u00f5es em espa\u00e7os reduzidos, essa empilhadeira \u00e9 a escolha perfeita para quem busca efici\u00eancia e produtividade. Equipadas com tecnologia de ponta, as Empilhadeiras Retr\u00e1teis Paletrans PR1770i garantem agilidade nas movimenta\u00e7\u00f5es e seguran\u00e7a nas opera\u00e7\u00f5es. Fa\u00e7a a escolha certa e aumente a sua competitividade com a Paletrans PR1770i. A Nigro Equipamentos \u00e9 a melhor op\u00e7\u00e3o para compra, manuten\u00e7\u00e3o e loca\u00e7\u00e3o de empilhadeiras, oferecendo qualidade e suporte especializado.<\/p>\n","protected":false},"excerpt":{"rendered":"<p>A Empilhadeira Retr\u00e1til Paletrans PR1770i se destaca no mercado por sua versatilidade e desempenho. Ideal para opera\u00e7\u00f5es em espa\u00e7os reduzidos, essa empilhadeira \u00e9 a escolha perfeita para quem busca efici\u00eancia e produtividade. Equipadas com tecnologia de ponta, as Empilhadeiras Retr\u00e1teis Paletrans PR1770i garantem agilidade nas movimenta\u00e7\u00f5es e seguran\u00e7a nas opera\u00e7\u00f5es. Fa\u00e7a a escolha certa e&hellip;&nbsp;<a href=\"https:\/\/nigroequipamentos.com.br\/conteudo\/descubra-a-empilhadeira-retratil-paletrans-pr1770i-eficiencia-e-inovacao-2\/\" class=\"\" rel=\"bookmark\">Continue a ler &raquo;<span class=\"screen-reader-text\">Descubra a Empilhadeira Retr\u00e1til Paletrans PR1770i: Efici\u00eancia e Inova\u00e7\u00e3o<\/span><\/a><\/p>\n","protected":false},"author":3,"featured_media":0,"parent":0,"menu_order":0,"comment_status":"closed","ping_status":"closed","template":"","meta":{"_acf_changed":false,"_yoast_wpseo_focuskw":"Empilhadeira Retr\u00e1til Paletrans PR1770i","_yoast_wpseo_title":"Empilhadeira Retr\u00e1til Paletrans PR1770i - Efici\u00eancia e Versatilidade","_yoast_wpseo_metadesc":"Saiba tudo sobre a Empilhadeira Retr\u00e1til Paletrans PR1770i: caracter\u00edsticas, vantagens e porque a Nigro Equipamentos \u00e9 a melhor escolha para compra, manuten\u00e7\u00e3o e loca\u00e7\u00e3o.","neve_meta_sidebar":"","neve_meta_container":"","neve_meta_enable_content_width":"","neve_meta_content_width":0,"neve_meta_title_alignment":"","neve_meta_author_avatar":"","neve_post_elements_order":"","neve_meta_disable_header":"","neve_meta_disable_footer":"","neve_meta_disable_title":"","footnotes":""},"class_list":["post-69455","page","type-page","status-publish","hentry"],"acf":{"bloco1title":"Excel\u00eancia em Servi\u00e7os","bloco1text":"A Nigro Equipamentos oferece suporte completo, incluindo manuten\u00e7\u00e3o especializada e assist\u00eancia t\u00e9cnica em tempo real para a sua Empilhadeira Retr\u00e1til Paletrans PR1770i.","bloco2title":"Loca\u00e7\u00e3o Flex\u00edvel","bloco2text":"Oferecemos op\u00e7\u00f5es de loca\u00e7\u00e3o que se adaptam \u00e0s necessidades do seu neg\u00f3cio, garantindo acesso \u00e0 Empilhadeira Retr\u00e1til Paletrans PR1770i.","bloco3title":"Vantagens da PR1770i","bloco3text":"A Empilhadeira Retr\u00e1til Paletrans PR1770i \u00e9 projetada para operar eficientemente em corredores estreitos, melhorando o fluxo de trabalho em armaz\u00e9ns e centros de distribui\u00e7\u00e3o.","posttitle":"Empilhadeira Retr\u00e1til Paletrans PR1770i: Tudo Que Voc\u00ea Precisa Saber","postcontent":"<strong>O que \u00e9 a Empilhadeira Retr\u00e1til Paletrans PR1770i?<\/strong><br>Essa empilhadeira \u00e9 a principal escolha para opera\u00e7\u00f5es que demandam alta performance em espa\u00e7os apertados. Com um design arrojado e robusto, a Empilhadeira Retr\u00e1til Paletrans PR1770i oferece recursos que garantem seguran\u00e7a e efici\u00eancia, como sua capacidade de levantar cargas altas e ainda se movimentar com agilidade em corredores estreitos. Al\u00e9m disso, a Paletrans PR1770i \u00e9 equipada com controles f\u00e1ceis de usar, que proporcionam uma opera\u00e7\u00e3o intuitiva, reduzindo o tempo de treinamento.<br><br><strong>Por que escolher a Paletrans PR1770i?<\/strong><br>Ela n\u00e3o apenas atende \u00e0s necessidades log\u00edsticas atuais, mas tamb\u00e9m se destaca pela durabilidade em ambientes de trabalho exigentes. Seja para compra, loca\u00e7\u00e3o ou manuten\u00e7\u00e3o, a Nigro Equipamentos se compromete a oferecer solu\u00e7\u00f5es completas, com uma equipe altamente qualificada para garantir o m\u00e1ximo aproveitamento da sua Empilhadeira Retr\u00e1til Paletrans PR1770i. Explore a versatilidade e efici\u00eancia dessa m\u00e1quina e eleve a produtividade da sua empresa a um patamar superior.","insightwidtitle":"Curiosidades sobre a PR1770i","insightwidcontent":"A Empilhadeira Retr\u00e1til Paletrans PR1770i foi projetada para manobras em espa\u00e7os muito compactos, podendo operar em locais que outras empilhadeiras n\u00e3o conseguiriam. Sabia que, com essa empilhadeira, \u00e9 poss\u00edvel levantar at\u00e9 1.700 kg a alturas superiores a 6 metros? Isso a torna uma escolha ideal para armaz\u00e9ns com m\u00faltiplos n\u00edveis de estocagem e alta demanda de efici\u00eancia operativa."},"yoast_head":"<!-- This site is optimized with the Yoast SEO Premium plugin v18.3 (Yoast SEO v23.4) - https:\/\/yoast.com\/wordpress\/plugins\/seo\/ -->\n<title>Empilhadeira Retr\u00e1til Paletrans PR1770i - Efici\u00eancia e Versatilidade<\/title>\n<meta name=\"description\" content=\"Saiba tudo sobre a Empilhadeira Retr\u00e1til Paletrans PR1770i: caracter\u00edsticas, vantagens e porque a Nigro Equipamentos \u00e9 a melhor escolha para compra, manuten\u00e7\u00e3o e loca\u00e7\u00e3o.\" \/>\n<meta name=\"robots\" content=\"index, follow, max-snippet:-1, max-image-preview:large, max-video-preview:-1\" \/>\n<link rel=\"canonical\" href=\"https:\/\/nigroequipamentos.com.br\/conteudo\/descubra-a-empilhadeira-retratil-paletrans-pr1770i-eficiencia-e-inovacao-2\/\" \/>\n<meta property=\"og:locale\" content=\"pt_BR\" \/>\n<meta property=\"og:type\" content=\"article\" \/>\n<meta property=\"og:title\" content=\"Descubra a Empilhadeira Retr\u00e1til Paletrans PR1770i: Efici\u00eancia e Inova\u00e7\u00e3o\" \/>\n<meta property=\"og:description\" content=\"Saiba tudo sobre a Empilhadeira Retr\u00e1til Paletrans PR1770i: caracter\u00edsticas, vantagens e porque a Nigro Equipamentos \u00e9 a melhor escolha para compra, manuten\u00e7\u00e3o e loca\u00e7\u00e3o.\" \/>\n<meta property=\"og:url\" content=\"https:\/\/nigroequipamentos.com.br\/conteudo\/descubra-a-empilhadeira-retratil-paletrans-pr1770i-eficiencia-e-inovacao-2\/\" \/>\n<meta property=\"og:site_name\" content=\"Nigro Equipamentos\" \/>\n<meta property=\"article:publisher\" content=\"https:\/\/www.facebook.com\/nigroequipamentos\" \/>\n<meta name=\"twitter:card\" content=\"summary_large_image\" \/>\n<script type=\"application\/ld+json\" class=\"yoast-schema-graph\">{\"@context\":\"https:\/\/schema.org\",\"@graph\":[{\"@type\":\"WebPage\",\"@id\":\"https:\/\/nigroequipamentos.com.br\/conteudo\/descubra-a-empilhadeira-retratil-paletrans-pr1770i-eficiencia-e-inovacao-2\/\",\"url\":\"https:\/\/nigroequipamentos.com.br\/conteudo\/descubra-a-empilhadeira-retratil-paletrans-pr1770i-eficiencia-e-inovacao-2\/\",\"name\":\"Empilhadeira Retr\u00e1til Paletrans PR1770i - Efici\u00eancia e Versatilidade\",\"isPartOf\":{\"@id\":\"https:\/\/nigroequipamentos.com.br\/conteudo\/#website\"},\"datePublished\":\"2025-11-05T11:46:06+00:00\",\"dateModified\":\"2025-11-05T11:46:06+00:00\",\"description\":\"Saiba tudo sobre a Empilhadeira Retr\u00e1til Paletrans PR1770i: caracter\u00edsticas, vantagens e porque a Nigro Equipamentos \u00e9 a melhor escolha para compra, manuten\u00e7\u00e3o e loca\u00e7\u00e3o.\",\"breadcrumb\":{\"@id\":\"https:\/\/nigroequipamentos.com.br\/conteudo\/descubra-a-empilhadeira-retratil-paletrans-pr1770i-eficiencia-e-inovacao-2\/#breadcrumb\"},\"inLanguage\":\"pt-BR\",\"potentialAction\":[{\"@type\":\"ReadAction\",\"target\":[\"https:\/\/nigroequipamentos.com.br\/conteudo\/descubra-a-empilhadeira-retratil-paletrans-pr1770i-eficiencia-e-inovacao-2\/\"]}]},{\"@type\":\"BreadcrumbList\",\"@id\":\"https:\/\/nigroequipamentos.com.br\/conteudo\/descubra-a-empilhadeira-retratil-paletrans-pr1770i-eficiencia-e-inovacao-2\/#breadcrumb\",\"itemListElement\":[{\"@type\":\"ListItem\",\"position\":1,\"name\":\"In\u00edcio\",\"item\":\"https:\/\/nigroequipamentos.com.br\/conteudo\/\"},{\"@type\":\"ListItem\",\"position\":2,\"name\":\"Descubra a Empilhadeira Retr\u00e1til Paletrans PR1770i: Efici\u00eancia e Inova\u00e7\u00e3o\"}]},{\"@type\":\"WebSite\",\"@id\":\"https:\/\/nigroequipamentos.com.br\/conteudo\/#website\",\"url\":\"https:\/\/nigroequipamentos.com.br\/conteudo\/\",\"name\":\"Nigro Equipamentos\",\"description\":\"Loca\u00e7\u00e3o e Vendas\",\"publisher\":{\"@id\":\"https:\/\/nigroequipamentos.com.br\/conteudo\/#organization\"},\"potentialAction\":[{\"@type\":\"SearchAction\",\"target\":{\"@type\":\"EntryPoint\",\"urlTemplate\":\"https:\/\/nigroequipamentos.com.br\/conteudo\/?s={search_term_string}\"},\"query-input\":{\"@type\":\"PropertyValueSpecification\",\"valueRequired\":true,\"valueName\":\"search_term_string\"}}],\"inLanguage\":\"pt-BR\"},{\"@type\":\"Organization\",\"@id\":\"https:\/\/nigroequipamentos.com.br\/conteudo\/#organization\",\"name\":\"Nigro Equipamentos\",\"url\":\"https:\/\/nigroequipamentos.com.br\/conteudo\/\",\"logo\":{\"@type\":\"ImageObject\",\"inLanguage\":\"pt-BR\",\"@id\":\"https:\/\/nigroequipamentos.com.br\/conteudo\/#\/schema\/logo\/image\/\",\"url\":\"https:\/\/nigroequipamentos.com.br\/conteudo\/wp-content\/uploads\/2024\/10\/nigroequipamentos_logo.webp\",\"contentUrl\":\"https:\/\/nigroequipamentos.com.br\/conteudo\/wp-content\/uploads\/2024\/10\/nigroequipamentos_logo.webp\",\"width\":785,\"height\":355,\"caption\":\"Nigro Equipamentos\"},\"image\":{\"@id\":\"https:\/\/nigroequipamentos.com.br\/conteudo\/#\/schema\/logo\/image\/\"},\"sameAs\":[\"https:\/\/www.facebook.com\/nigroequipamentos\",\"https:\/\/www.instagram.com\/nigroequipamentos\/\"]}]}<\/script>\n<!-- \/ Yoast SEO Premium plugin. -->","yoast_head_json":{"title":"Empilhadeira Retr\u00e1til Paletrans PR1770i - Efici\u00eancia e Versatilidade","description":"Saiba tudo sobre a Empilhadeira Retr\u00e1til Paletrans PR1770i: caracter\u00edsticas, vantagens e porque a Nigro Equipamentos \u00e9 a melhor escolha para compra, manuten\u00e7\u00e3o e loca\u00e7\u00e3o.","robots":{"index":"index","follow":"follow","max-snippet":"max-snippet:-1","max-image-preview":"max-image-preview:large","max-video-preview":"max-video-preview:-1"},"canonical":"https:\/\/nigroequipamentos.com.br\/conteudo\/descubra-a-empilhadeira-retratil-paletrans-pr1770i-eficiencia-e-inovacao-2\/","og_locale":"pt_BR","og_type":"article","og_title":"Descubra a Empilhadeira Retr\u00e1til Paletrans PR1770i: Efici\u00eancia e Inova\u00e7\u00e3o","og_description":"Saiba tudo sobre a Empilhadeira Retr\u00e1til Paletrans PR1770i: caracter\u00edsticas, vantagens e porque a Nigro Equipamentos \u00e9 a melhor escolha para compra, manuten\u00e7\u00e3o e loca\u00e7\u00e3o.","og_url":"https:\/\/nigroequipamentos.com.br\/conteudo\/descubra-a-empilhadeira-retratil-paletrans-pr1770i-eficiencia-e-inovacao-2\/","og_site_name":"Nigro Equipamentos","article_publisher":"https:\/\/www.facebook.com\/nigroequipamentos","twitter_card":"summary_large_image","schema":{"@context":"https:\/\/schema.org","@graph":[{"@type":"WebPage","@id":"https:\/\/nigroequipamentos.com.br\/conteudo\/descubra-a-empilhadeira-retratil-paletrans-pr1770i-eficiencia-e-inovacao-2\/","url":"https:\/\/nigroequipamentos.com.br\/conteudo\/descubra-a-empilhadeira-retratil-paletrans-pr1770i-eficiencia-e-inovacao-2\/","name":"Empilhadeira Retr\u00e1til Paletrans PR1770i - Efici\u00eancia e Versatilidade","isPartOf":{"@id":"https:\/\/nigroequipamentos.com.br\/conteudo\/#website"},"datePublished":"2025-11-05T11:46:06+00:00","dateModified":"2025-11-05T11:46:06+00:00","description":"Saiba tudo sobre a Empilhadeira Retr\u00e1til Paletrans PR1770i: caracter\u00edsticas, vantagens e porque a Nigro Equipamentos \u00e9 a melhor escolha para compra, manuten\u00e7\u00e3o e loca\u00e7\u00e3o.","breadcrumb":{"@id":"https:\/\/nigroequipamentos.com.br\/conteudo\/descubra-a-empilhadeira-retratil-paletrans-pr1770i-eficiencia-e-inovacao-2\/#breadcrumb"},"inLanguage":"pt-BR","potentialAction":[{"@type":"ReadAction","target":["https:\/\/nigroequipamentos.com.br\/conteudo\/descubra-a-empilhadeira-retratil-paletrans-pr1770i-eficiencia-e-inovacao-2\/"]}]},{"@type":"BreadcrumbList","@id":"https:\/\/nigroequipamentos.com.br\/conteudo\/descubra-a-empilhadeira-retratil-paletrans-pr1770i-eficiencia-e-inovacao-2\/#breadcrumb","itemListElement":[{"@type":"ListItem","position":1,"name":"In\u00edcio","item":"https:\/\/nigroequipamentos.com.br\/conteudo\/"},{"@type":"ListItem","position":2,"name":"Descubra a Empilhadeira Retr\u00e1til Paletrans PR1770i: Efici\u00eancia e Inova\u00e7\u00e3o"}]},{"@type":"WebSite","@id":"https:\/\/nigroequipamentos.com.br\/conteudo\/#website","url":"https:\/\/nigroequipamentos.com.br\/conteudo\/","name":"Nigro Equipamentos","description":"Loca\u00e7\u00e3o e Vendas","publisher":{"@id":"https:\/\/nigroequipamentos.com.br\/conteudo\/#organization"},"potentialAction":[{"@type":"SearchAction","target":{"@type":"EntryPoint","urlTemplate":"https:\/\/nigroequipamentos.com.br\/conteudo\/?s={search_term_string}"},"query-input":{"@type":"PropertyValueSpecification","valueRequired":true,"valueName":"search_term_string"}}],"inLanguage":"pt-BR"},{"@type":"Organization","@id":"https:\/\/nigroequipamentos.com.br\/conteudo\/#organization","name":"Nigro Equipamentos","url":"https:\/\/nigroequipamentos.com.br\/conteudo\/","logo":{"@type":"ImageObject","inLanguage":"pt-BR","@id":"https:\/\/nigroequipamentos.com.br\/conteudo\/#\/schema\/logo\/image\/","url":"https:\/\/nigroequipamentos.com.br\/conteudo\/wp-content\/uploads\/2024\/10\/nigroequipamentos_logo.webp","contentUrl":"https:\/\/nigroequipamentos.com.br\/conteudo\/wp-content\/uploads\/2024\/10\/nigroequipamentos_logo.webp","width":785,"height":355,"caption":"Nigro Equipamentos"},"image":{"@id":"https:\/\/nigroequipamentos.com.br\/conteudo\/#\/schema\/logo\/image\/"},"sameAs":["https:\/\/www.facebook.com\/nigroequipamentos","https:\/\/www.instagram.com\/nigroequipamentos\/"]}]}},"_links":{"self":[{"href":"https:\/\/nigroequipamentos.com.br\/conteudo\/wp-json\/wp\/v2\/pages\/69455","targetHints":{"allow":["GET"]}}],"collection":[{"href":"https:\/\/nigroequipamentos.com.br\/conteudo\/wp-json\/wp\/v2\/pages"}],"about":[{"href":"https:\/\/nigroequipamentos.com.br\/conteudo\/wp-json\/wp\/v2\/types\/page"}],"author":[{"embeddable":true,"href":"https:\/\/nigroequipamentos.com.br\/conteudo\/wp-json\/wp\/v2\/users\/3"}],"replies":[{"embeddable":true,"href":"https:\/\/nigroequipamentos.com.br\/conteudo\/wp-json\/wp\/v2\/comments?post=69455"}],"version-history":[{"count":0,"href":"https:\/\/nigroequipamentos.com.br\/conteudo\/wp-json\/wp\/v2\/pages\/69455\/revisions"}],"wp:attachment":[{"href":"https:\/\/nigroequipamentos.com.br\/conteudo\/wp-json\/wp\/v2\/media?parent=69455"}],"curies":[{"name":"wp","href":"https:\/\/api.w.org\/{rel}","templated":true}]}}