{"id":69114,"date":"2025-11-03T18:46:00","date_gmt":"2025-11-03T21:46:00","guid":{"rendered":"https:\/\/nigroequipamentos.com.br\/conteudo\/empilhadeira-paletrans-a-revolucao-na-construcao-9\/"},"modified":"2025-11-03T18:46:00","modified_gmt":"2025-11-03T21:46:00","slug":"empilhadeira-paletrans-a-revolucao-na-construcao-9","status":"publish","type":"page","link":"https:\/\/nigroequipamentos.com.br\/conteudo\/empilhadeira-paletrans-a-revolucao-na-construcao-9\/","title":{"rendered":"Empilhadeira Paletrans: A Revolu\u00e7\u00e3o na Constru\u00e7\u00e3o"},"content":{"rendered":"<p>A empilhadeira Paletrans \u00e9 a escolha ideal para o setor da constru\u00e7\u00e3o civil, oferecendo efici\u00eancia, agilidade e seguran\u00e7a nas opera\u00e7\u00f5es. Com a empilhadeira Paletrans, sua obra ganha em produtividade, pois ela \u00e9 projetada para mover materiais pesados de forma r\u00e1pida e eficaz. Aposte na empilhadeira Paletrans para elevar o padr\u00e3o de sua obra. A Nigro Equipamentos se destaca por oferecer as melhores op\u00e7\u00f5es de compra, loca\u00e7\u00e3o e manuten\u00e7\u00e3o. Quando se trata de movimenta\u00e7\u00e3o de carga, n\u00e3o h\u00e1 d\u00favida de que a empilhadeira Paletrans \u00e9 um investimento decisivo.<\/p>\n","protected":false},"excerpt":{"rendered":"<p>A empilhadeira Paletrans \u00e9 a escolha ideal para o setor da constru\u00e7\u00e3o civil, oferecendo efici\u00eancia, agilidade e seguran\u00e7a nas opera\u00e7\u00f5es. Com a empilhadeira Paletrans, sua obra ganha em produtividade, pois ela \u00e9 projetada para mover materiais pesados de forma r\u00e1pida e eficaz. Aposte na empilhadeira Paletrans para elevar o padr\u00e3o de sua obra. A Nigro&hellip;&nbsp;<a href=\"https:\/\/nigroequipamentos.com.br\/conteudo\/empilhadeira-paletrans-a-revolucao-na-construcao-9\/\" class=\"\" rel=\"bookmark\">Continue a ler &raquo;<span class=\"screen-reader-text\">Empilhadeira Paletrans: A Revolu\u00e7\u00e3o na Constru\u00e7\u00e3o<\/span><\/a><\/p>\n","protected":false},"author":3,"featured_media":0,"parent":0,"menu_order":0,"comment_status":"closed","ping_status":"closed","template":"","meta":{"_acf_changed":false,"_yoast_wpseo_focuskw":"Empilhadeira Paletrans constru\u00e7\u00e3o","_yoast_wpseo_title":"Empilhadeira Paletrans: Otimize Sua Constru\u00e7\u00e3o com a Nigro","_yoast_wpseo_metadesc":"Descubra como a empilhadeira Paletrans pode transformar suas opera\u00e7\u00f5es na constru\u00e7\u00e3o civil. Opte pela qualidade e inova\u00e7\u00e3o da Nigro Equipamentos.","neve_meta_sidebar":"","neve_meta_container":"","neve_meta_enable_content_width":"","neve_meta_content_width":0,"neve_meta_title_alignment":"","neve_meta_author_avatar":"","neve_post_elements_order":"","neve_meta_disable_header":"","neve_meta_disable_footer":"","neve_meta_disable_title":"","footnotes":""},"class_list":["post-69114","page","type-page","status-publish","hentry"],"acf":{"bloco1title":"Qualidade Garantida","bloco1text":"A Nigro garante a qualidade em cada empilhadeira Paletrans, com assist\u00eancia t\u00e9cnica especializada e pe\u00e7as originais.","bloco2title":"Loca\u00e7\u00e3o Flex\u00edvel","bloco2text":"Oferecemos op\u00e7\u00f5es de loca\u00e7\u00e3o de empilhadeiras Paletrans adapt\u00e1veis \u00e0s necessidades do seu projeto.","bloco3title":"Dicas de Uso","bloco3text":"Para maximizar a efici\u00eancia da sua empilhadeira Paletrans, certifique-se de realizar manuten\u00e7\u00f5es regulares e treinamentos com sua equipe. Isso garantir\u00e1 n\u00e3o apenas maior seguran\u00e7a, mas tamb\u00e9m melhor aproveitamento dos recursos dispon\u00edveis.","posttitle":"A Import\u00e2ncia da Empilhadeira Paletrans na Constru\u00e7\u00e3o Civil","postcontent":"<strong>A tecnologia da empilhadeira Paletrans<\/strong> \u00e9 inovadora e tem revolucionado as pr\u00e1ticas na constru\u00e7\u00e3o civil. Com sua estrutura robusta e capacidade de carga elevada, a empilhadeira Paletrans garante maior agilidade na movimenta\u00e7\u00e3o de materiais pesados e volumosos. Isso se traduz em uma obra mais eficiente e \u00e1gil. Ao optar pela empilhadeira Paletrans da Nigro Equipamentos, voc\u00ea n\u00e3o est\u00e1 apenas adquirindo um equipamento, mas sim uma solu\u00e7\u00e3o para otimizar todos os processos da sua constru\u00e7\u00e3o.\n\nOutra grande vantagem da empilhadeira Paletrans \u00e9 o seu design ergon\u00f4mico. Este modelo foi pensado para proporcionar conforto ao operador, reduzindo o risco de les\u00f5es e fatalidades. Al\u00e9m disso, a empilhadeira Paletrans possui tecnologia avan\u00e7ada, que facilita a opera\u00e7\u00e3o, incluindo recursos como controle autom\u00e1tico de carga e sistemas de seguran\u00e7a inovadores.\n\nEm resumo, investir em uma empilhadeira Paletrans \u00e9 garantir que sua constru\u00e7\u00e3o seja realizada com a m\u00e1xima efici\u00eancia e seguran\u00e7a. Conte com a Nigro Equipamentos para a compra, loca\u00e7\u00e3o e manuten\u00e7\u00e3o dessas m\u00e1quinas essenciais.","insightwidtitle":"Curiosidades sobre a Paletrans","insightwidcontent":"Voc\u00ea sabia que a empilhadeira Paletrans pode operar em diversos ambientes, desde obras urbanas at\u00e9 locais com terreno irregular? Esse modelo \u00e9 vers\u00e1til e foi desenvolvido para enfrentar desafios em diferentes condi\u00e7\u00f5es. Al\u00e9m disso, a Paletrans \u00e9 conhecida por sua alta durabilidade e resist\u00eancia, fatores que a tornam uma escolha confi\u00e1vel no setor da constru\u00e7\u00e3o."},"yoast_head":"<!-- This site is optimized with the Yoast SEO Premium plugin v18.3 (Yoast SEO v23.4) - https:\/\/yoast.com\/wordpress\/plugins\/seo\/ -->\n<title>Empilhadeira Paletrans: Otimize Sua Constru\u00e7\u00e3o com a Nigro<\/title>\n<meta name=\"description\" content=\"Descubra como a empilhadeira Paletrans pode transformar suas opera\u00e7\u00f5es na constru\u00e7\u00e3o civil. Opte pela qualidade e inova\u00e7\u00e3o da Nigro Equipamentos.\" \/>\n<meta name=\"robots\" content=\"index, follow, max-snippet:-1, max-image-preview:large, max-video-preview:-1\" \/>\n<link rel=\"canonical\" href=\"https:\/\/nigroequipamentos.com.br\/conteudo\/empilhadeira-paletrans-a-revolucao-na-construcao-9\/\" \/>\n<meta property=\"og:locale\" content=\"pt_BR\" \/>\n<meta property=\"og:type\" content=\"article\" \/>\n<meta property=\"og:title\" content=\"Empilhadeira Paletrans: A Revolu\u00e7\u00e3o na Constru\u00e7\u00e3o\" \/>\n<meta property=\"og:description\" content=\"Descubra como a empilhadeira Paletrans pode transformar suas opera\u00e7\u00f5es na constru\u00e7\u00e3o civil. Opte pela qualidade e inova\u00e7\u00e3o da Nigro Equipamentos.\" \/>\n<meta property=\"og:url\" content=\"https:\/\/nigroequipamentos.com.br\/conteudo\/empilhadeira-paletrans-a-revolucao-na-construcao-9\/\" \/>\n<meta property=\"og:site_name\" content=\"Nigro Equipamentos\" \/>\n<meta property=\"article:publisher\" content=\"https:\/\/www.facebook.com\/nigroequipamentos\" \/>\n<meta name=\"twitter:card\" content=\"summary_large_image\" \/>\n<script type=\"application\/ld+json\" class=\"yoast-schema-graph\">{\"@context\":\"https:\/\/schema.org\",\"@graph\":[{\"@type\":\"WebPage\",\"@id\":\"https:\/\/nigroequipamentos.com.br\/conteudo\/empilhadeira-paletrans-a-revolucao-na-construcao-9\/\",\"url\":\"https:\/\/nigroequipamentos.com.br\/conteudo\/empilhadeira-paletrans-a-revolucao-na-construcao-9\/\",\"name\":\"Empilhadeira Paletrans: Otimize Sua Constru\u00e7\u00e3o com a Nigro\",\"isPartOf\":{\"@id\":\"https:\/\/nigroequipamentos.com.br\/conteudo\/#website\"},\"datePublished\":\"2025-11-03T21:46:00+00:00\",\"dateModified\":\"2025-11-03T21:46:00+00:00\",\"description\":\"Descubra como a empilhadeira Paletrans pode transformar suas opera\u00e7\u00f5es na constru\u00e7\u00e3o civil. Opte pela qualidade e inova\u00e7\u00e3o da Nigro Equipamentos.\",\"breadcrumb\":{\"@id\":\"https:\/\/nigroequipamentos.com.br\/conteudo\/empilhadeira-paletrans-a-revolucao-na-construcao-9\/#breadcrumb\"},\"inLanguage\":\"pt-BR\",\"potentialAction\":[{\"@type\":\"ReadAction\",\"target\":[\"https:\/\/nigroequipamentos.com.br\/conteudo\/empilhadeira-paletrans-a-revolucao-na-construcao-9\/\"]}]},{\"@type\":\"BreadcrumbList\",\"@id\":\"https:\/\/nigroequipamentos.com.br\/conteudo\/empilhadeira-paletrans-a-revolucao-na-construcao-9\/#breadcrumb\",\"itemListElement\":[{\"@type\":\"ListItem\",\"position\":1,\"name\":\"In\u00edcio\",\"item\":\"https:\/\/nigroequipamentos.com.br\/conteudo\/\"},{\"@type\":\"ListItem\",\"position\":2,\"name\":\"Empilhadeira Paletrans: A Revolu\u00e7\u00e3o na Constru\u00e7\u00e3o\"}]},{\"@type\":\"WebSite\",\"@id\":\"https:\/\/nigroequipamentos.com.br\/conteudo\/#website\",\"url\":\"https:\/\/nigroequipamentos.com.br\/conteudo\/\",\"name\":\"Nigro Equipamentos\",\"description\":\"Loca\u00e7\u00e3o e Vendas\",\"publisher\":{\"@id\":\"https:\/\/nigroequipamentos.com.br\/conteudo\/#organization\"},\"potentialAction\":[{\"@type\":\"SearchAction\",\"target\":{\"@type\":\"EntryPoint\",\"urlTemplate\":\"https:\/\/nigroequipamentos.com.br\/conteudo\/?s={search_term_string}\"},\"query-input\":{\"@type\":\"PropertyValueSpecification\",\"valueRequired\":true,\"valueName\":\"search_term_string\"}}],\"inLanguage\":\"pt-BR\"},{\"@type\":\"Organization\",\"@id\":\"https:\/\/nigroequipamentos.com.br\/conteudo\/#organization\",\"name\":\"Nigro Equipamentos\",\"url\":\"https:\/\/nigroequipamentos.com.br\/conteudo\/\",\"logo\":{\"@type\":\"ImageObject\",\"inLanguage\":\"pt-BR\",\"@id\":\"https:\/\/nigroequipamentos.com.br\/conteudo\/#\/schema\/logo\/image\/\",\"url\":\"https:\/\/nigroequipamentos.com.br\/conteudo\/wp-content\/uploads\/2024\/10\/nigroequipamentos_logo.webp\",\"contentUrl\":\"https:\/\/nigroequipamentos.com.br\/conteudo\/wp-content\/uploads\/2024\/10\/nigroequipamentos_logo.webp\",\"width\":785,\"height\":355,\"caption\":\"Nigro Equipamentos\"},\"image\":{\"@id\":\"https:\/\/nigroequipamentos.com.br\/conteudo\/#\/schema\/logo\/image\/\"},\"sameAs\":[\"https:\/\/www.facebook.com\/nigroequipamentos\",\"https:\/\/www.instagram.com\/nigroequipamentos\/\"]}]}<\/script>\n<!-- \/ Yoast SEO Premium plugin. -->","yoast_head_json":{"title":"Empilhadeira Paletrans: Otimize Sua Constru\u00e7\u00e3o com a Nigro","description":"Descubra como a empilhadeira Paletrans pode transformar suas opera\u00e7\u00f5es na constru\u00e7\u00e3o civil. Opte pela qualidade e inova\u00e7\u00e3o da Nigro Equipamentos.","robots":{"index":"index","follow":"follow","max-snippet":"max-snippet:-1","max-image-preview":"max-image-preview:large","max-video-preview":"max-video-preview:-1"},"canonical":"https:\/\/nigroequipamentos.com.br\/conteudo\/empilhadeira-paletrans-a-revolucao-na-construcao-9\/","og_locale":"pt_BR","og_type":"article","og_title":"Empilhadeira Paletrans: A Revolu\u00e7\u00e3o na Constru\u00e7\u00e3o","og_description":"Descubra como a empilhadeira Paletrans pode transformar suas opera\u00e7\u00f5es na constru\u00e7\u00e3o civil. Opte pela qualidade e inova\u00e7\u00e3o da Nigro Equipamentos.","og_url":"https:\/\/nigroequipamentos.com.br\/conteudo\/empilhadeira-paletrans-a-revolucao-na-construcao-9\/","og_site_name":"Nigro Equipamentos","article_publisher":"https:\/\/www.facebook.com\/nigroequipamentos","twitter_card":"summary_large_image","schema":{"@context":"https:\/\/schema.org","@graph":[{"@type":"WebPage","@id":"https:\/\/nigroequipamentos.com.br\/conteudo\/empilhadeira-paletrans-a-revolucao-na-construcao-9\/","url":"https:\/\/nigroequipamentos.com.br\/conteudo\/empilhadeira-paletrans-a-revolucao-na-construcao-9\/","name":"Empilhadeira Paletrans: Otimize Sua Constru\u00e7\u00e3o com a Nigro","isPartOf":{"@id":"https:\/\/nigroequipamentos.com.br\/conteudo\/#website"},"datePublished":"2025-11-03T21:46:00+00:00","dateModified":"2025-11-03T21:46:00+00:00","description":"Descubra como a empilhadeira Paletrans pode transformar suas opera\u00e7\u00f5es na constru\u00e7\u00e3o civil. Opte pela qualidade e inova\u00e7\u00e3o da Nigro Equipamentos.","breadcrumb":{"@id":"https:\/\/nigroequipamentos.com.br\/conteudo\/empilhadeira-paletrans-a-revolucao-na-construcao-9\/#breadcrumb"},"inLanguage":"pt-BR","potentialAction":[{"@type":"ReadAction","target":["https:\/\/nigroequipamentos.com.br\/conteudo\/empilhadeira-paletrans-a-revolucao-na-construcao-9\/"]}]},{"@type":"BreadcrumbList","@id":"https:\/\/nigroequipamentos.com.br\/conteudo\/empilhadeira-paletrans-a-revolucao-na-construcao-9\/#breadcrumb","itemListElement":[{"@type":"ListItem","position":1,"name":"In\u00edcio","item":"https:\/\/nigroequipamentos.com.br\/conteudo\/"},{"@type":"ListItem","position":2,"name":"Empilhadeira Paletrans: A Revolu\u00e7\u00e3o na Constru\u00e7\u00e3o"}]},{"@type":"WebSite","@id":"https:\/\/nigroequipamentos.com.br\/conteudo\/#website","url":"https:\/\/nigroequipamentos.com.br\/conteudo\/","name":"Nigro Equipamentos","description":"Loca\u00e7\u00e3o e Vendas","publisher":{"@id":"https:\/\/nigroequipamentos.com.br\/conteudo\/#organization"},"potentialAction":[{"@type":"SearchAction","target":{"@type":"EntryPoint","urlTemplate":"https:\/\/nigroequipamentos.com.br\/conteudo\/?s={search_term_string}"},"query-input":{"@type":"PropertyValueSpecification","valueRequired":true,"valueName":"search_term_string"}}],"inLanguage":"pt-BR"},{"@type":"Organization","@id":"https:\/\/nigroequipamentos.com.br\/conteudo\/#organization","name":"Nigro Equipamentos","url":"https:\/\/nigroequipamentos.com.br\/conteudo\/","logo":{"@type":"ImageObject","inLanguage":"pt-BR","@id":"https:\/\/nigroequipamentos.com.br\/conteudo\/#\/schema\/logo\/image\/","url":"https:\/\/nigroequipamentos.com.br\/conteudo\/wp-content\/uploads\/2024\/10\/nigroequipamentos_logo.webp","contentUrl":"https:\/\/nigroequipamentos.com.br\/conteudo\/wp-content\/uploads\/2024\/10\/nigroequipamentos_logo.webp","width":785,"height":355,"caption":"Nigro Equipamentos"},"image":{"@id":"https:\/\/nigroequipamentos.com.br\/conteudo\/#\/schema\/logo\/image\/"},"sameAs":["https:\/\/www.facebook.com\/nigroequipamentos","https:\/\/www.instagram.com\/nigroequipamentos\/"]}]}},"_links":{"self":[{"href":"https:\/\/nigroequipamentos.com.br\/conteudo\/wp-json\/wp\/v2\/pages\/69114","targetHints":{"allow":["GET"]}}],"collection":[{"href":"https:\/\/nigroequipamentos.com.br\/conteudo\/wp-json\/wp\/v2\/pages"}],"about":[{"href":"https:\/\/nigroequipamentos.com.br\/conteudo\/wp-json\/wp\/v2\/types\/page"}],"author":[{"embeddable":true,"href":"https:\/\/nigroequipamentos.com.br\/conteudo\/wp-json\/wp\/v2\/users\/3"}],"replies":[{"embeddable":true,"href":"https:\/\/nigroequipamentos.com.br\/conteudo\/wp-json\/wp\/v2\/comments?post=69114"}],"version-history":[{"count":0,"href":"https:\/\/nigroequipamentos.com.br\/conteudo\/wp-json\/wp\/v2\/pages\/69114\/revisions"}],"wp:attachment":[{"href":"https:\/\/nigroequipamentos.com.br\/conteudo\/wp-json\/wp\/v2\/media?parent=69114"}],"curies":[{"name":"wp","href":"https:\/\/api.w.org\/{rel}","templated":true}]}}