{"id":66359,"date":"2025-10-21T13:01:09","date_gmt":"2025-10-21T16:01:09","guid":{"rendered":"https:\/\/nigroequipamentos.com.br\/conteudo\/empilhadeira-paletrans-logistica-elevando-sua-eficiencia-operacional\/"},"modified":"2025-10-21T13:01:09","modified_gmt":"2025-10-21T16:01:09","slug":"empilhadeira-paletrans-logistica-elevando-sua-eficiencia-operacional","status":"publish","type":"page","link":"https:\/\/nigroequipamentos.com.br\/conteudo\/empilhadeira-paletrans-logistica-elevando-sua-eficiencia-operacional\/","title":{"rendered":"Empilhadeira Paletrans Log\u00edstica: Elevando sua Efici\u00eancia Operacional"},"content":{"rendered":"<p>A Nigro Equipamentos se destaca no fornecimento de solu\u00e7\u00f5es em Empilhadeira Paletrans Log\u00edstica, otimizando processos e aumentando a produtividade em armaz\u00e9ns e centros de distribui\u00e7\u00e3o. Com uma vasta experi\u00eancia no setor, nossa empresa \u00e9 refer\u00eancia na loca\u00e7\u00e3o, compra e manuten\u00e7\u00e3o de empilhadeiras adequadas \u00e0s suas necessidades. Com a Empilhadeira Paletrans Log\u00edstica da Nigro, voc\u00ea garante agilidade, seguran\u00e7a e efici\u00eancia em seus processos log\u00edsticos, tornando suas opera\u00e7\u00f5es ainda mais competitivas e lucrativas.<\/p>\n","protected":false},"excerpt":{"rendered":"<p>A Nigro Equipamentos se destaca no fornecimento de solu\u00e7\u00f5es em Empilhadeira Paletrans Log\u00edstica, otimizando processos e aumentando a produtividade em armaz\u00e9ns e centros de distribui\u00e7\u00e3o. Com uma vasta experi\u00eancia no setor, nossa empresa \u00e9 refer\u00eancia na loca\u00e7\u00e3o, compra e manuten\u00e7\u00e3o de empilhadeiras adequadas \u00e0s suas necessidades. Com a Empilhadeira Paletrans Log\u00edstica da Nigro, voc\u00ea garante&hellip;&nbsp;<a href=\"https:\/\/nigroequipamentos.com.br\/conteudo\/empilhadeira-paletrans-logistica-elevando-sua-eficiencia-operacional\/\" class=\"\" rel=\"bookmark\">Continue a ler &raquo;<span class=\"screen-reader-text\">Empilhadeira Paletrans Log\u00edstica: Elevando sua Efici\u00eancia Operacional<\/span><\/a><\/p>\n","protected":false},"author":3,"featured_media":0,"parent":0,"menu_order":0,"comment_status":"closed","ping_status":"closed","template":"","meta":{"_acf_changed":false,"_yoast_wpseo_focuskw":"Empilhadeira Paletrans Log\u00edstica","_yoast_wpseo_title":"Empilhadeira Paletrans Log\u00edstica: A Chave para sua Produtividade","_yoast_wpseo_metadesc":"Descubra como a Empilhadeira Paletrans Log\u00edstica da Nigro Equipamentos otimiza sua opera\u00e7\u00e3o e aumenta a produtividade do seu neg\u00f3cio.","neve_meta_sidebar":"","neve_meta_container":"","neve_meta_enable_content_width":"","neve_meta_content_width":0,"neve_meta_title_alignment":"","neve_meta_author_avatar":"","neve_post_elements_order":"","neve_meta_disable_header":"","neve_meta_disable_footer":"","neve_meta_disable_title":"","footnotes":""},"class_list":["post-66359","page","type-page","status-publish","hentry"],"acf":{"bloco1title":"Parcelamento Atraente","bloco1text":"Oferecemos condi\u00e7\u00f5es de pagamento flex\u00edveis para a loca\u00e7\u00e3o e compra de Empilhadeira Paletrans Log\u00edstica, facilitando seu investimento.","bloco2title":"Suporte R\u00e1pido","bloco2text":"Nosso time de especialistas est\u00e1 sempre dispon\u00edvel para manuten\u00e7\u00e3o e suporte, garantindo o funcionamento cont\u00ednuo das Empilhadeiras Paletrans Log\u00edstica.","bloco3title":"Aumento da Produtividade","bloco3text":"As Empilhadeiras Paletrans Log\u00edstica proporcionam movimenta\u00e7\u00e3o otimizada de cargas, reduzindo o tempo gasto em opera\u00e7\u00f5es e aumentando a efici\u00eancia da sua equipe.","posttitle":"Como a Empilhadeira Paletrans Revoluciona a Log\u00edstica de Armaz\u00e9ns","postcontent":"<strong>Introdu\u00e7\u00e3o \u00e0s Empilhadeiras Paletrans<\/strong>  \nAs Empilhadeiras Paletrans Log\u00edstica s\u00e3o essenciais para qualquer opera\u00e7\u00e3o que busca efici\u00eancia em manuseio de materiais. Ao optar por esses equipamentos, sua empresa ganha em velocidade e seguran\u00e7a durante o transporte de cargas pesadas.  \n  \n<strong>Vantagens das Empilhadeiras Paletrans<\/strong>  \nEssas empilhadeiras s\u00e3o projetadas para maximizar a capacidade de armazenamento e otimizar o espa\u00e7o no seu armaz\u00e9m. Com isso, a Empilhadeira Paletrans Log\u00edstica se torna indispens\u00e1vel na rotina de empresas que precisam movimentar paletes com frequ\u00eancia.  \n  \n<strong>Manuten\u00e7\u00e3o e Suporte da Nigro<\/strong>  \nUm diferencial da Nigro Equipamentos \u00e9 o amplo suporte na manuten\u00e7\u00e3o das Empilhadeiras Paletrans Log\u00edstica. Contamos com uma equipe t\u00e9cnica especializada que garante a operacionalidade cont\u00ednua dos equipamentos, evitando paradas n\u00e3o programadas e garantindo a seguran\u00e7a dos operadores.  \n  \n<strong>Loca\u00e7\u00e3o e Compra Flex\u00edvel<\/strong>  \nOferecemos op\u00e7\u00f5es de loca\u00e7\u00e3o e compra das Empilhadeiras Paletrans Log\u00edstica, tornando acess\u00edvel para empresas de todos os tamanhos investir em tecnologia de ponta. Nossa facilidade de pagamento e op\u00e7\u00f5es de acordo fazem da Nigro a escolha certa para suas necessidades log\u00edsticas.","insightwidtitle":"Curiosidades sobre Empilhadeiras","insightwidcontent":"Voc\u00ea sabia que o primeiro modelo de empilhadeira foi desenvolvido na d\u00e9cada de 1920? Desde ent\u00e3o, a tecnologia das Empilhadeiras Paletrans Log\u00edstica evoluiu para oferecer seguran\u00e7a, facilidade de manobra e efici\u00eancia na movimenta\u00e7\u00e3o de cargas. Esse equipamento se tornou fundamental em armaz\u00e9ns modernos, permitindo uma gest\u00e3o mais organizada dos estoques."},"yoast_head":"<!-- This site is optimized with the Yoast SEO Premium plugin v18.3 (Yoast SEO v23.4) - https:\/\/yoast.com\/wordpress\/plugins\/seo\/ -->\n<title>Empilhadeira Paletrans Log\u00edstica: A Chave para sua Produtividade<\/title>\n<meta name=\"description\" content=\"Descubra como a Empilhadeira Paletrans Log\u00edstica da Nigro Equipamentos otimiza sua opera\u00e7\u00e3o e aumenta a produtividade do seu neg\u00f3cio.\" \/>\n<meta name=\"robots\" content=\"index, follow, max-snippet:-1, max-image-preview:large, max-video-preview:-1\" \/>\n<link rel=\"canonical\" href=\"https:\/\/nigroequipamentos.com.br\/conteudo\/empilhadeira-paletrans-logistica-elevando-sua-eficiencia-operacional\/\" \/>\n<meta property=\"og:locale\" content=\"pt_BR\" \/>\n<meta property=\"og:type\" content=\"article\" \/>\n<meta property=\"og:title\" content=\"Empilhadeira Paletrans Log\u00edstica: Elevando sua Efici\u00eancia Operacional\" \/>\n<meta property=\"og:description\" content=\"Descubra como a Empilhadeira Paletrans Log\u00edstica da Nigro Equipamentos otimiza sua opera\u00e7\u00e3o e aumenta a produtividade do seu neg\u00f3cio.\" \/>\n<meta property=\"og:url\" content=\"https:\/\/nigroequipamentos.com.br\/conteudo\/empilhadeira-paletrans-logistica-elevando-sua-eficiencia-operacional\/\" \/>\n<meta property=\"og:site_name\" content=\"Nigro Equipamentos\" \/>\n<meta property=\"article:publisher\" content=\"https:\/\/www.facebook.com\/nigroequipamentos\" \/>\n<meta name=\"twitter:card\" content=\"summary_large_image\" \/>\n<script type=\"application\/ld+json\" class=\"yoast-schema-graph\">{\"@context\":\"https:\/\/schema.org\",\"@graph\":[{\"@type\":\"WebPage\",\"@id\":\"https:\/\/nigroequipamentos.com.br\/conteudo\/empilhadeira-paletrans-logistica-elevando-sua-eficiencia-operacional\/\",\"url\":\"https:\/\/nigroequipamentos.com.br\/conteudo\/empilhadeira-paletrans-logistica-elevando-sua-eficiencia-operacional\/\",\"name\":\"Empilhadeira Paletrans Log\u00edstica: A Chave para sua Produtividade\",\"isPartOf\":{\"@id\":\"https:\/\/nigroequipamentos.com.br\/conteudo\/#website\"},\"datePublished\":\"2025-10-21T16:01:09+00:00\",\"dateModified\":\"2025-10-21T16:01:09+00:00\",\"description\":\"Descubra como a Empilhadeira Paletrans Log\u00edstica da Nigro Equipamentos otimiza sua opera\u00e7\u00e3o e aumenta a produtividade do seu neg\u00f3cio.\",\"breadcrumb\":{\"@id\":\"https:\/\/nigroequipamentos.com.br\/conteudo\/empilhadeira-paletrans-logistica-elevando-sua-eficiencia-operacional\/#breadcrumb\"},\"inLanguage\":\"pt-BR\",\"potentialAction\":[{\"@type\":\"ReadAction\",\"target\":[\"https:\/\/nigroequipamentos.com.br\/conteudo\/empilhadeira-paletrans-logistica-elevando-sua-eficiencia-operacional\/\"]}]},{\"@type\":\"BreadcrumbList\",\"@id\":\"https:\/\/nigroequipamentos.com.br\/conteudo\/empilhadeira-paletrans-logistica-elevando-sua-eficiencia-operacional\/#breadcrumb\",\"itemListElement\":[{\"@type\":\"ListItem\",\"position\":1,\"name\":\"In\u00edcio\",\"item\":\"https:\/\/nigroequipamentos.com.br\/conteudo\/\"},{\"@type\":\"ListItem\",\"position\":2,\"name\":\"Empilhadeira Paletrans Log\u00edstica: Elevando sua Efici\u00eancia Operacional\"}]},{\"@type\":\"WebSite\",\"@id\":\"https:\/\/nigroequipamentos.com.br\/conteudo\/#website\",\"url\":\"https:\/\/nigroequipamentos.com.br\/conteudo\/\",\"name\":\"Nigro Equipamentos\",\"description\":\"Loca\u00e7\u00e3o e Vendas\",\"publisher\":{\"@id\":\"https:\/\/nigroequipamentos.com.br\/conteudo\/#organization\"},\"potentialAction\":[{\"@type\":\"SearchAction\",\"target\":{\"@type\":\"EntryPoint\",\"urlTemplate\":\"https:\/\/nigroequipamentos.com.br\/conteudo\/?s={search_term_string}\"},\"query-input\":{\"@type\":\"PropertyValueSpecification\",\"valueRequired\":true,\"valueName\":\"search_term_string\"}}],\"inLanguage\":\"pt-BR\"},{\"@type\":\"Organization\",\"@id\":\"https:\/\/nigroequipamentos.com.br\/conteudo\/#organization\",\"name\":\"Nigro Equipamentos\",\"url\":\"https:\/\/nigroequipamentos.com.br\/conteudo\/\",\"logo\":{\"@type\":\"ImageObject\",\"inLanguage\":\"pt-BR\",\"@id\":\"https:\/\/nigroequipamentos.com.br\/conteudo\/#\/schema\/logo\/image\/\",\"url\":\"https:\/\/nigroequipamentos.com.br\/conteudo\/wp-content\/uploads\/2024\/10\/nigroequipamentos_logo.webp\",\"contentUrl\":\"https:\/\/nigroequipamentos.com.br\/conteudo\/wp-content\/uploads\/2024\/10\/nigroequipamentos_logo.webp\",\"width\":785,\"height\":355,\"caption\":\"Nigro Equipamentos\"},\"image\":{\"@id\":\"https:\/\/nigroequipamentos.com.br\/conteudo\/#\/schema\/logo\/image\/\"},\"sameAs\":[\"https:\/\/www.facebook.com\/nigroequipamentos\",\"https:\/\/www.instagram.com\/nigroequipamentos\/\"]}]}<\/script>\n<!-- \/ Yoast SEO Premium plugin. -->","yoast_head_json":{"title":"Empilhadeira Paletrans Log\u00edstica: A Chave para sua Produtividade","description":"Descubra como a Empilhadeira Paletrans Log\u00edstica da Nigro Equipamentos otimiza sua opera\u00e7\u00e3o e aumenta a produtividade do seu neg\u00f3cio.","robots":{"index":"index","follow":"follow","max-snippet":"max-snippet:-1","max-image-preview":"max-image-preview:large","max-video-preview":"max-video-preview:-1"},"canonical":"https:\/\/nigroequipamentos.com.br\/conteudo\/empilhadeira-paletrans-logistica-elevando-sua-eficiencia-operacional\/","og_locale":"pt_BR","og_type":"article","og_title":"Empilhadeira Paletrans Log\u00edstica: Elevando sua Efici\u00eancia Operacional","og_description":"Descubra como a Empilhadeira Paletrans Log\u00edstica da Nigro Equipamentos otimiza sua opera\u00e7\u00e3o e aumenta a produtividade do seu neg\u00f3cio.","og_url":"https:\/\/nigroequipamentos.com.br\/conteudo\/empilhadeira-paletrans-logistica-elevando-sua-eficiencia-operacional\/","og_site_name":"Nigro Equipamentos","article_publisher":"https:\/\/www.facebook.com\/nigroequipamentos","twitter_card":"summary_large_image","schema":{"@context":"https:\/\/schema.org","@graph":[{"@type":"WebPage","@id":"https:\/\/nigroequipamentos.com.br\/conteudo\/empilhadeira-paletrans-logistica-elevando-sua-eficiencia-operacional\/","url":"https:\/\/nigroequipamentos.com.br\/conteudo\/empilhadeira-paletrans-logistica-elevando-sua-eficiencia-operacional\/","name":"Empilhadeira Paletrans Log\u00edstica: A Chave para sua Produtividade","isPartOf":{"@id":"https:\/\/nigroequipamentos.com.br\/conteudo\/#website"},"datePublished":"2025-10-21T16:01:09+00:00","dateModified":"2025-10-21T16:01:09+00:00","description":"Descubra como a Empilhadeira Paletrans Log\u00edstica da Nigro Equipamentos otimiza sua opera\u00e7\u00e3o e aumenta a produtividade do seu neg\u00f3cio.","breadcrumb":{"@id":"https:\/\/nigroequipamentos.com.br\/conteudo\/empilhadeira-paletrans-logistica-elevando-sua-eficiencia-operacional\/#breadcrumb"},"inLanguage":"pt-BR","potentialAction":[{"@type":"ReadAction","target":["https:\/\/nigroequipamentos.com.br\/conteudo\/empilhadeira-paletrans-logistica-elevando-sua-eficiencia-operacional\/"]}]},{"@type":"BreadcrumbList","@id":"https:\/\/nigroequipamentos.com.br\/conteudo\/empilhadeira-paletrans-logistica-elevando-sua-eficiencia-operacional\/#breadcrumb","itemListElement":[{"@type":"ListItem","position":1,"name":"In\u00edcio","item":"https:\/\/nigroequipamentos.com.br\/conteudo\/"},{"@type":"ListItem","position":2,"name":"Empilhadeira Paletrans Log\u00edstica: Elevando sua Efici\u00eancia Operacional"}]},{"@type":"WebSite","@id":"https:\/\/nigroequipamentos.com.br\/conteudo\/#website","url":"https:\/\/nigroequipamentos.com.br\/conteudo\/","name":"Nigro Equipamentos","description":"Loca\u00e7\u00e3o e Vendas","publisher":{"@id":"https:\/\/nigroequipamentos.com.br\/conteudo\/#organization"},"potentialAction":[{"@type":"SearchAction","target":{"@type":"EntryPoint","urlTemplate":"https:\/\/nigroequipamentos.com.br\/conteudo\/?s={search_term_string}"},"query-input":{"@type":"PropertyValueSpecification","valueRequired":true,"valueName":"search_term_string"}}],"inLanguage":"pt-BR"},{"@type":"Organization","@id":"https:\/\/nigroequipamentos.com.br\/conteudo\/#organization","name":"Nigro Equipamentos","url":"https:\/\/nigroequipamentos.com.br\/conteudo\/","logo":{"@type":"ImageObject","inLanguage":"pt-BR","@id":"https:\/\/nigroequipamentos.com.br\/conteudo\/#\/schema\/logo\/image\/","url":"https:\/\/nigroequipamentos.com.br\/conteudo\/wp-content\/uploads\/2024\/10\/nigroequipamentos_logo.webp","contentUrl":"https:\/\/nigroequipamentos.com.br\/conteudo\/wp-content\/uploads\/2024\/10\/nigroequipamentos_logo.webp","width":785,"height":355,"caption":"Nigro Equipamentos"},"image":{"@id":"https:\/\/nigroequipamentos.com.br\/conteudo\/#\/schema\/logo\/image\/"},"sameAs":["https:\/\/www.facebook.com\/nigroequipamentos","https:\/\/www.instagram.com\/nigroequipamentos\/"]}]}},"_links":{"self":[{"href":"https:\/\/nigroequipamentos.com.br\/conteudo\/wp-json\/wp\/v2\/pages\/66359","targetHints":{"allow":["GET"]}}],"collection":[{"href":"https:\/\/nigroequipamentos.com.br\/conteudo\/wp-json\/wp\/v2\/pages"}],"about":[{"href":"https:\/\/nigroequipamentos.com.br\/conteudo\/wp-json\/wp\/v2\/types\/page"}],"author":[{"embeddable":true,"href":"https:\/\/nigroequipamentos.com.br\/conteudo\/wp-json\/wp\/v2\/users\/3"}],"replies":[{"embeddable":true,"href":"https:\/\/nigroequipamentos.com.br\/conteudo\/wp-json\/wp\/v2\/comments?post=66359"}],"version-history":[{"count":0,"href":"https:\/\/nigroequipamentos.com.br\/conteudo\/wp-json\/wp\/v2\/pages\/66359\/revisions"}],"wp:attachment":[{"href":"https:\/\/nigroequipamentos.com.br\/conteudo\/wp-json\/wp\/v2\/media?parent=66359"}],"curies":[{"name":"wp","href":"https:\/\/api.w.org\/{rel}","templated":true}]}}