{"id":60991,"date":"2025-09-17T21:46:03","date_gmt":"2025-09-18T00:46:03","guid":{"rendered":"https:\/\/nigroequipamentos.com.br\/conteudo\/descubra-a-empilhadeira-retratil-paletrans-pr1710i-da-nigro-equipamentos-6\/"},"modified":"2025-09-17T21:46:03","modified_gmt":"2025-09-18T00:46:03","slug":"descubra-a-empilhadeira-retratil-paletrans-pr1710i-da-nigro-equipamentos-6","status":"publish","type":"page","link":"https:\/\/nigroequipamentos.com.br\/conteudo\/descubra-a-empilhadeira-retratil-paletrans-pr1710i-da-nigro-equipamentos-6\/","title":{"rendered":"Descubra a Empilhadeira Retr\u00e1til Paletrans PR1710i da Nigro Equipamentos"},"content":{"rendered":"<p>A empilhadeira retr\u00e1til Paletrans PR1710i \u00e9 uma solu\u00e7\u00e3o inovadora para suas opera\u00e7\u00f5es. Com design ergon\u00f4mico e tecnologia avan\u00e7ada, a Paletrans PR1710i oferece versatilidade e efici\u00eancia, aprimorando a produtividade no manuseio de cargas. Seu sistema de eleva\u00e7\u00e3o inteligente permite operar em corredores estreitos, maximizando o espa\u00e7o \u00fatil do armaz\u00e9m. A Nigro Equipamentos \u00e9 refer\u00eancia na comercializa\u00e7\u00e3o, manuten\u00e7\u00e3o e loca\u00e7\u00e3o da empilhadeira retr\u00e1til Paletrans PR1710i, garantindo qualidade e suporte ao cliente. Quando voc\u00ea procura efici\u00eancia e confian\u00e7a, a Nigro \u00e9 sua melhor escolha.<\/p>\n","protected":false},"excerpt":{"rendered":"<p>A empilhadeira retr\u00e1til Paletrans PR1710i \u00e9 uma solu\u00e7\u00e3o inovadora para suas opera\u00e7\u00f5es. Com design ergon\u00f4mico e tecnologia avan\u00e7ada, a Paletrans PR1710i oferece versatilidade e efici\u00eancia, aprimorando a produtividade no manuseio de cargas. Seu sistema de eleva\u00e7\u00e3o inteligente permite operar em corredores estreitos, maximizando o espa\u00e7o \u00fatil do armaz\u00e9m. A Nigro Equipamentos \u00e9 refer\u00eancia na comercializa\u00e7\u00e3o,&hellip;&nbsp;<a href=\"https:\/\/nigroequipamentos.com.br\/conteudo\/descubra-a-empilhadeira-retratil-paletrans-pr1710i-da-nigro-equipamentos-6\/\" class=\"\" rel=\"bookmark\">Continue a ler &raquo;<span class=\"screen-reader-text\">Descubra a Empilhadeira Retr\u00e1til Paletrans PR1710i da Nigro Equipamentos<\/span><\/a><\/p>\n","protected":false},"author":3,"featured_media":0,"parent":0,"menu_order":0,"comment_status":"closed","ping_status":"closed","template":"","meta":{"_acf_changed":false,"_yoast_wpseo_focuskw":"Empilhadeira Retr\u00e1til Paletrans PR1710i","_yoast_wpseo_title":"Empilhadeira Retr\u00e1til Paletrans PR1710i \u2013 Efici\u00eancia e Inova\u00e7\u00e3o","_yoast_wpseo_metadesc":"Conhe\u00e7a a empilhadeira retr\u00e1til Paletrans PR1710i da Nigro Equipamentos \u2013 a melhor escolha em qualidade, manuten\u00e7\u00e3o e loca\u00e7\u00e3o.","neve_meta_sidebar":"","neve_meta_container":"","neve_meta_enable_content_width":"","neve_meta_content_width":0,"neve_meta_title_alignment":"","neve_meta_author_avatar":"","neve_post_elements_order":"","neve_meta_disable_header":"","neve_meta_disable_footer":"","neve_meta_disable_title":"","footnotes":""},"class_list":["post-60991","page","type-page","status-publish","hentry"],"acf":{"bloco1title":"Qualidade Garantida","bloco1text":"A Nigro Equipamentos oferece suporte total na compra e manuten\u00e7\u00e3o da empilhadeira retr\u00e1til Paletrans PR1710i, garantindo a melhor experi\u00eancia ao cliente.","bloco2title":"Inova\u00e7\u00e3o Tecnol\u00f3gica","bloco2text":"A Paletrans PR1710i \u00e9 equipada com tecnologia de ponta para otimizar o manuseio de materiais.","bloco3title":"Versatilidade em A\u00e7\u00e3o","bloco3text":"Com a empilhadeira retr\u00e1til Paletrans PR1710i, sua opera\u00e7\u00e3o pode ser significativamente mais eficiente, aumentando a produtividade em armaz\u00e9ns de todos os tamanhos.","posttitle":"Empilhadeira Retr\u00e1til Paletrans PR1710i: O Que Voc\u00ea Precisa Saber","postcontent":"<strong>Introdu\u00e7\u00e3o \u00e0 Paletrans PR1710i<\/strong>\n\nA empilhadeira retr\u00e1til Paletrans PR1710i \u00e9 ideal para quem busca espa\u00e7os mais otimizados em armaz\u00e9ns. Seu design ergon\u00f4mico permite uma opera\u00e7\u00e3o confort\u00e1vel e segura, reduzindo o risco de les\u00f5es no trabalho.\n\n<strong>Caracter\u00edsticas e Benef\u00edcios<\/strong>\n\nEssa empilhadeira retr\u00e1til se destaca pela sua capacidade de manobrar em corredores estreitos, sendo perfeita para ambientes com espa\u00e7o limitado. A Paletrans PR1710i apresenta um sistema de eleva\u00e7\u00e3o robusto que suporta diversas alturas de prateleiras, permitindo a movimenta\u00e7\u00e3o de cargas com efici\u00eancia.\n\n<strong>Por que Escolher a Nigro Equipamentos?<\/strong>\n\nNa Nigro Equipamentos, voc\u00ea encontra a empilhadeira retr\u00e1til Paletrans PR1710i com garantia de qualidade e suporte t\u00e9cnico completo. Oferecemos servi\u00e7os de manuten\u00e7\u00e3o especializados que aumentam a durabilidade do seu equipamento, al\u00e9m da possibilidade de loca\u00e7\u00e3o para atender a demandas sazonais ou projetos tempor\u00e1rios.\n\n<strong>Conclus\u00e3o<\/strong>\n\nSe voc\u00ea busca n\u00e3o apenas comprar, mas tamb\u00e9m manter sua empilhadeira sempre em perfeito estado, a Nigro Equipamentos \u00e9 sua melhor op\u00e7\u00e3o. Com a Paletrans PR1710i, voc\u00ea garante efici\u00eancia e seguran\u00e7a em suas opera\u00e7\u00f5es.","insightwidtitle":"Curiosidades sobre a PR1710i","insightwidcontent":"A empilhadeira retr\u00e1til Paletrans PR1710i \u00e9 reconhecida por sua efici\u00eancia em economizar espa\u00e7o, permitindo que os usu\u00e1rios operem em corredores com apenas 2,5 metros de largura. Al\u00e9m disso, sua capacidade de carga \u00e9 ideal para diversas ind\u00fastrias, tornando-a um aliado indispens\u00e1vel na log\u00edstica moderna."},"yoast_head":"<!-- This site is optimized with the Yoast SEO Premium plugin v18.3 (Yoast SEO v23.4) - https:\/\/yoast.com\/wordpress\/plugins\/seo\/ -->\n<title>Empilhadeira Retr\u00e1til Paletrans PR1710i \u2013 Efici\u00eancia e Inova\u00e7\u00e3o<\/title>\n<meta name=\"description\" content=\"Conhe\u00e7a a empilhadeira retr\u00e1til Paletrans PR1710i da Nigro Equipamentos \u2013 a melhor escolha em qualidade, manuten\u00e7\u00e3o e loca\u00e7\u00e3o.\" \/>\n<meta name=\"robots\" content=\"index, follow, max-snippet:-1, max-image-preview:large, max-video-preview:-1\" \/>\n<link rel=\"canonical\" href=\"https:\/\/nigroequipamentos.com.br\/conteudo\/descubra-a-empilhadeira-retratil-paletrans-pr1710i-da-nigro-equipamentos-6\/\" \/>\n<meta property=\"og:locale\" content=\"pt_BR\" \/>\n<meta property=\"og:type\" content=\"article\" \/>\n<meta property=\"og:title\" content=\"Descubra a Empilhadeira Retr\u00e1til Paletrans PR1710i da Nigro Equipamentos\" \/>\n<meta property=\"og:description\" content=\"Conhe\u00e7a a empilhadeira retr\u00e1til Paletrans PR1710i da Nigro Equipamentos \u2013 a melhor escolha em qualidade, manuten\u00e7\u00e3o e loca\u00e7\u00e3o.\" \/>\n<meta property=\"og:url\" content=\"https:\/\/nigroequipamentos.com.br\/conteudo\/descubra-a-empilhadeira-retratil-paletrans-pr1710i-da-nigro-equipamentos-6\/\" \/>\n<meta property=\"og:site_name\" content=\"Nigro Equipamentos\" \/>\n<meta property=\"article:publisher\" content=\"https:\/\/www.facebook.com\/nigroequipamentos\" \/>\n<meta name=\"twitter:card\" content=\"summary_large_image\" \/>\n<script type=\"application\/ld+json\" class=\"yoast-schema-graph\">{\"@context\":\"https:\/\/schema.org\",\"@graph\":[{\"@type\":\"WebPage\",\"@id\":\"https:\/\/nigroequipamentos.com.br\/conteudo\/descubra-a-empilhadeira-retratil-paletrans-pr1710i-da-nigro-equipamentos-6\/\",\"url\":\"https:\/\/nigroequipamentos.com.br\/conteudo\/descubra-a-empilhadeira-retratil-paletrans-pr1710i-da-nigro-equipamentos-6\/\",\"name\":\"Empilhadeira Retr\u00e1til Paletrans PR1710i \u2013 Efici\u00eancia e Inova\u00e7\u00e3o\",\"isPartOf\":{\"@id\":\"https:\/\/nigroequipamentos.com.br\/conteudo\/#website\"},\"datePublished\":\"2025-09-18T00:46:03+00:00\",\"dateModified\":\"2025-09-18T00:46:03+00:00\",\"description\":\"Conhe\u00e7a a empilhadeira retr\u00e1til Paletrans PR1710i da Nigro Equipamentos \u2013 a melhor escolha em qualidade, manuten\u00e7\u00e3o e loca\u00e7\u00e3o.\",\"breadcrumb\":{\"@id\":\"https:\/\/nigroequipamentos.com.br\/conteudo\/descubra-a-empilhadeira-retratil-paletrans-pr1710i-da-nigro-equipamentos-6\/#breadcrumb\"},\"inLanguage\":\"pt-BR\",\"potentialAction\":[{\"@type\":\"ReadAction\",\"target\":[\"https:\/\/nigroequipamentos.com.br\/conteudo\/descubra-a-empilhadeira-retratil-paletrans-pr1710i-da-nigro-equipamentos-6\/\"]}]},{\"@type\":\"BreadcrumbList\",\"@id\":\"https:\/\/nigroequipamentos.com.br\/conteudo\/descubra-a-empilhadeira-retratil-paletrans-pr1710i-da-nigro-equipamentos-6\/#breadcrumb\",\"itemListElement\":[{\"@type\":\"ListItem\",\"position\":1,\"name\":\"In\u00edcio\",\"item\":\"https:\/\/nigroequipamentos.com.br\/conteudo\/\"},{\"@type\":\"ListItem\",\"position\":2,\"name\":\"Descubra a Empilhadeira Retr\u00e1til Paletrans PR1710i da Nigro Equipamentos\"}]},{\"@type\":\"WebSite\",\"@id\":\"https:\/\/nigroequipamentos.com.br\/conteudo\/#website\",\"url\":\"https:\/\/nigroequipamentos.com.br\/conteudo\/\",\"name\":\"Nigro Equipamentos\",\"description\":\"Loca\u00e7\u00e3o e Vendas\",\"publisher\":{\"@id\":\"https:\/\/nigroequipamentos.com.br\/conteudo\/#organization\"},\"potentialAction\":[{\"@type\":\"SearchAction\",\"target\":{\"@type\":\"EntryPoint\",\"urlTemplate\":\"https:\/\/nigroequipamentos.com.br\/conteudo\/?s={search_term_string}\"},\"query-input\":{\"@type\":\"PropertyValueSpecification\",\"valueRequired\":true,\"valueName\":\"search_term_string\"}}],\"inLanguage\":\"pt-BR\"},{\"@type\":\"Organization\",\"@id\":\"https:\/\/nigroequipamentos.com.br\/conteudo\/#organization\",\"name\":\"Nigro Equipamentos\",\"url\":\"https:\/\/nigroequipamentos.com.br\/conteudo\/\",\"logo\":{\"@type\":\"ImageObject\",\"inLanguage\":\"pt-BR\",\"@id\":\"https:\/\/nigroequipamentos.com.br\/conteudo\/#\/schema\/logo\/image\/\",\"url\":\"https:\/\/nigroequipamentos.com.br\/conteudo\/wp-content\/uploads\/2024\/10\/nigroequipamentos_logo.webp\",\"contentUrl\":\"https:\/\/nigroequipamentos.com.br\/conteudo\/wp-content\/uploads\/2024\/10\/nigroequipamentos_logo.webp\",\"width\":785,\"height\":355,\"caption\":\"Nigro Equipamentos\"},\"image\":{\"@id\":\"https:\/\/nigroequipamentos.com.br\/conteudo\/#\/schema\/logo\/image\/\"},\"sameAs\":[\"https:\/\/www.facebook.com\/nigroequipamentos\",\"https:\/\/www.instagram.com\/nigroequipamentos\/\"]}]}<\/script>\n<!-- \/ Yoast SEO Premium plugin. -->","yoast_head_json":{"title":"Empilhadeira Retr\u00e1til Paletrans PR1710i \u2013 Efici\u00eancia e Inova\u00e7\u00e3o","description":"Conhe\u00e7a a empilhadeira retr\u00e1til Paletrans PR1710i da Nigro Equipamentos \u2013 a melhor escolha em qualidade, manuten\u00e7\u00e3o e loca\u00e7\u00e3o.","robots":{"index":"index","follow":"follow","max-snippet":"max-snippet:-1","max-image-preview":"max-image-preview:large","max-video-preview":"max-video-preview:-1"},"canonical":"https:\/\/nigroequipamentos.com.br\/conteudo\/descubra-a-empilhadeira-retratil-paletrans-pr1710i-da-nigro-equipamentos-6\/","og_locale":"pt_BR","og_type":"article","og_title":"Descubra a Empilhadeira Retr\u00e1til Paletrans PR1710i da Nigro Equipamentos","og_description":"Conhe\u00e7a a empilhadeira retr\u00e1til Paletrans PR1710i da Nigro Equipamentos \u2013 a melhor escolha em qualidade, manuten\u00e7\u00e3o e loca\u00e7\u00e3o.","og_url":"https:\/\/nigroequipamentos.com.br\/conteudo\/descubra-a-empilhadeira-retratil-paletrans-pr1710i-da-nigro-equipamentos-6\/","og_site_name":"Nigro Equipamentos","article_publisher":"https:\/\/www.facebook.com\/nigroequipamentos","twitter_card":"summary_large_image","schema":{"@context":"https:\/\/schema.org","@graph":[{"@type":"WebPage","@id":"https:\/\/nigroequipamentos.com.br\/conteudo\/descubra-a-empilhadeira-retratil-paletrans-pr1710i-da-nigro-equipamentos-6\/","url":"https:\/\/nigroequipamentos.com.br\/conteudo\/descubra-a-empilhadeira-retratil-paletrans-pr1710i-da-nigro-equipamentos-6\/","name":"Empilhadeira Retr\u00e1til Paletrans PR1710i \u2013 Efici\u00eancia e Inova\u00e7\u00e3o","isPartOf":{"@id":"https:\/\/nigroequipamentos.com.br\/conteudo\/#website"},"datePublished":"2025-09-18T00:46:03+00:00","dateModified":"2025-09-18T00:46:03+00:00","description":"Conhe\u00e7a a empilhadeira retr\u00e1til Paletrans PR1710i da Nigro Equipamentos \u2013 a melhor escolha em qualidade, manuten\u00e7\u00e3o e loca\u00e7\u00e3o.","breadcrumb":{"@id":"https:\/\/nigroequipamentos.com.br\/conteudo\/descubra-a-empilhadeira-retratil-paletrans-pr1710i-da-nigro-equipamentos-6\/#breadcrumb"},"inLanguage":"pt-BR","potentialAction":[{"@type":"ReadAction","target":["https:\/\/nigroequipamentos.com.br\/conteudo\/descubra-a-empilhadeira-retratil-paletrans-pr1710i-da-nigro-equipamentos-6\/"]}]},{"@type":"BreadcrumbList","@id":"https:\/\/nigroequipamentos.com.br\/conteudo\/descubra-a-empilhadeira-retratil-paletrans-pr1710i-da-nigro-equipamentos-6\/#breadcrumb","itemListElement":[{"@type":"ListItem","position":1,"name":"In\u00edcio","item":"https:\/\/nigroequipamentos.com.br\/conteudo\/"},{"@type":"ListItem","position":2,"name":"Descubra a Empilhadeira Retr\u00e1til Paletrans PR1710i da Nigro Equipamentos"}]},{"@type":"WebSite","@id":"https:\/\/nigroequipamentos.com.br\/conteudo\/#website","url":"https:\/\/nigroequipamentos.com.br\/conteudo\/","name":"Nigro Equipamentos","description":"Loca\u00e7\u00e3o e Vendas","publisher":{"@id":"https:\/\/nigroequipamentos.com.br\/conteudo\/#organization"},"potentialAction":[{"@type":"SearchAction","target":{"@type":"EntryPoint","urlTemplate":"https:\/\/nigroequipamentos.com.br\/conteudo\/?s={search_term_string}"},"query-input":{"@type":"PropertyValueSpecification","valueRequired":true,"valueName":"search_term_string"}}],"inLanguage":"pt-BR"},{"@type":"Organization","@id":"https:\/\/nigroequipamentos.com.br\/conteudo\/#organization","name":"Nigro Equipamentos","url":"https:\/\/nigroequipamentos.com.br\/conteudo\/","logo":{"@type":"ImageObject","inLanguage":"pt-BR","@id":"https:\/\/nigroequipamentos.com.br\/conteudo\/#\/schema\/logo\/image\/","url":"https:\/\/nigroequipamentos.com.br\/conteudo\/wp-content\/uploads\/2024\/10\/nigroequipamentos_logo.webp","contentUrl":"https:\/\/nigroequipamentos.com.br\/conteudo\/wp-content\/uploads\/2024\/10\/nigroequipamentos_logo.webp","width":785,"height":355,"caption":"Nigro Equipamentos"},"image":{"@id":"https:\/\/nigroequipamentos.com.br\/conteudo\/#\/schema\/logo\/image\/"},"sameAs":["https:\/\/www.facebook.com\/nigroequipamentos","https:\/\/www.instagram.com\/nigroequipamentos\/"]}]}},"_links":{"self":[{"href":"https:\/\/nigroequipamentos.com.br\/conteudo\/wp-json\/wp\/v2\/pages\/60991","targetHints":{"allow":["GET"]}}],"collection":[{"href":"https:\/\/nigroequipamentos.com.br\/conteudo\/wp-json\/wp\/v2\/pages"}],"about":[{"href":"https:\/\/nigroequipamentos.com.br\/conteudo\/wp-json\/wp\/v2\/types\/page"}],"author":[{"embeddable":true,"href":"https:\/\/nigroequipamentos.com.br\/conteudo\/wp-json\/wp\/v2\/users\/3"}],"replies":[{"embeddable":true,"href":"https:\/\/nigroequipamentos.com.br\/conteudo\/wp-json\/wp\/v2\/comments?post=60991"}],"version-history":[{"count":0,"href":"https:\/\/nigroequipamentos.com.br\/conteudo\/wp-json\/wp\/v2\/pages\/60991\/revisions"}],"wp:attachment":[{"href":"https:\/\/nigroequipamentos.com.br\/conteudo\/wp-json\/wp\/v2\/media?parent=60991"}],"curies":[{"name":"wp","href":"https:\/\/api.w.org\/{rel}","templated":true}]}}