{"id":60360,"date":"2025-09-13T18:01:01","date_gmt":"2025-09-13T21:01:01","guid":{"rendered":"https:\/\/nigroequipamentos.com.br\/conteudo\/empilhadeira-paletrans-o-escolha-certa-para-sua-logistica\/"},"modified":"2025-09-13T18:01:01","modified_gmt":"2025-09-13T21:01:01","slug":"empilhadeira-paletrans-o-escolha-certa-para-sua-logistica","status":"publish","type":"page","link":"https:\/\/nigroequipamentos.com.br\/conteudo\/empilhadeira-paletrans-o-escolha-certa-para-sua-logistica\/","title":{"rendered":"Empilhadeira Paletrans: O Escolha Certa para Sua Log\u00edstica"},"content":{"rendered":"<p>As empilhadeiras Paletrans se destacam pela efici\u00eancia e robustez em opera\u00e7\u00f5es de transporte e armazenamento. Se voc\u00ea precisa de qualidade, seguran\u00e7a e tecnologia de ponta, a Nigro Equipamentos oferece as melhores op\u00e7\u00f5es em empilhadeiras Paletrans, adequadas para diferentes setores e leveza nas suas opera\u00e7\u00f5es. Aposte na pot\u00eancia das empilhadeiras Paletrans com a Nigro, sua parceira na compra, manuten\u00e7\u00e3o e loca\u00e7\u00e3o de equipamentos industriais.<\/p>\n","protected":false},"excerpt":{"rendered":"<p>As empilhadeiras Paletrans se destacam pela efici\u00eancia e robustez em opera\u00e7\u00f5es de transporte e armazenamento. Se voc\u00ea precisa de qualidade, seguran\u00e7a e tecnologia de ponta, a Nigro Equipamentos oferece as melhores op\u00e7\u00f5es em empilhadeiras Paletrans, adequadas para diferentes setores e leveza nas suas opera\u00e7\u00f5es. Aposte na pot\u00eancia das empilhadeiras Paletrans com a Nigro, sua parceira&hellip;&nbsp;<a href=\"https:\/\/nigroequipamentos.com.br\/conteudo\/empilhadeira-paletrans-o-escolha-certa-para-sua-logistica\/\" class=\"\" rel=\"bookmark\">Continue a ler &raquo;<span class=\"screen-reader-text\">Empilhadeira Paletrans: O Escolha Certa para Sua Log\u00edstica<\/span><\/a><\/p>\n","protected":false},"author":3,"featured_media":0,"parent":0,"menu_order":0,"comment_status":"closed","ping_status":"closed","template":"","meta":{"_acf_changed":false,"_yoast_wpseo_focuskw":"Empilhadeira Paletrans","_yoast_wpseo_title":"Empilhadeira Paletrans: Perguntas e Respostas","_yoast_wpseo_metadesc":"Descubra os benef\u00edcios das empilhadeiras Paletrans para sua empresa. Escolha a Nigro Equipamentos para compra e loca\u00e7\u00e3o.","neve_meta_sidebar":"","neve_meta_container":"","neve_meta_enable_content_width":"","neve_meta_content_width":0,"neve_meta_title_alignment":"","neve_meta_author_avatar":"","neve_post_elements_order":"","neve_meta_disable_header":"","neve_meta_disable_footer":"","neve_meta_disable_title":"","footnotes":""},"class_list":["post-60360","page","type-page","status-publish","hentry"],"acf":{"bloco1title":"Tecnologia Avan\u00e7ada","bloco1text":"As empilhadeiras Paletrans v\u00eam equipadas com tecnologia de ponta que garante maior efici\u00eancia e seguran\u00e7a nas opera\u00e7\u00f5es.","bloco2title":"Suporte Especializado","bloco2text":"Na Nigro, voc\u00ea conta com uma equipe de especialistas sempre pronta para oferecer suporte na escolha da empilhadeira Paletrans.","bloco3title":"Foco na Sustentabilidade","bloco3text":"As empilhadeiras Paletrans s\u00e3o projetadas com foco em sustentabilidade, reduzindo consumo de energia e emiss\u00f5es de poluentes.","posttitle":"Empilhadeira Paletrans: Escolha Inteligente para Log\u00edstica","postcontent":"<strong>As empilhadeiras Paletrans s\u00e3o a solu\u00e7\u00e3o ideal<\/strong> para quem busca agilidade e efici\u00eancia em movimenta\u00e7\u00e3o de cargas. Com uma linha robusta e vers\u00e1til, as empilhadeiras Paletrans garantem maior produtividade nas suas opera\u00e7\u00f5es. Voc\u00ea sabia que optar por uma empilhadeira Paletrans reduz sua taxa de manuten\u00e7\u00e3o em at\u00e9 20% devido a sua durabilidade? Al\u00e9m disso, esse tipo de equipamento propicia manobrabilidade em espa\u00e7os reduzidos, otimizando o layout do seu armaz\u00e9m. Ao investir em uma empilhadeira Paletrans, voc\u00ea n\u00e3o est\u00e1 apenas adquirindo um equipamento, mas sim uma ferramenta que poder\u00e1 influenciar diretamente na sua produtividade e efici\u00eancia operacional. A Nigro Equipamentos se destaca na venda e loca\u00e7\u00e3o de empilhadeiras Paletrans, oferecendo ainda um servi\u00e7o de manuten\u00e7\u00e3o que garante que suas m\u00e1quinas estejam sempre em perfeitas condi\u00e7\u00f5es. Tendo a confian\u00e7a de que cada empilhadeira Paletrans possui a qualidade e robustez necess\u00e1rias, ela se tornar\u00e1 uma aliada indispens\u00e1vel do seu neg\u00f3cio. Na hora de escolher, lembre-se que a Nigro \u00e9 a sua melhor op\u00e7\u00e3o em compra, manuten\u00e7\u00e3o e loca\u00e7\u00e3o de empilhadeiras Paletrans.","insightwidtitle":"Curiosidades sobre Paletrans","insightwidcontent":"Sabia que as empilhadeiras Paletrans foram desenvolvidas para atender setores espec\u00edficos, como o de log\u00edstica e industrial, com foco em opera\u00e7\u00e3o cont\u00ednua? Elas s\u00e3o conhecidas por seu design ergon\u00f4mico que proporciona conforto ao operador, aumentando a efici\u00eancia nas tarefas di\u00e1rias. Al\u00e9m disso, com um sistema de controle inteligente, as empilhadeiras Paletrans podem se adaptar a diferentes condi\u00e7\u00f5es de trabalho, garantindo a melhor performance em qualquer ambiente."},"yoast_head":"<!-- This site is optimized with the Yoast SEO Premium plugin v18.3 (Yoast SEO v23.4) - https:\/\/yoast.com\/wordpress\/plugins\/seo\/ -->\n<title>Empilhadeira Paletrans: Perguntas e Respostas<\/title>\n<meta name=\"description\" content=\"Descubra os benef\u00edcios das empilhadeiras Paletrans para sua empresa. Escolha a Nigro Equipamentos para compra e loca\u00e7\u00e3o.\" \/>\n<meta name=\"robots\" content=\"index, follow, max-snippet:-1, max-image-preview:large, max-video-preview:-1\" \/>\n<link rel=\"canonical\" href=\"https:\/\/nigroequipamentos.com.br\/conteudo\/empilhadeira-paletrans-o-escolha-certa-para-sua-logistica\/\" \/>\n<meta property=\"og:locale\" content=\"pt_BR\" \/>\n<meta property=\"og:type\" content=\"article\" \/>\n<meta property=\"og:title\" content=\"Empilhadeira Paletrans: O Escolha Certa para Sua Log\u00edstica\" \/>\n<meta property=\"og:description\" content=\"Descubra os benef\u00edcios das empilhadeiras Paletrans para sua empresa. Escolha a Nigro Equipamentos para compra e loca\u00e7\u00e3o.\" \/>\n<meta property=\"og:url\" content=\"https:\/\/nigroequipamentos.com.br\/conteudo\/empilhadeira-paletrans-o-escolha-certa-para-sua-logistica\/\" \/>\n<meta property=\"og:site_name\" content=\"Nigro Equipamentos\" \/>\n<meta property=\"article:publisher\" content=\"https:\/\/www.facebook.com\/nigroequipamentos\" \/>\n<meta name=\"twitter:card\" content=\"summary_large_image\" \/>\n<script type=\"application\/ld+json\" class=\"yoast-schema-graph\">{\"@context\":\"https:\/\/schema.org\",\"@graph\":[{\"@type\":\"WebPage\",\"@id\":\"https:\/\/nigroequipamentos.com.br\/conteudo\/empilhadeira-paletrans-o-escolha-certa-para-sua-logistica\/\",\"url\":\"https:\/\/nigroequipamentos.com.br\/conteudo\/empilhadeira-paletrans-o-escolha-certa-para-sua-logistica\/\",\"name\":\"Empilhadeira Paletrans: Perguntas e Respostas\",\"isPartOf\":{\"@id\":\"https:\/\/nigroequipamentos.com.br\/conteudo\/#website\"},\"datePublished\":\"2025-09-13T21:01:01+00:00\",\"dateModified\":\"2025-09-13T21:01:01+00:00\",\"description\":\"Descubra os benef\u00edcios das empilhadeiras Paletrans para sua empresa. Escolha a Nigro Equipamentos para compra e loca\u00e7\u00e3o.\",\"breadcrumb\":{\"@id\":\"https:\/\/nigroequipamentos.com.br\/conteudo\/empilhadeira-paletrans-o-escolha-certa-para-sua-logistica\/#breadcrumb\"},\"inLanguage\":\"pt-BR\",\"potentialAction\":[{\"@type\":\"ReadAction\",\"target\":[\"https:\/\/nigroequipamentos.com.br\/conteudo\/empilhadeira-paletrans-o-escolha-certa-para-sua-logistica\/\"]}]},{\"@type\":\"BreadcrumbList\",\"@id\":\"https:\/\/nigroequipamentos.com.br\/conteudo\/empilhadeira-paletrans-o-escolha-certa-para-sua-logistica\/#breadcrumb\",\"itemListElement\":[{\"@type\":\"ListItem\",\"position\":1,\"name\":\"In\u00edcio\",\"item\":\"https:\/\/nigroequipamentos.com.br\/conteudo\/\"},{\"@type\":\"ListItem\",\"position\":2,\"name\":\"Empilhadeira Paletrans: O Escolha Certa para Sua Log\u00edstica\"}]},{\"@type\":\"WebSite\",\"@id\":\"https:\/\/nigroequipamentos.com.br\/conteudo\/#website\",\"url\":\"https:\/\/nigroequipamentos.com.br\/conteudo\/\",\"name\":\"Nigro Equipamentos\",\"description\":\"Loca\u00e7\u00e3o e Vendas\",\"publisher\":{\"@id\":\"https:\/\/nigroequipamentos.com.br\/conteudo\/#organization\"},\"potentialAction\":[{\"@type\":\"SearchAction\",\"target\":{\"@type\":\"EntryPoint\",\"urlTemplate\":\"https:\/\/nigroequipamentos.com.br\/conteudo\/?s={search_term_string}\"},\"query-input\":{\"@type\":\"PropertyValueSpecification\",\"valueRequired\":true,\"valueName\":\"search_term_string\"}}],\"inLanguage\":\"pt-BR\"},{\"@type\":\"Organization\",\"@id\":\"https:\/\/nigroequipamentos.com.br\/conteudo\/#organization\",\"name\":\"Nigro Equipamentos\",\"url\":\"https:\/\/nigroequipamentos.com.br\/conteudo\/\",\"logo\":{\"@type\":\"ImageObject\",\"inLanguage\":\"pt-BR\",\"@id\":\"https:\/\/nigroequipamentos.com.br\/conteudo\/#\/schema\/logo\/image\/\",\"url\":\"https:\/\/nigroequipamentos.com.br\/conteudo\/wp-content\/uploads\/2024\/10\/nigroequipamentos_logo.webp\",\"contentUrl\":\"https:\/\/nigroequipamentos.com.br\/conteudo\/wp-content\/uploads\/2024\/10\/nigroequipamentos_logo.webp\",\"width\":785,\"height\":355,\"caption\":\"Nigro Equipamentos\"},\"image\":{\"@id\":\"https:\/\/nigroequipamentos.com.br\/conteudo\/#\/schema\/logo\/image\/\"},\"sameAs\":[\"https:\/\/www.facebook.com\/nigroequipamentos\",\"https:\/\/www.instagram.com\/nigroequipamentos\/\"]}]}<\/script>\n<!-- \/ Yoast SEO Premium plugin. -->","yoast_head_json":{"title":"Empilhadeira Paletrans: Perguntas e Respostas","description":"Descubra os benef\u00edcios das empilhadeiras Paletrans para sua empresa. Escolha a Nigro Equipamentos para compra e loca\u00e7\u00e3o.","robots":{"index":"index","follow":"follow","max-snippet":"max-snippet:-1","max-image-preview":"max-image-preview:large","max-video-preview":"max-video-preview:-1"},"canonical":"https:\/\/nigroequipamentos.com.br\/conteudo\/empilhadeira-paletrans-o-escolha-certa-para-sua-logistica\/","og_locale":"pt_BR","og_type":"article","og_title":"Empilhadeira Paletrans: O Escolha Certa para Sua Log\u00edstica","og_description":"Descubra os benef\u00edcios das empilhadeiras Paletrans para sua empresa. Escolha a Nigro Equipamentos para compra e loca\u00e7\u00e3o.","og_url":"https:\/\/nigroequipamentos.com.br\/conteudo\/empilhadeira-paletrans-o-escolha-certa-para-sua-logistica\/","og_site_name":"Nigro Equipamentos","article_publisher":"https:\/\/www.facebook.com\/nigroequipamentos","twitter_card":"summary_large_image","schema":{"@context":"https:\/\/schema.org","@graph":[{"@type":"WebPage","@id":"https:\/\/nigroequipamentos.com.br\/conteudo\/empilhadeira-paletrans-o-escolha-certa-para-sua-logistica\/","url":"https:\/\/nigroequipamentos.com.br\/conteudo\/empilhadeira-paletrans-o-escolha-certa-para-sua-logistica\/","name":"Empilhadeira Paletrans: Perguntas e Respostas","isPartOf":{"@id":"https:\/\/nigroequipamentos.com.br\/conteudo\/#website"},"datePublished":"2025-09-13T21:01:01+00:00","dateModified":"2025-09-13T21:01:01+00:00","description":"Descubra os benef\u00edcios das empilhadeiras Paletrans para sua empresa. Escolha a Nigro Equipamentos para compra e loca\u00e7\u00e3o.","breadcrumb":{"@id":"https:\/\/nigroequipamentos.com.br\/conteudo\/empilhadeira-paletrans-o-escolha-certa-para-sua-logistica\/#breadcrumb"},"inLanguage":"pt-BR","potentialAction":[{"@type":"ReadAction","target":["https:\/\/nigroequipamentos.com.br\/conteudo\/empilhadeira-paletrans-o-escolha-certa-para-sua-logistica\/"]}]},{"@type":"BreadcrumbList","@id":"https:\/\/nigroequipamentos.com.br\/conteudo\/empilhadeira-paletrans-o-escolha-certa-para-sua-logistica\/#breadcrumb","itemListElement":[{"@type":"ListItem","position":1,"name":"In\u00edcio","item":"https:\/\/nigroequipamentos.com.br\/conteudo\/"},{"@type":"ListItem","position":2,"name":"Empilhadeira Paletrans: O Escolha Certa para Sua Log\u00edstica"}]},{"@type":"WebSite","@id":"https:\/\/nigroequipamentos.com.br\/conteudo\/#website","url":"https:\/\/nigroequipamentos.com.br\/conteudo\/","name":"Nigro Equipamentos","description":"Loca\u00e7\u00e3o e Vendas","publisher":{"@id":"https:\/\/nigroequipamentos.com.br\/conteudo\/#organization"},"potentialAction":[{"@type":"SearchAction","target":{"@type":"EntryPoint","urlTemplate":"https:\/\/nigroequipamentos.com.br\/conteudo\/?s={search_term_string}"},"query-input":{"@type":"PropertyValueSpecification","valueRequired":true,"valueName":"search_term_string"}}],"inLanguage":"pt-BR"},{"@type":"Organization","@id":"https:\/\/nigroequipamentos.com.br\/conteudo\/#organization","name":"Nigro Equipamentos","url":"https:\/\/nigroequipamentos.com.br\/conteudo\/","logo":{"@type":"ImageObject","inLanguage":"pt-BR","@id":"https:\/\/nigroequipamentos.com.br\/conteudo\/#\/schema\/logo\/image\/","url":"https:\/\/nigroequipamentos.com.br\/conteudo\/wp-content\/uploads\/2024\/10\/nigroequipamentos_logo.webp","contentUrl":"https:\/\/nigroequipamentos.com.br\/conteudo\/wp-content\/uploads\/2024\/10\/nigroequipamentos_logo.webp","width":785,"height":355,"caption":"Nigro Equipamentos"},"image":{"@id":"https:\/\/nigroequipamentos.com.br\/conteudo\/#\/schema\/logo\/image\/"},"sameAs":["https:\/\/www.facebook.com\/nigroequipamentos","https:\/\/www.instagram.com\/nigroequipamentos\/"]}]}},"_links":{"self":[{"href":"https:\/\/nigroequipamentos.com.br\/conteudo\/wp-json\/wp\/v2\/pages\/60360","targetHints":{"allow":["GET"]}}],"collection":[{"href":"https:\/\/nigroequipamentos.com.br\/conteudo\/wp-json\/wp\/v2\/pages"}],"about":[{"href":"https:\/\/nigroequipamentos.com.br\/conteudo\/wp-json\/wp\/v2\/types\/page"}],"author":[{"embeddable":true,"href":"https:\/\/nigroequipamentos.com.br\/conteudo\/wp-json\/wp\/v2\/users\/3"}],"replies":[{"embeddable":true,"href":"https:\/\/nigroequipamentos.com.br\/conteudo\/wp-json\/wp\/v2\/comments?post=60360"}],"version-history":[{"count":0,"href":"https:\/\/nigroequipamentos.com.br\/conteudo\/wp-json\/wp\/v2\/pages\/60360\/revisions"}],"wp:attachment":[{"href":"https:\/\/nigroequipamentos.com.br\/conteudo\/wp-json\/wp\/v2\/media?parent=60360"}],"curies":[{"name":"wp","href":"https:\/\/api.w.org\/{rel}","templated":true}]}}