{"id":59174,"date":"2025-09-08T05:01:02","date_gmt":"2025-09-08T08:01:02","guid":{"rendered":"https:\/\/nigroequipamentos.com.br\/conteudo\/empilhadeira-patolada-paletrans-pt1625-a-solucao-ideal-para-sua-logistica-9\/"},"modified":"2025-09-08T05:01:02","modified_gmt":"2025-09-08T08:01:02","slug":"empilhadeira-patolada-paletrans-pt1625-a-solucao-ideal-para-sua-logistica-9","status":"publish","type":"page","link":"https:\/\/nigroequipamentos.com.br\/conteudo\/empilhadeira-patolada-paletrans-pt1625-a-solucao-ideal-para-sua-logistica-9\/","title":{"rendered":"Empilhadeira Patolada Paletrans PT1625: A Solu\u00e7\u00e3o Ideal para Sua Log\u00edstica"},"content":{"rendered":"<p>A Empilhadeira Patolada Paletrans PT1625 \u00e9 um equipamento inovador que se destaca pela sua versatilidade e efici\u00eancia em ambientes de armaz\u00e9ns e estocagem. Com um design robusto, a Empilhadeira Patolada Paletrans PT1625 garante estabilidade e seguran\u00e7a ao manuseio de cargas pesadas. Sua capacidade de erguer paletes com facilidade potencializa a produtividade e atende \u00e0s necessidades espec\u00edficas do seu neg\u00f3cio. Investir na Empilhadeira Patolada Paletrans PT1625 da Nigro Equipamentos \u00e9 garantir qualidade e efici\u00eancia, elevando a opera\u00e7\u00e3o da sua empresa a outro n\u00edvel.<\/p>\n","protected":false},"excerpt":{"rendered":"<p>A Empilhadeira Patolada Paletrans PT1625 \u00e9 um equipamento inovador que se destaca pela sua versatilidade e efici\u00eancia em ambientes de armaz\u00e9ns e estocagem. Com um design robusto, a Empilhadeira Patolada Paletrans PT1625 garante estabilidade e seguran\u00e7a ao manuseio de cargas pesadas. Sua capacidade de erguer paletes com facilidade potencializa a produtividade e atende \u00e0s necessidades&hellip;&nbsp;<a href=\"https:\/\/nigroequipamentos.com.br\/conteudo\/empilhadeira-patolada-paletrans-pt1625-a-solucao-ideal-para-sua-logistica-9\/\" class=\"\" rel=\"bookmark\">Continue a ler &raquo;<span class=\"screen-reader-text\">Empilhadeira Patolada Paletrans PT1625: A Solu\u00e7\u00e3o Ideal para Sua Log\u00edstica<\/span><\/a><\/p>\n","protected":false},"author":3,"featured_media":0,"parent":0,"menu_order":0,"comment_status":"closed","ping_status":"closed","template":"","meta":{"_acf_changed":false,"_yoast_wpseo_focuskw":"Empilhadeira Patolada Paletrans PT1625","_yoast_wpseo_title":"Empilhadeira Patolada Paletrans PT1625: Efici\u00eancia e Qualidade em Log\u00edstica","_yoast_wpseo_metadesc":"Descubra como a Empilhadeira Patolada Paletrans PT1625 da Nigro Equipamentos pode transformar suas opera\u00e7\u00f5es log\u00edsticas com efici\u00eancia e qualidade.","neve_meta_sidebar":"","neve_meta_container":"","neve_meta_enable_content_width":"","neve_meta_content_width":0,"neve_meta_title_alignment":"","neve_meta_author_avatar":"","neve_post_elements_order":"","neve_meta_disable_header":"","neve_meta_disable_footer":"","neve_meta_disable_title":"","footnotes":""},"class_list":["post-59174","page","type-page","status-publish","hentry"],"acf":{"bloco1title":"Qualidade Nigro","bloco1text":"A Nigro Equipamentos oferece produtos de alta qualidade com manuten\u00e7\u00e3o especializada e atendimento pr\u00f3ximo ao cliente.","bloco2title":"Loca\u00e7\u00e3o Flex\u00edvel","bloco2text":"Na Nigro, voc\u00ea encontra op\u00e7\u00f5es de loca\u00e7\u00e3o da Empilhadeira Patolada Paletrans PT1625 ajustadas \u00e0s suas necessidades.","bloco3title":"Efici\u00eancia na Opera\u00e7\u00e3o","bloco3text":"A utiliza\u00e7\u00e3o da Empilhadeira Patolada Paletrans PT1625 permite um aumento significativo na efici\u00eancia do manejo e estoque, impactando positivamente os resultados da empresa.","posttitle":"Descubra as Vantagens da Empilhadeira Patolada Paletrans PT1625 para Sua Empresa","postcontent":"<strong>A Empilhadeira Patolada Paletrans PT1625<\/strong> se destaca no mercado por suas caracter\u00edsticas \u00fanicas. Desenvolvida para oferecer agilidade no transporte de mercadorias, a Empilhadeira Patolada Paletrans PT1625 tem capacidade de carga de at\u00e9 2.500 kg, garantindo que suas opera\u00e7\u00f5es sejam r\u00e1pidas e seguras. Al\u00e9m disso, seu sistema de patolagem proporciona maior ader\u00eancia, permitindo transitar sobre terrenos irregulares sem comprometimento da seguran\u00e7a.<br><br>Outro ponto importante \u00e9 a facilidade de controle e manobrabilidade que a Empilhadeira Patolada Paletrans PT1625 oferece. Com um painel intuitivo, os operadores conseguem realizar manobras precisas em espa\u00e7os reduzidos, aumentando a efici\u00eancia do trabalho em armaz\u00e9ns.<br><br>Com resist\u00eancia e durabilidade, a Empilhadeira Patolada Paletrans PT1625 se torna uma op\u00e7\u00e3o confi\u00e1vel para empresas que buscam maximizar a opera\u00e7\u00e3o log\u00edstica. Seja na compra, manuten\u00e7\u00e3o ou loca\u00e7\u00e3o, a Nigro Equipamentos se posiciona como a melhor escolha.","insightwidtitle":"Curiosidades sobre Empilhadeiras","insightwidcontent":"Voc\u00ea sabia que a primeira empilhadeira foi desenvolvida em 1920? Desde ent\u00e3o, o design e a tecnologia evolu\u00edram significativamente, permitindo que empilhadeiras como a Patolada Paletrans PT1625 operem em condi\u00e7\u00f5es extremas e com cargas pesadas. Hoje, essas m\u00e1quinas s\u00e3o essenciais no setor log\u00edstico e destacam-se pela efici\u00eancia em otimizar o espa\u00e7o nos armaz\u00e9ns."},"yoast_head":"<!-- This site is optimized with the Yoast SEO Premium plugin v18.3 (Yoast SEO v23.4) - https:\/\/yoast.com\/wordpress\/plugins\/seo\/ -->\n<title>Empilhadeira Patolada Paletrans PT1625: Efici\u00eancia e Qualidade em Log\u00edstica<\/title>\n<meta name=\"description\" content=\"Descubra como a Empilhadeira Patolada Paletrans PT1625 da Nigro Equipamentos pode transformar suas opera\u00e7\u00f5es log\u00edsticas com efici\u00eancia e qualidade.\" \/>\n<meta name=\"robots\" content=\"index, follow, max-snippet:-1, max-image-preview:large, max-video-preview:-1\" \/>\n<link rel=\"canonical\" href=\"https:\/\/nigroequipamentos.com.br\/conteudo\/empilhadeira-patolada-paletrans-pt1625-a-solucao-ideal-para-sua-logistica-9\/\" \/>\n<meta property=\"og:locale\" content=\"pt_BR\" \/>\n<meta property=\"og:type\" content=\"article\" \/>\n<meta property=\"og:title\" content=\"Empilhadeira Patolada Paletrans PT1625: A Solu\u00e7\u00e3o Ideal para Sua Log\u00edstica\" \/>\n<meta property=\"og:description\" content=\"Descubra como a Empilhadeira Patolada Paletrans PT1625 da Nigro Equipamentos pode transformar suas opera\u00e7\u00f5es log\u00edsticas com efici\u00eancia e qualidade.\" \/>\n<meta property=\"og:url\" content=\"https:\/\/nigroequipamentos.com.br\/conteudo\/empilhadeira-patolada-paletrans-pt1625-a-solucao-ideal-para-sua-logistica-9\/\" \/>\n<meta property=\"og:site_name\" content=\"Nigro Equipamentos\" \/>\n<meta property=\"article:publisher\" content=\"https:\/\/www.facebook.com\/nigroequipamentos\" \/>\n<meta name=\"twitter:card\" content=\"summary_large_image\" \/>\n<script type=\"application\/ld+json\" class=\"yoast-schema-graph\">{\"@context\":\"https:\/\/schema.org\",\"@graph\":[{\"@type\":\"WebPage\",\"@id\":\"https:\/\/nigroequipamentos.com.br\/conteudo\/empilhadeira-patolada-paletrans-pt1625-a-solucao-ideal-para-sua-logistica-9\/\",\"url\":\"https:\/\/nigroequipamentos.com.br\/conteudo\/empilhadeira-patolada-paletrans-pt1625-a-solucao-ideal-para-sua-logistica-9\/\",\"name\":\"Empilhadeira Patolada Paletrans PT1625: Efici\u00eancia e Qualidade em Log\u00edstica\",\"isPartOf\":{\"@id\":\"https:\/\/nigroequipamentos.com.br\/conteudo\/#website\"},\"datePublished\":\"2025-09-08T08:01:02+00:00\",\"dateModified\":\"2025-09-08T08:01:02+00:00\",\"description\":\"Descubra como a Empilhadeira Patolada Paletrans PT1625 da Nigro Equipamentos pode transformar suas opera\u00e7\u00f5es log\u00edsticas com efici\u00eancia e qualidade.\",\"breadcrumb\":{\"@id\":\"https:\/\/nigroequipamentos.com.br\/conteudo\/empilhadeira-patolada-paletrans-pt1625-a-solucao-ideal-para-sua-logistica-9\/#breadcrumb\"},\"inLanguage\":\"pt-BR\",\"potentialAction\":[{\"@type\":\"ReadAction\",\"target\":[\"https:\/\/nigroequipamentos.com.br\/conteudo\/empilhadeira-patolada-paletrans-pt1625-a-solucao-ideal-para-sua-logistica-9\/\"]}]},{\"@type\":\"BreadcrumbList\",\"@id\":\"https:\/\/nigroequipamentos.com.br\/conteudo\/empilhadeira-patolada-paletrans-pt1625-a-solucao-ideal-para-sua-logistica-9\/#breadcrumb\",\"itemListElement\":[{\"@type\":\"ListItem\",\"position\":1,\"name\":\"In\u00edcio\",\"item\":\"https:\/\/nigroequipamentos.com.br\/conteudo\/\"},{\"@type\":\"ListItem\",\"position\":2,\"name\":\"Empilhadeira Patolada Paletrans PT1625: A Solu\u00e7\u00e3o Ideal para Sua Log\u00edstica\"}]},{\"@type\":\"WebSite\",\"@id\":\"https:\/\/nigroequipamentos.com.br\/conteudo\/#website\",\"url\":\"https:\/\/nigroequipamentos.com.br\/conteudo\/\",\"name\":\"Nigro Equipamentos\",\"description\":\"Loca\u00e7\u00e3o e Vendas\",\"publisher\":{\"@id\":\"https:\/\/nigroequipamentos.com.br\/conteudo\/#organization\"},\"potentialAction\":[{\"@type\":\"SearchAction\",\"target\":{\"@type\":\"EntryPoint\",\"urlTemplate\":\"https:\/\/nigroequipamentos.com.br\/conteudo\/?s={search_term_string}\"},\"query-input\":{\"@type\":\"PropertyValueSpecification\",\"valueRequired\":true,\"valueName\":\"search_term_string\"}}],\"inLanguage\":\"pt-BR\"},{\"@type\":\"Organization\",\"@id\":\"https:\/\/nigroequipamentos.com.br\/conteudo\/#organization\",\"name\":\"Nigro Equipamentos\",\"url\":\"https:\/\/nigroequipamentos.com.br\/conteudo\/\",\"logo\":{\"@type\":\"ImageObject\",\"inLanguage\":\"pt-BR\",\"@id\":\"https:\/\/nigroequipamentos.com.br\/conteudo\/#\/schema\/logo\/image\/\",\"url\":\"https:\/\/nigroequipamentos.com.br\/conteudo\/wp-content\/uploads\/2024\/10\/nigroequipamentos_logo.webp\",\"contentUrl\":\"https:\/\/nigroequipamentos.com.br\/conteudo\/wp-content\/uploads\/2024\/10\/nigroequipamentos_logo.webp\",\"width\":785,\"height\":355,\"caption\":\"Nigro Equipamentos\"},\"image\":{\"@id\":\"https:\/\/nigroequipamentos.com.br\/conteudo\/#\/schema\/logo\/image\/\"},\"sameAs\":[\"https:\/\/www.facebook.com\/nigroequipamentos\",\"https:\/\/www.instagram.com\/nigroequipamentos\/\"]}]}<\/script>\n<!-- \/ Yoast SEO Premium plugin. -->","yoast_head_json":{"title":"Empilhadeira Patolada Paletrans PT1625: Efici\u00eancia e Qualidade em Log\u00edstica","description":"Descubra como a Empilhadeira Patolada Paletrans PT1625 da Nigro Equipamentos pode transformar suas opera\u00e7\u00f5es log\u00edsticas com efici\u00eancia e qualidade.","robots":{"index":"index","follow":"follow","max-snippet":"max-snippet:-1","max-image-preview":"max-image-preview:large","max-video-preview":"max-video-preview:-1"},"canonical":"https:\/\/nigroequipamentos.com.br\/conteudo\/empilhadeira-patolada-paletrans-pt1625-a-solucao-ideal-para-sua-logistica-9\/","og_locale":"pt_BR","og_type":"article","og_title":"Empilhadeira Patolada Paletrans PT1625: A Solu\u00e7\u00e3o Ideal para Sua Log\u00edstica","og_description":"Descubra como a Empilhadeira Patolada Paletrans PT1625 da Nigro Equipamentos pode transformar suas opera\u00e7\u00f5es log\u00edsticas com efici\u00eancia e qualidade.","og_url":"https:\/\/nigroequipamentos.com.br\/conteudo\/empilhadeira-patolada-paletrans-pt1625-a-solucao-ideal-para-sua-logistica-9\/","og_site_name":"Nigro Equipamentos","article_publisher":"https:\/\/www.facebook.com\/nigroequipamentos","twitter_card":"summary_large_image","schema":{"@context":"https:\/\/schema.org","@graph":[{"@type":"WebPage","@id":"https:\/\/nigroequipamentos.com.br\/conteudo\/empilhadeira-patolada-paletrans-pt1625-a-solucao-ideal-para-sua-logistica-9\/","url":"https:\/\/nigroequipamentos.com.br\/conteudo\/empilhadeira-patolada-paletrans-pt1625-a-solucao-ideal-para-sua-logistica-9\/","name":"Empilhadeira Patolada Paletrans PT1625: Efici\u00eancia e Qualidade em Log\u00edstica","isPartOf":{"@id":"https:\/\/nigroequipamentos.com.br\/conteudo\/#website"},"datePublished":"2025-09-08T08:01:02+00:00","dateModified":"2025-09-08T08:01:02+00:00","description":"Descubra como a Empilhadeira Patolada Paletrans PT1625 da Nigro Equipamentos pode transformar suas opera\u00e7\u00f5es log\u00edsticas com efici\u00eancia e qualidade.","breadcrumb":{"@id":"https:\/\/nigroequipamentos.com.br\/conteudo\/empilhadeira-patolada-paletrans-pt1625-a-solucao-ideal-para-sua-logistica-9\/#breadcrumb"},"inLanguage":"pt-BR","potentialAction":[{"@type":"ReadAction","target":["https:\/\/nigroequipamentos.com.br\/conteudo\/empilhadeira-patolada-paletrans-pt1625-a-solucao-ideal-para-sua-logistica-9\/"]}]},{"@type":"BreadcrumbList","@id":"https:\/\/nigroequipamentos.com.br\/conteudo\/empilhadeira-patolada-paletrans-pt1625-a-solucao-ideal-para-sua-logistica-9\/#breadcrumb","itemListElement":[{"@type":"ListItem","position":1,"name":"In\u00edcio","item":"https:\/\/nigroequipamentos.com.br\/conteudo\/"},{"@type":"ListItem","position":2,"name":"Empilhadeira Patolada Paletrans PT1625: A Solu\u00e7\u00e3o Ideal para Sua Log\u00edstica"}]},{"@type":"WebSite","@id":"https:\/\/nigroequipamentos.com.br\/conteudo\/#website","url":"https:\/\/nigroequipamentos.com.br\/conteudo\/","name":"Nigro Equipamentos","description":"Loca\u00e7\u00e3o e Vendas","publisher":{"@id":"https:\/\/nigroequipamentos.com.br\/conteudo\/#organization"},"potentialAction":[{"@type":"SearchAction","target":{"@type":"EntryPoint","urlTemplate":"https:\/\/nigroequipamentos.com.br\/conteudo\/?s={search_term_string}"},"query-input":{"@type":"PropertyValueSpecification","valueRequired":true,"valueName":"search_term_string"}}],"inLanguage":"pt-BR"},{"@type":"Organization","@id":"https:\/\/nigroequipamentos.com.br\/conteudo\/#organization","name":"Nigro Equipamentos","url":"https:\/\/nigroequipamentos.com.br\/conteudo\/","logo":{"@type":"ImageObject","inLanguage":"pt-BR","@id":"https:\/\/nigroequipamentos.com.br\/conteudo\/#\/schema\/logo\/image\/","url":"https:\/\/nigroequipamentos.com.br\/conteudo\/wp-content\/uploads\/2024\/10\/nigroequipamentos_logo.webp","contentUrl":"https:\/\/nigroequipamentos.com.br\/conteudo\/wp-content\/uploads\/2024\/10\/nigroequipamentos_logo.webp","width":785,"height":355,"caption":"Nigro Equipamentos"},"image":{"@id":"https:\/\/nigroequipamentos.com.br\/conteudo\/#\/schema\/logo\/image\/"},"sameAs":["https:\/\/www.facebook.com\/nigroequipamentos","https:\/\/www.instagram.com\/nigroequipamentos\/"]}]}},"_links":{"self":[{"href":"https:\/\/nigroequipamentos.com.br\/conteudo\/wp-json\/wp\/v2\/pages\/59174","targetHints":{"allow":["GET"]}}],"collection":[{"href":"https:\/\/nigroequipamentos.com.br\/conteudo\/wp-json\/wp\/v2\/pages"}],"about":[{"href":"https:\/\/nigroequipamentos.com.br\/conteudo\/wp-json\/wp\/v2\/types\/page"}],"author":[{"embeddable":true,"href":"https:\/\/nigroequipamentos.com.br\/conteudo\/wp-json\/wp\/v2\/users\/3"}],"replies":[{"embeddable":true,"href":"https:\/\/nigroequipamentos.com.br\/conteudo\/wp-json\/wp\/v2\/comments?post=59174"}],"version-history":[{"count":0,"href":"https:\/\/nigroequipamentos.com.br\/conteudo\/wp-json\/wp\/v2\/pages\/59174\/revisions"}],"wp:attachment":[{"href":"https:\/\/nigroequipamentos.com.br\/conteudo\/wp-json\/wp\/v2\/media?parent=59174"}],"curies":[{"name":"wp","href":"https:\/\/api.w.org\/{rel}","templated":true}]}}