{"id":50327,"date":"2025-07-28T18:01:08","date_gmt":"2025-07-28T21:01:08","guid":{"rendered":"https:\/\/nigroequipamentos.com.br\/conteudo\/descubra-a-empilhadeira-retratil-paletrans-pr2012i-performance-e-inovacao\/"},"modified":"2025-07-28T18:01:08","modified_gmt":"2025-07-28T21:01:08","slug":"descubra-a-empilhadeira-retratil-paletrans-pr2012i-performance-e-inovacao","status":"publish","type":"page","link":"https:\/\/nigroequipamentos.com.br\/conteudo\/descubra-a-empilhadeira-retratil-paletrans-pr2012i-performance-e-inovacao\/","title":{"rendered":"Descubra a Empilhadeira Retr\u00e1til Paletrans PR2012i: Performance e Inova\u00e7\u00e3o"},"content":{"rendered":"<p>A <strong>Empilhadeira Retr\u00e1til Paletrans PR2012i<\/strong> \u00e9 a solu\u00e7\u00e3o ideal para setores que exigem precis\u00e3o e efici\u00eancia na movimenta\u00e7\u00e3o de cargas. Seu design inovador permite excelente manobrabilidade em espa\u00e7os reduzidos, otimizando opera\u00e7\u00f5es log\u00edsticas. Com capacidade de eleva\u00e7\u00e3o robusta e tecnologia de ponta, a <strong>Empilhadeira Retr\u00e1til Paletrans PR2012i<\/strong> \u00e9 amplamente utilizada em armaz\u00e9ns e centros de distribui\u00e7\u00e3o. Al\u00e9m disso, a Nigro Equipamentos \u00e9 referencia na compra, manuten\u00e7\u00e3o e loca\u00e7\u00e3o desse equipamento, oferecendo um atendimento qualificado e confi\u00e1vel. Para quem busca efici\u00eancia na movimenta\u00e7\u00e3o de cargas, a <strong>Empilhadeira Retr\u00e1til Paletrans PR2012i<\/strong> se destaca como a melhor op\u00e7\u00e3o no mercado.<\/p>\n","protected":false},"excerpt":{"rendered":"<p>A Empilhadeira Retr\u00e1til Paletrans PR2012i \u00e9 a solu\u00e7\u00e3o ideal para setores que exigem precis\u00e3o e efici\u00eancia na movimenta\u00e7\u00e3o de cargas. Seu design inovador permite excelente manobrabilidade em espa\u00e7os reduzidos, otimizando opera\u00e7\u00f5es log\u00edsticas. Com capacidade de eleva\u00e7\u00e3o robusta e tecnologia de ponta, a Empilhadeira Retr\u00e1til Paletrans PR2012i \u00e9 amplamente utilizada em armaz\u00e9ns e centros de distribui\u00e7\u00e3o.&hellip;&nbsp;<a href=\"https:\/\/nigroequipamentos.com.br\/conteudo\/descubra-a-empilhadeira-retratil-paletrans-pr2012i-performance-e-inovacao\/\" class=\"\" rel=\"bookmark\">Continue a ler &raquo;<span class=\"screen-reader-text\">Descubra a Empilhadeira Retr\u00e1til Paletrans PR2012i: Performance e Inova\u00e7\u00e3o<\/span><\/a><\/p>\n","protected":false},"author":3,"featured_media":0,"parent":0,"menu_order":0,"comment_status":"closed","ping_status":"closed","template":"","meta":{"_acf_changed":false,"_yoast_wpseo_focuskw":"Empilhadeira Retr\u00e1til Paletrans PR2012i","_yoast_wpseo_title":"Empilhadeira Retr\u00e1til Paletrans PR2012i: Benef\u00edcios e Vantagens na Log\u00edstica","_yoast_wpseo_metadesc":"Saiba mais sobre a Empilhadeira Retr\u00e1til Paletrans PR2012i e como a Nigro Equipamentos pode atender suas necessidades de feira, manuten\u00e7\u00e3o e loca\u00e7\u00e3o.","neve_meta_sidebar":"","neve_meta_container":"","neve_meta_enable_content_width":"","neve_meta_content_width":0,"neve_meta_title_alignment":"","neve_meta_author_avatar":"","neve_post_elements_order":"","neve_meta_disable_header":"","neve_meta_disable_footer":"","neve_meta_disable_title":"","footnotes":""},"class_list":["post-50327","page","type-page","status-publish","hentry"],"acf":{"bloco1title":"Atendimento Especializado","bloco1text":"A Nigro Equipamentos oferece um suporte t\u00e9cnico qualificado para a <strong>Empilhadeira Retr\u00e1til Paletrans PR2012i<\/strong>, garantindo a melhor utiliza\u00e7\u00e3o e manuten\u00e7\u00e3o do equipamento.","bloco2title":"Confiabilidade Garantida","bloco2text":"Com anos de experi\u00eancia, a Nigro \u00e9 reconhecida por sua confiabilidade na venta e loca\u00e7\u00e3o da <strong>Empilhadeira Retr\u00e1til Paletrans PR2012i<\/strong>.","bloco3title":"Inova\u00e7\u00e3o Constante","bloco3text":"A <strong>Empilhadeira Retr\u00e1til Paletrans PR2012i<\/strong> incorpora tecnologias de \u00faltima gera\u00e7\u00e3o, proporcionando efici\u00eancia e seguran\u00e7a nas opera\u00e7\u00f5es.","posttitle":"Empilhadeira Retr\u00e1til Paletrans PR2012i: Caracter\u00edsticas e Vantagens","postcontent":"A <strong>Empilhadeira Retr\u00e1til Paletrans PR2012i<\/strong> \u00e9 projetada para atender as demandas mais exigentes em opera\u00e7\u00f5es de log\u00edstica. Seu funcionamento \u00e1gil e preciso \u00e9 ideal para ambientes com pouco espa\u00e7o. Gra\u00e7as ao seu design compacto, a <strong>Empilhadeira Retr\u00e1til Paletrans PR2012i<\/strong> pode realizar manobras em corredores estreitos, tornando-se indispens\u00e1vel para armaz\u00e9ns e centros de distribui\u00e7\u00e3o.\n\nAl\u00e9m disso, a <strong>Empilhadeira Retr\u00e1til Paletrans PR2012i<\/strong> apresenta uma capacidade de carga impressionante e um olho eletr\u00f4nico para melhorar a seguran\u00e7a durante a opera\u00e7\u00e3o. A estabilidade e o conforto do operador s\u00e3o garantidos, resultando em maior produtividade. Na Nigro Equipamentos, voc\u00ea encontrar\u00e1 profissionais dedicados e uma vasta experi\u00eancia no fornecimento da <strong>Empilhadeira Retr\u00e1til Paletrans PR2012i<\/strong>, seja na sua compra, manuten\u00e7\u00e3o ou loca\u00e7\u00e3o. Assim, garantimos que seu investimento traga os melhores resultados.","insightwidtitle":"Curiosidades sobre Empilhadeiras","insightwidcontent":"Voc\u00ea sabia que a <strong>Empilhadeira Retr\u00e1til Paletrans PR2012i<\/strong> \u00e9 uma das m\u00e1quinas mais eficientes na movimenta\u00e7\u00e3o de cargas? Seu design foi pensado para oferecer m\u00e1ximo aproveitamento em \u00e1reas limitadas e, com sua tecnologia de ponta, aumenta a produtividade em at\u00e9 30% em compara\u00e7\u00e3o a modelos tradicionais."},"yoast_head":"<!-- This site is optimized with the Yoast SEO Premium plugin v18.3 (Yoast SEO v23.4) - https:\/\/yoast.com\/wordpress\/plugins\/seo\/ -->\n<title>Empilhadeira Retr\u00e1til Paletrans PR2012i: Benef\u00edcios e Vantagens na Log\u00edstica<\/title>\n<meta name=\"description\" content=\"Saiba mais sobre a Empilhadeira Retr\u00e1til Paletrans PR2012i e como a Nigro Equipamentos pode atender suas necessidades de feira, manuten\u00e7\u00e3o e loca\u00e7\u00e3o.\" \/>\n<meta name=\"robots\" content=\"index, follow, max-snippet:-1, max-image-preview:large, max-video-preview:-1\" \/>\n<link rel=\"canonical\" href=\"https:\/\/nigroequipamentos.com.br\/conteudo\/descubra-a-empilhadeira-retratil-paletrans-pr2012i-performance-e-inovacao\/\" \/>\n<meta property=\"og:locale\" content=\"pt_BR\" \/>\n<meta property=\"og:type\" content=\"article\" \/>\n<meta property=\"og:title\" content=\"Descubra a Empilhadeira Retr\u00e1til Paletrans PR2012i: Performance e Inova\u00e7\u00e3o\" \/>\n<meta property=\"og:description\" content=\"Saiba mais sobre a Empilhadeira Retr\u00e1til Paletrans PR2012i e como a Nigro Equipamentos pode atender suas necessidades de feira, manuten\u00e7\u00e3o e loca\u00e7\u00e3o.\" \/>\n<meta property=\"og:url\" content=\"https:\/\/nigroequipamentos.com.br\/conteudo\/descubra-a-empilhadeira-retratil-paletrans-pr2012i-performance-e-inovacao\/\" \/>\n<meta property=\"og:site_name\" content=\"Nigro Equipamentos\" \/>\n<meta property=\"article:publisher\" content=\"https:\/\/www.facebook.com\/nigroequipamentos\" \/>\n<meta name=\"twitter:card\" content=\"summary_large_image\" \/>\n<meta name=\"twitter:label1\" content=\"Est. tempo de leitura\" \/>\n\t<meta name=\"twitter:data1\" content=\"1 minuto\" \/>\n<script type=\"application\/ld+json\" class=\"yoast-schema-graph\">{\"@context\":\"https:\/\/schema.org\",\"@graph\":[{\"@type\":\"WebPage\",\"@id\":\"https:\/\/nigroequipamentos.com.br\/conteudo\/descubra-a-empilhadeira-retratil-paletrans-pr2012i-performance-e-inovacao\/\",\"url\":\"https:\/\/nigroequipamentos.com.br\/conteudo\/descubra-a-empilhadeira-retratil-paletrans-pr2012i-performance-e-inovacao\/\",\"name\":\"Empilhadeira Retr\u00e1til Paletrans PR2012i: Benef\u00edcios e Vantagens na Log\u00edstica\",\"isPartOf\":{\"@id\":\"https:\/\/nigroequipamentos.com.br\/conteudo\/#website\"},\"datePublished\":\"2025-07-28T21:01:08+00:00\",\"dateModified\":\"2025-07-28T21:01:08+00:00\",\"description\":\"Saiba mais sobre a Empilhadeira Retr\u00e1til Paletrans PR2012i e como a Nigro Equipamentos pode atender suas necessidades de feira, manuten\u00e7\u00e3o e loca\u00e7\u00e3o.\",\"breadcrumb\":{\"@id\":\"https:\/\/nigroequipamentos.com.br\/conteudo\/descubra-a-empilhadeira-retratil-paletrans-pr2012i-performance-e-inovacao\/#breadcrumb\"},\"inLanguage\":\"pt-BR\",\"potentialAction\":[{\"@type\":\"ReadAction\",\"target\":[\"https:\/\/nigroequipamentos.com.br\/conteudo\/descubra-a-empilhadeira-retratil-paletrans-pr2012i-performance-e-inovacao\/\"]}]},{\"@type\":\"BreadcrumbList\",\"@id\":\"https:\/\/nigroequipamentos.com.br\/conteudo\/descubra-a-empilhadeira-retratil-paletrans-pr2012i-performance-e-inovacao\/#breadcrumb\",\"itemListElement\":[{\"@type\":\"ListItem\",\"position\":1,\"name\":\"In\u00edcio\",\"item\":\"https:\/\/nigroequipamentos.com.br\/conteudo\/\"},{\"@type\":\"ListItem\",\"position\":2,\"name\":\"Descubra a Empilhadeira Retr\u00e1til Paletrans PR2012i: Performance e Inova\u00e7\u00e3o\"}]},{\"@type\":\"WebSite\",\"@id\":\"https:\/\/nigroequipamentos.com.br\/conteudo\/#website\",\"url\":\"https:\/\/nigroequipamentos.com.br\/conteudo\/\",\"name\":\"Nigro Equipamentos\",\"description\":\"Loca\u00e7\u00e3o e Vendas\",\"publisher\":{\"@id\":\"https:\/\/nigroequipamentos.com.br\/conteudo\/#organization\"},\"potentialAction\":[{\"@type\":\"SearchAction\",\"target\":{\"@type\":\"EntryPoint\",\"urlTemplate\":\"https:\/\/nigroequipamentos.com.br\/conteudo\/?s={search_term_string}\"},\"query-input\":{\"@type\":\"PropertyValueSpecification\",\"valueRequired\":true,\"valueName\":\"search_term_string\"}}],\"inLanguage\":\"pt-BR\"},{\"@type\":\"Organization\",\"@id\":\"https:\/\/nigroequipamentos.com.br\/conteudo\/#organization\",\"name\":\"Nigro Equipamentos\",\"url\":\"https:\/\/nigroequipamentos.com.br\/conteudo\/\",\"logo\":{\"@type\":\"ImageObject\",\"inLanguage\":\"pt-BR\",\"@id\":\"https:\/\/nigroequipamentos.com.br\/conteudo\/#\/schema\/logo\/image\/\",\"url\":\"https:\/\/nigroequipamentos.com.br\/conteudo\/wp-content\/uploads\/2024\/10\/nigroequipamentos_logo.webp\",\"contentUrl\":\"https:\/\/nigroequipamentos.com.br\/conteudo\/wp-content\/uploads\/2024\/10\/nigroequipamentos_logo.webp\",\"width\":785,\"height\":355,\"caption\":\"Nigro Equipamentos\"},\"image\":{\"@id\":\"https:\/\/nigroequipamentos.com.br\/conteudo\/#\/schema\/logo\/image\/\"},\"sameAs\":[\"https:\/\/www.facebook.com\/nigroequipamentos\",\"https:\/\/www.instagram.com\/nigroequipamentos\/\"]}]}<\/script>\n<!-- \/ Yoast SEO Premium plugin. -->","yoast_head_json":{"title":"Empilhadeira Retr\u00e1til Paletrans PR2012i: Benef\u00edcios e Vantagens na Log\u00edstica","description":"Saiba mais sobre a Empilhadeira Retr\u00e1til Paletrans PR2012i e como a Nigro Equipamentos pode atender suas necessidades de feira, manuten\u00e7\u00e3o e loca\u00e7\u00e3o.","robots":{"index":"index","follow":"follow","max-snippet":"max-snippet:-1","max-image-preview":"max-image-preview:large","max-video-preview":"max-video-preview:-1"},"canonical":"https:\/\/nigroequipamentos.com.br\/conteudo\/descubra-a-empilhadeira-retratil-paletrans-pr2012i-performance-e-inovacao\/","og_locale":"pt_BR","og_type":"article","og_title":"Descubra a Empilhadeira Retr\u00e1til Paletrans PR2012i: Performance e Inova\u00e7\u00e3o","og_description":"Saiba mais sobre a Empilhadeira Retr\u00e1til Paletrans PR2012i e como a Nigro Equipamentos pode atender suas necessidades de feira, manuten\u00e7\u00e3o e loca\u00e7\u00e3o.","og_url":"https:\/\/nigroequipamentos.com.br\/conteudo\/descubra-a-empilhadeira-retratil-paletrans-pr2012i-performance-e-inovacao\/","og_site_name":"Nigro Equipamentos","article_publisher":"https:\/\/www.facebook.com\/nigroequipamentos","twitter_card":"summary_large_image","twitter_misc":{"Est. tempo de leitura":"1 minuto"},"schema":{"@context":"https:\/\/schema.org","@graph":[{"@type":"WebPage","@id":"https:\/\/nigroequipamentos.com.br\/conteudo\/descubra-a-empilhadeira-retratil-paletrans-pr2012i-performance-e-inovacao\/","url":"https:\/\/nigroequipamentos.com.br\/conteudo\/descubra-a-empilhadeira-retratil-paletrans-pr2012i-performance-e-inovacao\/","name":"Empilhadeira Retr\u00e1til Paletrans PR2012i: Benef\u00edcios e Vantagens na Log\u00edstica","isPartOf":{"@id":"https:\/\/nigroequipamentos.com.br\/conteudo\/#website"},"datePublished":"2025-07-28T21:01:08+00:00","dateModified":"2025-07-28T21:01:08+00:00","description":"Saiba mais sobre a Empilhadeira Retr\u00e1til Paletrans PR2012i e como a Nigro Equipamentos pode atender suas necessidades de feira, manuten\u00e7\u00e3o e loca\u00e7\u00e3o.","breadcrumb":{"@id":"https:\/\/nigroequipamentos.com.br\/conteudo\/descubra-a-empilhadeira-retratil-paletrans-pr2012i-performance-e-inovacao\/#breadcrumb"},"inLanguage":"pt-BR","potentialAction":[{"@type":"ReadAction","target":["https:\/\/nigroequipamentos.com.br\/conteudo\/descubra-a-empilhadeira-retratil-paletrans-pr2012i-performance-e-inovacao\/"]}]},{"@type":"BreadcrumbList","@id":"https:\/\/nigroequipamentos.com.br\/conteudo\/descubra-a-empilhadeira-retratil-paletrans-pr2012i-performance-e-inovacao\/#breadcrumb","itemListElement":[{"@type":"ListItem","position":1,"name":"In\u00edcio","item":"https:\/\/nigroequipamentos.com.br\/conteudo\/"},{"@type":"ListItem","position":2,"name":"Descubra a Empilhadeira Retr\u00e1til Paletrans PR2012i: Performance e Inova\u00e7\u00e3o"}]},{"@type":"WebSite","@id":"https:\/\/nigroequipamentos.com.br\/conteudo\/#website","url":"https:\/\/nigroequipamentos.com.br\/conteudo\/","name":"Nigro Equipamentos","description":"Loca\u00e7\u00e3o e Vendas","publisher":{"@id":"https:\/\/nigroequipamentos.com.br\/conteudo\/#organization"},"potentialAction":[{"@type":"SearchAction","target":{"@type":"EntryPoint","urlTemplate":"https:\/\/nigroequipamentos.com.br\/conteudo\/?s={search_term_string}"},"query-input":{"@type":"PropertyValueSpecification","valueRequired":true,"valueName":"search_term_string"}}],"inLanguage":"pt-BR"},{"@type":"Organization","@id":"https:\/\/nigroequipamentos.com.br\/conteudo\/#organization","name":"Nigro Equipamentos","url":"https:\/\/nigroequipamentos.com.br\/conteudo\/","logo":{"@type":"ImageObject","inLanguage":"pt-BR","@id":"https:\/\/nigroequipamentos.com.br\/conteudo\/#\/schema\/logo\/image\/","url":"https:\/\/nigroequipamentos.com.br\/conteudo\/wp-content\/uploads\/2024\/10\/nigroequipamentos_logo.webp","contentUrl":"https:\/\/nigroequipamentos.com.br\/conteudo\/wp-content\/uploads\/2024\/10\/nigroequipamentos_logo.webp","width":785,"height":355,"caption":"Nigro Equipamentos"},"image":{"@id":"https:\/\/nigroequipamentos.com.br\/conteudo\/#\/schema\/logo\/image\/"},"sameAs":["https:\/\/www.facebook.com\/nigroequipamentos","https:\/\/www.instagram.com\/nigroequipamentos\/"]}]}},"_links":{"self":[{"href":"https:\/\/nigroequipamentos.com.br\/conteudo\/wp-json\/wp\/v2\/pages\/50327","targetHints":{"allow":["GET"]}}],"collection":[{"href":"https:\/\/nigroequipamentos.com.br\/conteudo\/wp-json\/wp\/v2\/pages"}],"about":[{"href":"https:\/\/nigroequipamentos.com.br\/conteudo\/wp-json\/wp\/v2\/types\/page"}],"author":[{"embeddable":true,"href":"https:\/\/nigroequipamentos.com.br\/conteudo\/wp-json\/wp\/v2\/users\/3"}],"replies":[{"embeddable":true,"href":"https:\/\/nigroequipamentos.com.br\/conteudo\/wp-json\/wp\/v2\/comments?post=50327"}],"version-history":[{"count":0,"href":"https:\/\/nigroequipamentos.com.br\/conteudo\/wp-json\/wp\/v2\/pages\/50327\/revisions"}],"wp:attachment":[{"href":"https:\/\/nigroequipamentos.com.br\/conteudo\/wp-json\/wp\/v2\/media?parent=50327"}],"curies":[{"name":"wp","href":"https:\/\/api.w.org\/{rel}","templated":true}]}}