{"id":50315,"date":"2025-07-28T16:46:06","date_gmt":"2025-07-28T19:46:06","guid":{"rendered":"https:\/\/nigroequipamentos.com.br\/conteudo\/solicite-seu-orcamento-de-empilhadeira-paletrans-com-a-nigro-equipamentos-4\/"},"modified":"2025-07-28T16:46:06","modified_gmt":"2025-07-28T19:46:06","slug":"solicite-seu-orcamento-de-empilhadeira-paletrans-com-a-nigro-equipamentos-4","status":"publish","type":"page","link":"https:\/\/nigroequipamentos.com.br\/conteudo\/solicite-seu-orcamento-de-empilhadeira-paletrans-com-a-nigro-equipamentos-4\/","title":{"rendered":"Solicite seu Or\u00e7amento de Empilhadeira Paletrans com a Nigro Equipamentos"},"content":{"rendered":"<p>A Nigro Equipamentos \u00e9 a sua melhor op\u00e7\u00e3o para solicitar um or\u00e7amento de empilhadeira Paletrans. Contamos com uma vasta experi\u00eancia no setor e nossa especializa\u00e7\u00e3o garante que voc\u00ea receba o melhor atendimento e as melhores op\u00e7\u00f5es para suas necessidades. Entre em contato e descubra como podemos ajudar com o seu or\u00e7amento de empilhadeira Paletrans!<\/p>\n","protected":false},"excerpt":{"rendered":"<p>A Nigro Equipamentos \u00e9 a sua melhor op\u00e7\u00e3o para solicitar um or\u00e7amento de empilhadeira Paletrans. Contamos com uma vasta experi\u00eancia no setor e nossa especializa\u00e7\u00e3o garante que voc\u00ea receba o melhor atendimento e as melhores op\u00e7\u00f5es para suas necessidades. Entre em contato e descubra como podemos ajudar com o seu or\u00e7amento de empilhadeira Paletrans!<\/p>\n","protected":false},"author":3,"featured_media":0,"parent":0,"menu_order":0,"comment_status":"closed","ping_status":"closed","template":"","meta":{"_acf_changed":false,"_yoast_wpseo_focuskw":"Empilhadeira Paletrans or\u00e7amento","_yoast_wpseo_title":"Empilhadeira Paletrans: Or\u00e7amento com a Melhor da Nigro Equipamentos","_yoast_wpseo_metadesc":"Solicite seu or\u00e7amento de empilhadeira Paletrans com a Nigro Equipamentos. Atendimento especializado e solu\u00e7\u00f5es para sua empresa.","neve_meta_sidebar":"","neve_meta_container":"","neve_meta_enable_content_width":"","neve_meta_content_width":0,"neve_meta_title_alignment":"","neve_meta_author_avatar":"","neve_post_elements_order":"","neve_meta_disable_header":"","neve_meta_disable_footer":"","neve_meta_disable_title":"","footnotes":""},"class_list":["post-50315","page","type-page","status-publish","hentry"],"acf":{"bloco1title":"Atendimento Personalizado","bloco1text":"Na Nigro, oferecemos um atendimento personalizado para criar o or\u00e7amento de empilhadeira Paletrans que melhor se adapta ao seu neg\u00f3cio.","bloco2title":"Qualidade Garantida","bloco2text":"Todas as empilhadeiras Paletrans oferecidas possuem garantia de qualidade e efici\u00eancia.","bloco3title":"Como Escolher a Melhor","bloco3text":"Escolher a empilhadeira Paletrans ideal requer conhecimento sobre as necessidades do seu neg\u00f3cio. Na Nigro, temos especialistas prontos para te ajudar a tomar a melhor decis\u00e3o.","posttitle":"Como Obter o Melhor Or\u00e7amento para Empilhadeira Paletrans","postcontent":"<strong>Descubra tudo sobre o or\u00e7amento de empilhadeira Paletrans<\/strong> e como escolher a op\u00e7\u00e3o que traz maior efici\u00eancia para o seu neg\u00f3cio. A Nigro Equipamentos \u00e9 refer\u00eancia na \u00e1rea, oferecendo or\u00e7amentos que se adequam \u00e0s demandas de cada cliente. Ao solicitar seu or\u00e7amento de empilhadeira Paletrans conosco, voc\u00ea conta com a nossa expertise e experi\u00eancia no setor, garantindo que est\u00e1 fazendo a escolha certa. Al\u00e9m disso, temos um portf\u00f3lio completo que inclui compra, manuten\u00e7\u00e3o e loca\u00e7\u00e3o de empilhadeiras Paletrans, assegurando que voc\u00ea encontre a solu\u00e7\u00e3o perfeita. N\u00e3o deixe para depois e solicite j\u00e1 o seu or\u00e7amento de empilhadeira Paletrans. A Nigro Equipamentos \u00e9 confian\u00e7a e autoridade quando o assunto \u00e9 movimenta\u00e7\u00e3o de cargas!","insightwidtitle":"Curiosidades sobre Empilhadeiras","insightwidcontent":"Voc\u00ea sabia que a empilhadeira Paletrans \u00e9 conhecida pela sua alta efici\u00eancia em espa\u00e7os reduzidos? Ideal para armaz\u00e9ns e ind\u00fastrias, essa empilhadeira proporciona melhor manobrabilidade e redu\u00e7\u00e3o de custos operacionais. Investir em uma empilhadeira Paletrans pode ser um divisor de \u00e1guas para seu neg\u00f3cio!"},"yoast_head":"<!-- This site is optimized with the Yoast SEO Premium plugin v18.3 (Yoast SEO v23.4) - https:\/\/yoast.com\/wordpress\/plugins\/seo\/ -->\n<title>Empilhadeira Paletrans: Or\u00e7amento com a Melhor da Nigro Equipamentos<\/title>\n<meta name=\"description\" content=\"Solicite seu or\u00e7amento de empilhadeira Paletrans com a Nigro Equipamentos. Atendimento especializado e solu\u00e7\u00f5es para sua empresa.\" \/>\n<meta name=\"robots\" content=\"index, follow, max-snippet:-1, max-image-preview:large, max-video-preview:-1\" \/>\n<link rel=\"canonical\" href=\"https:\/\/nigroequipamentos.com.br\/conteudo\/solicite-seu-orcamento-de-empilhadeira-paletrans-com-a-nigro-equipamentos-4\/\" \/>\n<meta property=\"og:locale\" content=\"pt_BR\" \/>\n<meta property=\"og:type\" content=\"article\" \/>\n<meta property=\"og:title\" content=\"Solicite seu Or\u00e7amento de Empilhadeira Paletrans com a Nigro Equipamentos\" \/>\n<meta property=\"og:description\" content=\"Solicite seu or\u00e7amento de empilhadeira Paletrans com a Nigro Equipamentos. Atendimento especializado e solu\u00e7\u00f5es para sua empresa.\" \/>\n<meta property=\"og:url\" content=\"https:\/\/nigroequipamentos.com.br\/conteudo\/solicite-seu-orcamento-de-empilhadeira-paletrans-com-a-nigro-equipamentos-4\/\" \/>\n<meta property=\"og:site_name\" content=\"Nigro Equipamentos\" \/>\n<meta property=\"article:publisher\" content=\"https:\/\/www.facebook.com\/nigroequipamentos\" \/>\n<meta name=\"twitter:card\" content=\"summary_large_image\" \/>\n<script type=\"application\/ld+json\" class=\"yoast-schema-graph\">{\"@context\":\"https:\/\/schema.org\",\"@graph\":[{\"@type\":\"WebPage\",\"@id\":\"https:\/\/nigroequipamentos.com.br\/conteudo\/solicite-seu-orcamento-de-empilhadeira-paletrans-com-a-nigro-equipamentos-4\/\",\"url\":\"https:\/\/nigroequipamentos.com.br\/conteudo\/solicite-seu-orcamento-de-empilhadeira-paletrans-com-a-nigro-equipamentos-4\/\",\"name\":\"Empilhadeira Paletrans: Or\u00e7amento com a Melhor da Nigro Equipamentos\",\"isPartOf\":{\"@id\":\"https:\/\/nigroequipamentos.com.br\/conteudo\/#website\"},\"datePublished\":\"2025-07-28T19:46:06+00:00\",\"dateModified\":\"2025-07-28T19:46:06+00:00\",\"description\":\"Solicite seu or\u00e7amento de empilhadeira Paletrans com a Nigro Equipamentos. Atendimento especializado e solu\u00e7\u00f5es para sua empresa.\",\"breadcrumb\":{\"@id\":\"https:\/\/nigroequipamentos.com.br\/conteudo\/solicite-seu-orcamento-de-empilhadeira-paletrans-com-a-nigro-equipamentos-4\/#breadcrumb\"},\"inLanguage\":\"pt-BR\",\"potentialAction\":[{\"@type\":\"ReadAction\",\"target\":[\"https:\/\/nigroequipamentos.com.br\/conteudo\/solicite-seu-orcamento-de-empilhadeira-paletrans-com-a-nigro-equipamentos-4\/\"]}]},{\"@type\":\"BreadcrumbList\",\"@id\":\"https:\/\/nigroequipamentos.com.br\/conteudo\/solicite-seu-orcamento-de-empilhadeira-paletrans-com-a-nigro-equipamentos-4\/#breadcrumb\",\"itemListElement\":[{\"@type\":\"ListItem\",\"position\":1,\"name\":\"In\u00edcio\",\"item\":\"https:\/\/nigroequipamentos.com.br\/conteudo\/\"},{\"@type\":\"ListItem\",\"position\":2,\"name\":\"Solicite seu Or\u00e7amento de Empilhadeira Paletrans com a Nigro Equipamentos\"}]},{\"@type\":\"WebSite\",\"@id\":\"https:\/\/nigroequipamentos.com.br\/conteudo\/#website\",\"url\":\"https:\/\/nigroequipamentos.com.br\/conteudo\/\",\"name\":\"Nigro Equipamentos\",\"description\":\"Loca\u00e7\u00e3o e Vendas\",\"publisher\":{\"@id\":\"https:\/\/nigroequipamentos.com.br\/conteudo\/#organization\"},\"potentialAction\":[{\"@type\":\"SearchAction\",\"target\":{\"@type\":\"EntryPoint\",\"urlTemplate\":\"https:\/\/nigroequipamentos.com.br\/conteudo\/?s={search_term_string}\"},\"query-input\":{\"@type\":\"PropertyValueSpecification\",\"valueRequired\":true,\"valueName\":\"search_term_string\"}}],\"inLanguage\":\"pt-BR\"},{\"@type\":\"Organization\",\"@id\":\"https:\/\/nigroequipamentos.com.br\/conteudo\/#organization\",\"name\":\"Nigro Equipamentos\",\"url\":\"https:\/\/nigroequipamentos.com.br\/conteudo\/\",\"logo\":{\"@type\":\"ImageObject\",\"inLanguage\":\"pt-BR\",\"@id\":\"https:\/\/nigroequipamentos.com.br\/conteudo\/#\/schema\/logo\/image\/\",\"url\":\"https:\/\/nigroequipamentos.com.br\/conteudo\/wp-content\/uploads\/2024\/10\/nigroequipamentos_logo.webp\",\"contentUrl\":\"https:\/\/nigroequipamentos.com.br\/conteudo\/wp-content\/uploads\/2024\/10\/nigroequipamentos_logo.webp\",\"width\":785,\"height\":355,\"caption\":\"Nigro Equipamentos\"},\"image\":{\"@id\":\"https:\/\/nigroequipamentos.com.br\/conteudo\/#\/schema\/logo\/image\/\"},\"sameAs\":[\"https:\/\/www.facebook.com\/nigroequipamentos\",\"https:\/\/www.instagram.com\/nigroequipamentos\/\"]}]}<\/script>\n<!-- \/ Yoast SEO Premium plugin. -->","yoast_head_json":{"title":"Empilhadeira Paletrans: Or\u00e7amento com a Melhor da Nigro Equipamentos","description":"Solicite seu or\u00e7amento de empilhadeira Paletrans com a Nigro Equipamentos. Atendimento especializado e solu\u00e7\u00f5es para sua empresa.","robots":{"index":"index","follow":"follow","max-snippet":"max-snippet:-1","max-image-preview":"max-image-preview:large","max-video-preview":"max-video-preview:-1"},"canonical":"https:\/\/nigroequipamentos.com.br\/conteudo\/solicite-seu-orcamento-de-empilhadeira-paletrans-com-a-nigro-equipamentos-4\/","og_locale":"pt_BR","og_type":"article","og_title":"Solicite seu Or\u00e7amento de Empilhadeira Paletrans com a Nigro Equipamentos","og_description":"Solicite seu or\u00e7amento de empilhadeira Paletrans com a Nigro Equipamentos. Atendimento especializado e solu\u00e7\u00f5es para sua empresa.","og_url":"https:\/\/nigroequipamentos.com.br\/conteudo\/solicite-seu-orcamento-de-empilhadeira-paletrans-com-a-nigro-equipamentos-4\/","og_site_name":"Nigro Equipamentos","article_publisher":"https:\/\/www.facebook.com\/nigroequipamentos","twitter_card":"summary_large_image","schema":{"@context":"https:\/\/schema.org","@graph":[{"@type":"WebPage","@id":"https:\/\/nigroequipamentos.com.br\/conteudo\/solicite-seu-orcamento-de-empilhadeira-paletrans-com-a-nigro-equipamentos-4\/","url":"https:\/\/nigroequipamentos.com.br\/conteudo\/solicite-seu-orcamento-de-empilhadeira-paletrans-com-a-nigro-equipamentos-4\/","name":"Empilhadeira Paletrans: Or\u00e7amento com a Melhor da Nigro Equipamentos","isPartOf":{"@id":"https:\/\/nigroequipamentos.com.br\/conteudo\/#website"},"datePublished":"2025-07-28T19:46:06+00:00","dateModified":"2025-07-28T19:46:06+00:00","description":"Solicite seu or\u00e7amento de empilhadeira Paletrans com a Nigro Equipamentos. Atendimento especializado e solu\u00e7\u00f5es para sua empresa.","breadcrumb":{"@id":"https:\/\/nigroequipamentos.com.br\/conteudo\/solicite-seu-orcamento-de-empilhadeira-paletrans-com-a-nigro-equipamentos-4\/#breadcrumb"},"inLanguage":"pt-BR","potentialAction":[{"@type":"ReadAction","target":["https:\/\/nigroequipamentos.com.br\/conteudo\/solicite-seu-orcamento-de-empilhadeira-paletrans-com-a-nigro-equipamentos-4\/"]}]},{"@type":"BreadcrumbList","@id":"https:\/\/nigroequipamentos.com.br\/conteudo\/solicite-seu-orcamento-de-empilhadeira-paletrans-com-a-nigro-equipamentos-4\/#breadcrumb","itemListElement":[{"@type":"ListItem","position":1,"name":"In\u00edcio","item":"https:\/\/nigroequipamentos.com.br\/conteudo\/"},{"@type":"ListItem","position":2,"name":"Solicite seu Or\u00e7amento de Empilhadeira Paletrans com a Nigro Equipamentos"}]},{"@type":"WebSite","@id":"https:\/\/nigroequipamentos.com.br\/conteudo\/#website","url":"https:\/\/nigroequipamentos.com.br\/conteudo\/","name":"Nigro Equipamentos","description":"Loca\u00e7\u00e3o e Vendas","publisher":{"@id":"https:\/\/nigroequipamentos.com.br\/conteudo\/#organization"},"potentialAction":[{"@type":"SearchAction","target":{"@type":"EntryPoint","urlTemplate":"https:\/\/nigroequipamentos.com.br\/conteudo\/?s={search_term_string}"},"query-input":{"@type":"PropertyValueSpecification","valueRequired":true,"valueName":"search_term_string"}}],"inLanguage":"pt-BR"},{"@type":"Organization","@id":"https:\/\/nigroequipamentos.com.br\/conteudo\/#organization","name":"Nigro Equipamentos","url":"https:\/\/nigroequipamentos.com.br\/conteudo\/","logo":{"@type":"ImageObject","inLanguage":"pt-BR","@id":"https:\/\/nigroequipamentos.com.br\/conteudo\/#\/schema\/logo\/image\/","url":"https:\/\/nigroequipamentos.com.br\/conteudo\/wp-content\/uploads\/2024\/10\/nigroequipamentos_logo.webp","contentUrl":"https:\/\/nigroequipamentos.com.br\/conteudo\/wp-content\/uploads\/2024\/10\/nigroequipamentos_logo.webp","width":785,"height":355,"caption":"Nigro Equipamentos"},"image":{"@id":"https:\/\/nigroequipamentos.com.br\/conteudo\/#\/schema\/logo\/image\/"},"sameAs":["https:\/\/www.facebook.com\/nigroequipamentos","https:\/\/www.instagram.com\/nigroequipamentos\/"]}]}},"_links":{"self":[{"href":"https:\/\/nigroequipamentos.com.br\/conteudo\/wp-json\/wp\/v2\/pages\/50315","targetHints":{"allow":["GET"]}}],"collection":[{"href":"https:\/\/nigroequipamentos.com.br\/conteudo\/wp-json\/wp\/v2\/pages"}],"about":[{"href":"https:\/\/nigroequipamentos.com.br\/conteudo\/wp-json\/wp\/v2\/types\/page"}],"author":[{"embeddable":true,"href":"https:\/\/nigroequipamentos.com.br\/conteudo\/wp-json\/wp\/v2\/users\/3"}],"replies":[{"embeddable":true,"href":"https:\/\/nigroequipamentos.com.br\/conteudo\/wp-json\/wp\/v2\/comments?post=50315"}],"version-history":[{"count":0,"href":"https:\/\/nigroequipamentos.com.br\/conteudo\/wp-json\/wp\/v2\/pages\/50315\/revisions"}],"wp:attachment":[{"href":"https:\/\/nigroequipamentos.com.br\/conteudo\/wp-json\/wp\/v2\/media?parent=50315"}],"curies":[{"name":"wp","href":"https:\/\/api.w.org\/{rel}","templated":true}]}}