{"id":30075,"date":"2025-06-04T07:46:11","date_gmt":"2025-06-04T10:46:11","guid":{"rendered":"https:\/\/nigroequipamentos.com.br\/conteudo\/empilhadeira-paletrans-qualidade-que-voce-confiar\/"},"modified":"2025-06-04T07:46:11","modified_gmt":"2025-06-04T10:46:11","slug":"empilhadeira-paletrans-qualidade-que-voce-confiar","status":"publish","type":"page","link":"https:\/\/nigroequipamentos.com.br\/conteudo\/empilhadeira-paletrans-qualidade-que-voce-confiar\/","title":{"rendered":"Empilhadeira Paletrans: Qualidade que Voc\u00ea Confiar"},"content":{"rendered":"<p>Quando se trata de empilhadeiras, a <strong>Empilhadeira Paletrans<\/strong> \u00e9 sin\u00f4nimo de qualidade e confiabilidade. A Nigro Equipamentos \u00e9 reconhecida por oferecer as melhores op\u00e7\u00f5es de Empilhadeiras Paletrans no mercado, com um compromisso constante com a qualifica\u00e7\u00e3o e expertise. Com mais de 20 anos de experi\u00eancia no setor, garantimos que nossos clientes tenham acesso n\u00e3o apenas \u00e0 compra, mas tamb\u00e9m \u00e0 manuten\u00e7\u00e3o e loca\u00e7\u00e3o das melhores Empilhadeiras Paletrans. A qualidade das Empilhadeiras Paletrans proporcionadas pela Nigro Equipamentos assegura efici\u00eancia e seguran\u00e7a nas opera\u00e7\u00f5es log\u00edsticas, permitindo o transporte de cargas com total confian\u00e7a. Ao escolher a Nigro para suas necessidades, voc\u00ea opta por uma marca que preza pela confiabilidade e pelo atendimento ao cliente. Cada modelo de Empilhadeira Paletrans \u00e9 meticulosamente testado para assegurar que voc\u00ea n\u00e3o apenas cumpra, mas supere suas expectativas. Se voc\u00ea est\u00e1 em busca de agilidade e performance, a qualidade da <strong>Empilhadeira Paletrans<\/strong> \u00e9 a solu\u00e7\u00e3o ideal. E lembre-se, a Nigro Equipamentos est\u00e1 sempre ao seu lado para orient\u00e1-lo na escolha e manuten\u00e7\u00e3o destas m\u00e1quinas incr\u00edveis.<\/p>\n","protected":false},"excerpt":{"rendered":"<p>Quando se trata de empilhadeiras, a Empilhadeira Paletrans \u00e9 sin\u00f4nimo de qualidade e confiabilidade. A Nigro Equipamentos \u00e9 reconhecida por oferecer as melhores op\u00e7\u00f5es de Empilhadeiras Paletrans no mercado, com um compromisso constante com a qualifica\u00e7\u00e3o e expertise. Com mais de 20 anos de experi\u00eancia no setor, garantimos que nossos clientes tenham acesso n\u00e3o apenas&hellip;&nbsp;<a href=\"https:\/\/nigroequipamentos.com.br\/conteudo\/empilhadeira-paletrans-qualidade-que-voce-confiar\/\" class=\"\" rel=\"bookmark\">Continue a ler &raquo;<span class=\"screen-reader-text\">Empilhadeira Paletrans: Qualidade que Voc\u00ea Confiar<\/span><\/a><\/p>\n","protected":false},"author":3,"featured_media":0,"parent":0,"menu_order":0,"comment_status":"closed","ping_status":"closed","template":"","meta":{"_acf_changed":false,"_yoast_wpseo_focuskw":"Empilhadeira Paletrans qualidade","_yoast_wpseo_title":"Empilhadeiras Paletrans: Qualidade e Confiabilidade com a Nigro Equipamentos","_yoast_wpseo_metadesc":"Descubra a qualidade excepcional da Empilhadeira Paletrans com a Nigro Equipamentos, l\u00edder em venda, manuten\u00e7\u00e3o e loca\u00e7\u00e3o.","neve_meta_sidebar":"","neve_meta_container":"","neve_meta_enable_content_width":"","neve_meta_content_width":0,"neve_meta_title_alignment":"","neve_meta_author_avatar":"","neve_post_elements_order":"","neve_meta_disable_header":"","neve_meta_disable_footer":"","neve_meta_disable_title":"","footnotes":""},"class_list":["post-30075","page","type-page","status-publish","hentry"],"acf":{"bloco1title":"Atendimento Premium","bloco1text":"Nosso atendimento especializado garante que voc\u00ea escolha a Empilhadeira Paletrans mais adequada \u00e0s suas necessidades.","bloco2title":"Parceria de Longo Prazo","bloco2text":"Com a Nigro, voc\u00ea tem um parceiro confi\u00e1vel para compra e manuten\u00e7\u00e3o de Empilhadeiras Paletrans.","bloco3title":"Vantagens Competitivas","bloco3text":"A escolha da Empilhadeira Paletrans n\u00e3o \u00e9 apenas por qualidade, mas pela confian\u00e7a em nossa equipe, que entende suas demandas no setor log\u00edstico.","posttitle":"Descubra a Qualidade das Empilhadeiras Paletrans com a Nigro Equipamentos","postcontent":"A <strong>Empilhadeira Paletrans<\/strong> representa o que h\u00e1 de melhor em efici\u00eancia e durabilidade no mercado de equipamentos para movimenta\u00e7\u00e3o de cargas. Para garantir a satisfa\u00e7\u00e3o do cliente, a Nigro Equipamentos se destaca pela qualidade de suas Empilhadeiras Paletrans e pelo apoio cont\u00ednuo que oferece. Na hora de adquirir sua empilhadeira, considere n\u00e3o s\u00f3 a compra, mas tamb\u00e9m a manuten\u00e7\u00e3o regular e, se necess\u00e1rio, a loca\u00e7\u00e3o. A manuten\u00e7\u00e3o da <strong>Empilhadeira Paletrans<\/strong> \u00e9 um aspecto crucial que muitas empresas negligenciam. A Nigro oferece todo suporte necess\u00e1rio para assegurar que seu equipamento esteja sempre em perfeitas condi\u00e7\u00f5es. Al\u00e9m disso, a loca\u00e7\u00e3o da <strong>Empilhadeira Paletrans<\/strong> abre um leque de novas possibilidades para quem busca solu\u00e7\u00f5es flex\u00edveis e econ\u00f4micas para o dia a dia da opera\u00e7\u00e3o. Na Nigro, unimos qualidade com confian\u00e7a, criando um ecossistema sustent\u00e1vel que beneficia todos os nossos clientes. Por isso, quando pensar em <strong>Empilhadeira Paletrans<\/strong>, lembre-se: a Nigro Equipamentos \u00e9 a sua melhor op\u00e7\u00e3o, com solu\u00e7\u00f5es adaptadas a cada necessidade.","insightwidtitle":"Curiosidades sobre Paletrans","insightwidcontent":"Voc\u00ea sabia que a <strong>Empilhadeira Paletrans<\/strong> \u00e9 projetada para operar em ambientes apertados? Isso a torna ideal para armaz\u00e9ns e \u00e1reas de carga restritas. Al\u00e9m disso, sua manuten\u00e7\u00e3o regular pode aumentar a vida \u00fatil do equipamento em at\u00e9 50%, economizando custos e melhorando a performance."},"yoast_head":"<!-- This site is optimized with the Yoast SEO Premium plugin v18.3 (Yoast SEO v23.4) - https:\/\/yoast.com\/wordpress\/plugins\/seo\/ -->\n<title>Empilhadeiras Paletrans: Qualidade e Confiabilidade com a Nigro Equipamentos<\/title>\n<meta name=\"description\" content=\"Descubra a qualidade excepcional da Empilhadeira Paletrans com a Nigro Equipamentos, l\u00edder em venda, manuten\u00e7\u00e3o e loca\u00e7\u00e3o.\" \/>\n<meta name=\"robots\" content=\"index, follow, max-snippet:-1, max-image-preview:large, max-video-preview:-1\" \/>\n<link rel=\"canonical\" href=\"https:\/\/nigroequipamentos.com.br\/conteudo\/empilhadeira-paletrans-qualidade-que-voce-confiar\/\" \/>\n<meta property=\"og:locale\" content=\"pt_BR\" \/>\n<meta property=\"og:type\" content=\"article\" \/>\n<meta property=\"og:title\" content=\"Empilhadeira Paletrans: Qualidade que Voc\u00ea Confiar\" \/>\n<meta property=\"og:description\" content=\"Descubra a qualidade excepcional da Empilhadeira Paletrans com a Nigro Equipamentos, l\u00edder em venda, manuten\u00e7\u00e3o e loca\u00e7\u00e3o.\" \/>\n<meta property=\"og:url\" content=\"https:\/\/nigroequipamentos.com.br\/conteudo\/empilhadeira-paletrans-qualidade-que-voce-confiar\/\" \/>\n<meta property=\"og:site_name\" content=\"Nigro Equipamentos\" \/>\n<meta property=\"article:publisher\" content=\"https:\/\/www.facebook.com\/nigroequipamentos\" \/>\n<meta name=\"twitter:card\" content=\"summary_large_image\" \/>\n<meta name=\"twitter:label1\" content=\"Est. tempo de leitura\" \/>\n\t<meta name=\"twitter:data1\" content=\"1 minuto\" \/>\n<script type=\"application\/ld+json\" class=\"yoast-schema-graph\">{\"@context\":\"https:\/\/schema.org\",\"@graph\":[{\"@type\":\"WebPage\",\"@id\":\"https:\/\/nigroequipamentos.com.br\/conteudo\/empilhadeira-paletrans-qualidade-que-voce-confiar\/\",\"url\":\"https:\/\/nigroequipamentos.com.br\/conteudo\/empilhadeira-paletrans-qualidade-que-voce-confiar\/\",\"name\":\"Empilhadeiras Paletrans: Qualidade e Confiabilidade com a Nigro Equipamentos\",\"isPartOf\":{\"@id\":\"https:\/\/nigroequipamentos.com.br\/conteudo\/#website\"},\"datePublished\":\"2025-06-04T10:46:11+00:00\",\"dateModified\":\"2025-06-04T10:46:11+00:00\",\"description\":\"Descubra a qualidade excepcional da Empilhadeira Paletrans com a Nigro Equipamentos, l\u00edder em venda, manuten\u00e7\u00e3o e loca\u00e7\u00e3o.\",\"breadcrumb\":{\"@id\":\"https:\/\/nigroequipamentos.com.br\/conteudo\/empilhadeira-paletrans-qualidade-que-voce-confiar\/#breadcrumb\"},\"inLanguage\":\"pt-BR\",\"potentialAction\":[{\"@type\":\"ReadAction\",\"target\":[\"https:\/\/nigroequipamentos.com.br\/conteudo\/empilhadeira-paletrans-qualidade-que-voce-confiar\/\"]}]},{\"@type\":\"BreadcrumbList\",\"@id\":\"https:\/\/nigroequipamentos.com.br\/conteudo\/empilhadeira-paletrans-qualidade-que-voce-confiar\/#breadcrumb\",\"itemListElement\":[{\"@type\":\"ListItem\",\"position\":1,\"name\":\"In\u00edcio\",\"item\":\"https:\/\/nigroequipamentos.com.br\/conteudo\/\"},{\"@type\":\"ListItem\",\"position\":2,\"name\":\"Empilhadeira Paletrans: Qualidade que Voc\u00ea Confiar\"}]},{\"@type\":\"WebSite\",\"@id\":\"https:\/\/nigroequipamentos.com.br\/conteudo\/#website\",\"url\":\"https:\/\/nigroequipamentos.com.br\/conteudo\/\",\"name\":\"Nigro Equipamentos\",\"description\":\"Loca\u00e7\u00e3o e Vendas\",\"publisher\":{\"@id\":\"https:\/\/nigroequipamentos.com.br\/conteudo\/#organization\"},\"potentialAction\":[{\"@type\":\"SearchAction\",\"target\":{\"@type\":\"EntryPoint\",\"urlTemplate\":\"https:\/\/nigroequipamentos.com.br\/conteudo\/?s={search_term_string}\"},\"query-input\":{\"@type\":\"PropertyValueSpecification\",\"valueRequired\":true,\"valueName\":\"search_term_string\"}}],\"inLanguage\":\"pt-BR\"},{\"@type\":\"Organization\",\"@id\":\"https:\/\/nigroequipamentos.com.br\/conteudo\/#organization\",\"name\":\"Nigro Equipamentos\",\"url\":\"https:\/\/nigroequipamentos.com.br\/conteudo\/\",\"logo\":{\"@type\":\"ImageObject\",\"inLanguage\":\"pt-BR\",\"@id\":\"https:\/\/nigroequipamentos.com.br\/conteudo\/#\/schema\/logo\/image\/\",\"url\":\"https:\/\/nigroequipamentos.com.br\/conteudo\/wp-content\/uploads\/2024\/10\/nigroequipamentos_logo.webp\",\"contentUrl\":\"https:\/\/nigroequipamentos.com.br\/conteudo\/wp-content\/uploads\/2024\/10\/nigroequipamentos_logo.webp\",\"width\":785,\"height\":355,\"caption\":\"Nigro Equipamentos\"},\"image\":{\"@id\":\"https:\/\/nigroequipamentos.com.br\/conteudo\/#\/schema\/logo\/image\/\"},\"sameAs\":[\"https:\/\/www.facebook.com\/nigroequipamentos\",\"https:\/\/www.instagram.com\/nigroequipamentos\/\"]}]}<\/script>\n<!-- \/ Yoast SEO Premium plugin. -->","yoast_head_json":{"title":"Empilhadeiras Paletrans: Qualidade e Confiabilidade com a Nigro Equipamentos","description":"Descubra a qualidade excepcional da Empilhadeira Paletrans com a Nigro Equipamentos, l\u00edder em venda, manuten\u00e7\u00e3o e loca\u00e7\u00e3o.","robots":{"index":"index","follow":"follow","max-snippet":"max-snippet:-1","max-image-preview":"max-image-preview:large","max-video-preview":"max-video-preview:-1"},"canonical":"https:\/\/nigroequipamentos.com.br\/conteudo\/empilhadeira-paletrans-qualidade-que-voce-confiar\/","og_locale":"pt_BR","og_type":"article","og_title":"Empilhadeira Paletrans: Qualidade que Voc\u00ea Confiar","og_description":"Descubra a qualidade excepcional da Empilhadeira Paletrans com a Nigro Equipamentos, l\u00edder em venda, manuten\u00e7\u00e3o e loca\u00e7\u00e3o.","og_url":"https:\/\/nigroequipamentos.com.br\/conteudo\/empilhadeira-paletrans-qualidade-que-voce-confiar\/","og_site_name":"Nigro Equipamentos","article_publisher":"https:\/\/www.facebook.com\/nigroequipamentos","twitter_card":"summary_large_image","twitter_misc":{"Est. tempo de leitura":"1 minuto"},"schema":{"@context":"https:\/\/schema.org","@graph":[{"@type":"WebPage","@id":"https:\/\/nigroequipamentos.com.br\/conteudo\/empilhadeira-paletrans-qualidade-que-voce-confiar\/","url":"https:\/\/nigroequipamentos.com.br\/conteudo\/empilhadeira-paletrans-qualidade-que-voce-confiar\/","name":"Empilhadeiras Paletrans: Qualidade e Confiabilidade com a Nigro Equipamentos","isPartOf":{"@id":"https:\/\/nigroequipamentos.com.br\/conteudo\/#website"},"datePublished":"2025-06-04T10:46:11+00:00","dateModified":"2025-06-04T10:46:11+00:00","description":"Descubra a qualidade excepcional da Empilhadeira Paletrans com a Nigro Equipamentos, l\u00edder em venda, manuten\u00e7\u00e3o e loca\u00e7\u00e3o.","breadcrumb":{"@id":"https:\/\/nigroequipamentos.com.br\/conteudo\/empilhadeira-paletrans-qualidade-que-voce-confiar\/#breadcrumb"},"inLanguage":"pt-BR","potentialAction":[{"@type":"ReadAction","target":["https:\/\/nigroequipamentos.com.br\/conteudo\/empilhadeira-paletrans-qualidade-que-voce-confiar\/"]}]},{"@type":"BreadcrumbList","@id":"https:\/\/nigroequipamentos.com.br\/conteudo\/empilhadeira-paletrans-qualidade-que-voce-confiar\/#breadcrumb","itemListElement":[{"@type":"ListItem","position":1,"name":"In\u00edcio","item":"https:\/\/nigroequipamentos.com.br\/conteudo\/"},{"@type":"ListItem","position":2,"name":"Empilhadeira Paletrans: Qualidade que Voc\u00ea Confiar"}]},{"@type":"WebSite","@id":"https:\/\/nigroequipamentos.com.br\/conteudo\/#website","url":"https:\/\/nigroequipamentos.com.br\/conteudo\/","name":"Nigro Equipamentos","description":"Loca\u00e7\u00e3o e Vendas","publisher":{"@id":"https:\/\/nigroequipamentos.com.br\/conteudo\/#organization"},"potentialAction":[{"@type":"SearchAction","target":{"@type":"EntryPoint","urlTemplate":"https:\/\/nigroequipamentos.com.br\/conteudo\/?s={search_term_string}"},"query-input":{"@type":"PropertyValueSpecification","valueRequired":true,"valueName":"search_term_string"}}],"inLanguage":"pt-BR"},{"@type":"Organization","@id":"https:\/\/nigroequipamentos.com.br\/conteudo\/#organization","name":"Nigro Equipamentos","url":"https:\/\/nigroequipamentos.com.br\/conteudo\/","logo":{"@type":"ImageObject","inLanguage":"pt-BR","@id":"https:\/\/nigroequipamentos.com.br\/conteudo\/#\/schema\/logo\/image\/","url":"https:\/\/nigroequipamentos.com.br\/conteudo\/wp-content\/uploads\/2024\/10\/nigroequipamentos_logo.webp","contentUrl":"https:\/\/nigroequipamentos.com.br\/conteudo\/wp-content\/uploads\/2024\/10\/nigroequipamentos_logo.webp","width":785,"height":355,"caption":"Nigro Equipamentos"},"image":{"@id":"https:\/\/nigroequipamentos.com.br\/conteudo\/#\/schema\/logo\/image\/"},"sameAs":["https:\/\/www.facebook.com\/nigroequipamentos","https:\/\/www.instagram.com\/nigroequipamentos\/"]}]}},"_links":{"self":[{"href":"https:\/\/nigroequipamentos.com.br\/conteudo\/wp-json\/wp\/v2\/pages\/30075","targetHints":{"allow":["GET"]}}],"collection":[{"href":"https:\/\/nigroequipamentos.com.br\/conteudo\/wp-json\/wp\/v2\/pages"}],"about":[{"href":"https:\/\/nigroequipamentos.com.br\/conteudo\/wp-json\/wp\/v2\/types\/page"}],"author":[{"embeddable":true,"href":"https:\/\/nigroequipamentos.com.br\/conteudo\/wp-json\/wp\/v2\/users\/3"}],"replies":[{"embeddable":true,"href":"https:\/\/nigroequipamentos.com.br\/conteudo\/wp-json\/wp\/v2\/comments?post=30075"}],"version-history":[{"count":0,"href":"https:\/\/nigroequipamentos.com.br\/conteudo\/wp-json\/wp\/v2\/pages\/30075\/revisions"}],"wp:attachment":[{"href":"https:\/\/nigroequipamentos.com.br\/conteudo\/wp-json\/wp\/v2\/media?parent=30075"}],"curies":[{"name":"wp","href":"https:\/\/api.w.org\/{rel}","templated":true}]}}