{"id":23114,"date":"2025-04-29T19:45:32","date_gmt":"2025-04-29T22:45:32","guid":{"rendered":"https:\/\/nigroequipamentos.com.br\/conteudo\/nigro-equipamentos-a-melhor-assistencia-tecnica-em-empilhadeira-paletrans\/"},"modified":"2025-04-29T19:45:32","modified_gmt":"2025-04-29T22:45:32","slug":"nigro-equipamentos-a-melhor-assistencia-tecnica-em-empilhadeira-paletrans","status":"publish","type":"page","link":"https:\/\/nigroequipamentos.com.br\/conteudo\/nigro-equipamentos-a-melhor-assistencia-tecnica-em-empilhadeira-paletrans\/","title":{"rendered":"Nigro Equipamentos: A Melhor Assist\u00eancia T\u00e9cnica em Empilhadeira Paletrans"},"content":{"rendered":"<p>Se voc\u00ea procura uma assist\u00eancia t\u00e9cnica de confian\u00e7a para empilhadeiras Paletrans, a Nigro Equipamentos \u00e9 a solu\u00e7\u00e3o que voc\u00ea precisa. Com uma equipe altamente capacitada e experiente, garantimos um atendimento especializado e \u00e1gil, visando a m\u00e1xima efici\u00eancia do seu equipamento. Oferecemos manuten\u00e7\u00e3o, reparos e loca\u00e7\u00e3o de empilhadeiras Paletrans com compromisso e excel\u00eancia. Confie na Nigro Equipamentos para manter suas opera\u00e7\u00f5es sempre seguras e eficientes.<\/p>\n","protected":false},"excerpt":{"rendered":"<p>Se voc\u00ea procura uma assist\u00eancia t\u00e9cnica de confian\u00e7a para empilhadeiras Paletrans, a Nigro Equipamentos \u00e9 a solu\u00e7\u00e3o que voc\u00ea precisa. Com uma equipe altamente capacitada e experiente, garantimos um atendimento especializado e \u00e1gil, visando a m\u00e1xima efici\u00eancia do seu equipamento. Oferecemos manuten\u00e7\u00e3o, reparos e loca\u00e7\u00e3o de empilhadeiras Paletrans com compromisso e excel\u00eancia. Confie na Nigro&hellip;&nbsp;<a href=\"https:\/\/nigroequipamentos.com.br\/conteudo\/nigro-equipamentos-a-melhor-assistencia-tecnica-em-empilhadeira-paletrans\/\" class=\"\" rel=\"bookmark\">Continue a ler &raquo;<span class=\"screen-reader-text\">Nigro Equipamentos: A Melhor Assist\u00eancia T\u00e9cnica em Empilhadeira Paletrans<\/span><\/a><\/p>\n","protected":false},"author":3,"featured_media":0,"parent":0,"menu_order":0,"comment_status":"closed","ping_status":"closed","template":"","meta":{"_acf_changed":false,"_yoast_wpseo_focuskw":"Assist\u00eancia t\u00e9cnica Empilhadeira Paletrans","_yoast_wpseo_title":"Nigro Equipamentos | Assist\u00eancia T\u00e9cnica e Manuten\u00e7\u00e3o para Empilhadeiras Paletrans","_yoast_wpseo_metadesc":"Conhe\u00e7a a Nigro Equipamentos, especialista em assist\u00eancia t\u00e9cnica para empilhadeiras Paletrans com servi\u00e7os de manuten\u00e7\u00e3o, loca\u00e7\u00e3o e compra.","neve_meta_sidebar":"","neve_meta_container":"","neve_meta_enable_content_width":"","neve_meta_content_width":0,"neve_meta_title_alignment":"","neve_meta_author_avatar":"","neve_post_elements_order":"","neve_meta_disable_header":"","neve_meta_disable_footer":"","neve_meta_disable_title":"","footnotes":""},"class_list":["post-23114","page","type-page","status-publish","hentry"],"acf":{"bloco1title":"Expertise em Paletrans","bloco1text":"A Nigro Equipamentos possui vasta experi\u00eancia e especializa\u00e7\u00e3o em assist\u00eancia t\u00e9cnica para empilhadeiras Paletrans, assegurando qualidade nos servi\u00e7os prestados.","bloco2title":"Atendimento R\u00e1pido","bloco2text":"Nosso atendimento para empilhadeiras Paletrans \u00e9 r\u00e1pido e eficiente, garantindo que sua opera\u00e7\u00e3o n\u00e3o fique parada.","bloco3title":"Cuidados Necess\u00e1rios","bloco3text":"Para aumentar a durabilidade das empilhadeiras Paletrans, \u00e9 fundamental realizar manuten\u00e7\u00f5es regulares. A Nigro Equipamentos oferece planos personalizados de assist\u00eancia t\u00e9cnica.","posttitle":"Assist\u00eancia T\u00e9cnica de Excel\u00eancia para Empilhadeira Paletrans com a Nigro Equipamentos","postcontent":"<strong>Conhe\u00e7a a Nigro Equipamentos<\/strong> - refer\u00eancia em assist\u00eancia t\u00e9cnica para empilhadeiras Paletrans. Nossa miss\u00e3o \u00e9 garantir que suas empilhadeiras operem com o m\u00e1ximo de efici\u00eancia, seguran\u00e7a e durabilidade. Com anos de experi\u00eancia no segmento, a Nigro Equipamentos desenvolveu um corpo t\u00e9cnico altamente qualificado para atender \u00e0s demandas espec\u00edficas do seu neg\u00f3cio. Nossos servi\u00e7os de assist\u00eancia t\u00e9cnica para empilhadeiras Paletrans incluem manuten\u00e7\u00e3o preventiva e corretiva, garantindo que voc\u00ea evite poss\u00edveis paralisa\u00e7\u00f5es e custos inesperados. Com um compromisso forte com a qualidade, oferecemos solu\u00e7\u00f5es personalizadas que se adaptam \u00e0s suas necessidades operacionais. Al\u00e9m disso, acreditamos que a transpar\u00eancia \u00e9 fundamental; por isso, nossos clientes acompanham todas as etapas do servi\u00e7o realizado em suas empilhadeiras Paletrans. <strong>Confian\u00e7a \u00e9 fundamental<\/strong>, e na Nigro Equipamentos voc\u00ea encontra uma parceira que preza pela entrega de servi\u00e7os com excel\u00eancia. Seja na compra, manuten\u00e7\u00e3o ou loca\u00e7\u00e3o de empilhadeiras Paletrans, temos as melhores op\u00e7\u00f5es do mercado. N\u00e3o deixe de nos consultar para saber mais sobre como podemos ajudar a otimizar seu fluxo de trabalho com nossas empilhadeiras Paletrans.","insightwidtitle":"Curiosidades sobre Paletrans","insightwidcontent":"Empilhadeiras Paletrans s\u00e3o conhecidas por sua versatilidade em projetos log\u00edsticos. Curiosamente, elas s\u00e3o projetadas tamb\u00e9m para operar em ambientes restritos onde outros modelos n\u00e3o conseguem entrar. A manuten\u00e7\u00e3o regular \u00e9 vital, pois garante que o desempenho e a seguran\u00e7a sejam sempre elevados, evitando acidentes e paradas inesperadas. Assim, escolher com cuidado onde e como obter assist\u00eancia t\u00e9cnica \u00e9 crucial para a longevidade e benef\u00edcios gerais do equipamento."},"yoast_head":"<!-- This site is optimized with the Yoast SEO Premium plugin v18.3 (Yoast SEO v23.4) - https:\/\/yoast.com\/wordpress\/plugins\/seo\/ -->\n<title>Nigro Equipamentos | Assist\u00eancia T\u00e9cnica e Manuten\u00e7\u00e3o para Empilhadeiras Paletrans<\/title>\n<meta name=\"description\" content=\"Conhe\u00e7a a Nigro Equipamentos, especialista em assist\u00eancia t\u00e9cnica para empilhadeiras Paletrans com servi\u00e7os de manuten\u00e7\u00e3o, loca\u00e7\u00e3o e compra.\" \/>\n<meta name=\"robots\" content=\"index, follow, max-snippet:-1, max-image-preview:large, max-video-preview:-1\" \/>\n<link rel=\"canonical\" href=\"https:\/\/nigroequipamentos.com.br\/conteudo\/nigro-equipamentos-a-melhor-assistencia-tecnica-em-empilhadeira-paletrans\/\" \/>\n<meta property=\"og:locale\" content=\"pt_BR\" \/>\n<meta property=\"og:type\" content=\"article\" \/>\n<meta property=\"og:title\" content=\"Nigro Equipamentos: A Melhor Assist\u00eancia T\u00e9cnica em Empilhadeira Paletrans\" \/>\n<meta property=\"og:description\" content=\"Conhe\u00e7a a Nigro Equipamentos, especialista em assist\u00eancia t\u00e9cnica para empilhadeiras Paletrans com servi\u00e7os de manuten\u00e7\u00e3o, loca\u00e7\u00e3o e compra.\" \/>\n<meta property=\"og:url\" content=\"https:\/\/nigroequipamentos.com.br\/conteudo\/nigro-equipamentos-a-melhor-assistencia-tecnica-em-empilhadeira-paletrans\/\" \/>\n<meta property=\"og:site_name\" content=\"Nigro Equipamentos\" \/>\n<meta property=\"article:publisher\" content=\"https:\/\/www.facebook.com\/nigroequipamentos\" \/>\n<meta name=\"twitter:card\" content=\"summary_large_image\" \/>\n<script type=\"application\/ld+json\" class=\"yoast-schema-graph\">{\"@context\":\"https:\/\/schema.org\",\"@graph\":[{\"@type\":\"WebPage\",\"@id\":\"https:\/\/nigroequipamentos.com.br\/conteudo\/nigro-equipamentos-a-melhor-assistencia-tecnica-em-empilhadeira-paletrans\/\",\"url\":\"https:\/\/nigroequipamentos.com.br\/conteudo\/nigro-equipamentos-a-melhor-assistencia-tecnica-em-empilhadeira-paletrans\/\",\"name\":\"Nigro Equipamentos | Assist\u00eancia T\u00e9cnica e Manuten\u00e7\u00e3o para Empilhadeiras Paletrans\",\"isPartOf\":{\"@id\":\"https:\/\/nigroequipamentos.com.br\/conteudo\/#website\"},\"datePublished\":\"2025-04-29T22:45:32+00:00\",\"dateModified\":\"2025-04-29T22:45:32+00:00\",\"description\":\"Conhe\u00e7a a Nigro Equipamentos, especialista em assist\u00eancia t\u00e9cnica para empilhadeiras Paletrans com servi\u00e7os de manuten\u00e7\u00e3o, loca\u00e7\u00e3o e compra.\",\"breadcrumb\":{\"@id\":\"https:\/\/nigroequipamentos.com.br\/conteudo\/nigro-equipamentos-a-melhor-assistencia-tecnica-em-empilhadeira-paletrans\/#breadcrumb\"},\"inLanguage\":\"pt-BR\",\"potentialAction\":[{\"@type\":\"ReadAction\",\"target\":[\"https:\/\/nigroequipamentos.com.br\/conteudo\/nigro-equipamentos-a-melhor-assistencia-tecnica-em-empilhadeira-paletrans\/\"]}]},{\"@type\":\"BreadcrumbList\",\"@id\":\"https:\/\/nigroequipamentos.com.br\/conteudo\/nigro-equipamentos-a-melhor-assistencia-tecnica-em-empilhadeira-paletrans\/#breadcrumb\",\"itemListElement\":[{\"@type\":\"ListItem\",\"position\":1,\"name\":\"In\u00edcio\",\"item\":\"https:\/\/nigroequipamentos.com.br\/conteudo\/\"},{\"@type\":\"ListItem\",\"position\":2,\"name\":\"Nigro Equipamentos: A Melhor Assist\u00eancia T\u00e9cnica em Empilhadeira Paletrans\"}]},{\"@type\":\"WebSite\",\"@id\":\"https:\/\/nigroequipamentos.com.br\/conteudo\/#website\",\"url\":\"https:\/\/nigroequipamentos.com.br\/conteudo\/\",\"name\":\"Nigro Equipamentos\",\"description\":\"Loca\u00e7\u00e3o e Vendas\",\"publisher\":{\"@id\":\"https:\/\/nigroequipamentos.com.br\/conteudo\/#organization\"},\"potentialAction\":[{\"@type\":\"SearchAction\",\"target\":{\"@type\":\"EntryPoint\",\"urlTemplate\":\"https:\/\/nigroequipamentos.com.br\/conteudo\/?s={search_term_string}\"},\"query-input\":{\"@type\":\"PropertyValueSpecification\",\"valueRequired\":true,\"valueName\":\"search_term_string\"}}],\"inLanguage\":\"pt-BR\"},{\"@type\":\"Organization\",\"@id\":\"https:\/\/nigroequipamentos.com.br\/conteudo\/#organization\",\"name\":\"Nigro Equipamentos\",\"url\":\"https:\/\/nigroequipamentos.com.br\/conteudo\/\",\"logo\":{\"@type\":\"ImageObject\",\"inLanguage\":\"pt-BR\",\"@id\":\"https:\/\/nigroequipamentos.com.br\/conteudo\/#\/schema\/logo\/image\/\",\"url\":\"https:\/\/nigroequipamentos.com.br\/conteudo\/wp-content\/uploads\/2024\/10\/nigroequipamentos_logo.webp\",\"contentUrl\":\"https:\/\/nigroequipamentos.com.br\/conteudo\/wp-content\/uploads\/2024\/10\/nigroequipamentos_logo.webp\",\"width\":785,\"height\":355,\"caption\":\"Nigro Equipamentos\"},\"image\":{\"@id\":\"https:\/\/nigroequipamentos.com.br\/conteudo\/#\/schema\/logo\/image\/\"},\"sameAs\":[\"https:\/\/www.facebook.com\/nigroequipamentos\",\"https:\/\/www.instagram.com\/nigroequipamentos\/\"]}]}<\/script>\n<!-- \/ Yoast SEO Premium plugin. -->","yoast_head_json":{"title":"Nigro Equipamentos | Assist\u00eancia T\u00e9cnica e Manuten\u00e7\u00e3o para Empilhadeiras Paletrans","description":"Conhe\u00e7a a Nigro Equipamentos, especialista em assist\u00eancia t\u00e9cnica para empilhadeiras Paletrans com servi\u00e7os de manuten\u00e7\u00e3o, loca\u00e7\u00e3o e compra.","robots":{"index":"index","follow":"follow","max-snippet":"max-snippet:-1","max-image-preview":"max-image-preview:large","max-video-preview":"max-video-preview:-1"},"canonical":"https:\/\/nigroequipamentos.com.br\/conteudo\/nigro-equipamentos-a-melhor-assistencia-tecnica-em-empilhadeira-paletrans\/","og_locale":"pt_BR","og_type":"article","og_title":"Nigro Equipamentos: A Melhor Assist\u00eancia T\u00e9cnica em Empilhadeira Paletrans","og_description":"Conhe\u00e7a a Nigro Equipamentos, especialista em assist\u00eancia t\u00e9cnica para empilhadeiras Paletrans com servi\u00e7os de manuten\u00e7\u00e3o, loca\u00e7\u00e3o e compra.","og_url":"https:\/\/nigroequipamentos.com.br\/conteudo\/nigro-equipamentos-a-melhor-assistencia-tecnica-em-empilhadeira-paletrans\/","og_site_name":"Nigro Equipamentos","article_publisher":"https:\/\/www.facebook.com\/nigroequipamentos","twitter_card":"summary_large_image","schema":{"@context":"https:\/\/schema.org","@graph":[{"@type":"WebPage","@id":"https:\/\/nigroequipamentos.com.br\/conteudo\/nigro-equipamentos-a-melhor-assistencia-tecnica-em-empilhadeira-paletrans\/","url":"https:\/\/nigroequipamentos.com.br\/conteudo\/nigro-equipamentos-a-melhor-assistencia-tecnica-em-empilhadeira-paletrans\/","name":"Nigro Equipamentos | Assist\u00eancia T\u00e9cnica e Manuten\u00e7\u00e3o para Empilhadeiras Paletrans","isPartOf":{"@id":"https:\/\/nigroequipamentos.com.br\/conteudo\/#website"},"datePublished":"2025-04-29T22:45:32+00:00","dateModified":"2025-04-29T22:45:32+00:00","description":"Conhe\u00e7a a Nigro Equipamentos, especialista em assist\u00eancia t\u00e9cnica para empilhadeiras Paletrans com servi\u00e7os de manuten\u00e7\u00e3o, loca\u00e7\u00e3o e compra.","breadcrumb":{"@id":"https:\/\/nigroequipamentos.com.br\/conteudo\/nigro-equipamentos-a-melhor-assistencia-tecnica-em-empilhadeira-paletrans\/#breadcrumb"},"inLanguage":"pt-BR","potentialAction":[{"@type":"ReadAction","target":["https:\/\/nigroequipamentos.com.br\/conteudo\/nigro-equipamentos-a-melhor-assistencia-tecnica-em-empilhadeira-paletrans\/"]}]},{"@type":"BreadcrumbList","@id":"https:\/\/nigroequipamentos.com.br\/conteudo\/nigro-equipamentos-a-melhor-assistencia-tecnica-em-empilhadeira-paletrans\/#breadcrumb","itemListElement":[{"@type":"ListItem","position":1,"name":"In\u00edcio","item":"https:\/\/nigroequipamentos.com.br\/conteudo\/"},{"@type":"ListItem","position":2,"name":"Nigro Equipamentos: A Melhor Assist\u00eancia T\u00e9cnica em Empilhadeira Paletrans"}]},{"@type":"WebSite","@id":"https:\/\/nigroequipamentos.com.br\/conteudo\/#website","url":"https:\/\/nigroequipamentos.com.br\/conteudo\/","name":"Nigro Equipamentos","description":"Loca\u00e7\u00e3o e Vendas","publisher":{"@id":"https:\/\/nigroequipamentos.com.br\/conteudo\/#organization"},"potentialAction":[{"@type":"SearchAction","target":{"@type":"EntryPoint","urlTemplate":"https:\/\/nigroequipamentos.com.br\/conteudo\/?s={search_term_string}"},"query-input":{"@type":"PropertyValueSpecification","valueRequired":true,"valueName":"search_term_string"}}],"inLanguage":"pt-BR"},{"@type":"Organization","@id":"https:\/\/nigroequipamentos.com.br\/conteudo\/#organization","name":"Nigro Equipamentos","url":"https:\/\/nigroequipamentos.com.br\/conteudo\/","logo":{"@type":"ImageObject","inLanguage":"pt-BR","@id":"https:\/\/nigroequipamentos.com.br\/conteudo\/#\/schema\/logo\/image\/","url":"https:\/\/nigroequipamentos.com.br\/conteudo\/wp-content\/uploads\/2024\/10\/nigroequipamentos_logo.webp","contentUrl":"https:\/\/nigroequipamentos.com.br\/conteudo\/wp-content\/uploads\/2024\/10\/nigroequipamentos_logo.webp","width":785,"height":355,"caption":"Nigro Equipamentos"},"image":{"@id":"https:\/\/nigroequipamentos.com.br\/conteudo\/#\/schema\/logo\/image\/"},"sameAs":["https:\/\/www.facebook.com\/nigroequipamentos","https:\/\/www.instagram.com\/nigroequipamentos\/"]}]}},"_links":{"self":[{"href":"https:\/\/nigroequipamentos.com.br\/conteudo\/wp-json\/wp\/v2\/pages\/23114","targetHints":{"allow":["GET"]}}],"collection":[{"href":"https:\/\/nigroequipamentos.com.br\/conteudo\/wp-json\/wp\/v2\/pages"}],"about":[{"href":"https:\/\/nigroequipamentos.com.br\/conteudo\/wp-json\/wp\/v2\/types\/page"}],"author":[{"embeddable":true,"href":"https:\/\/nigroequipamentos.com.br\/conteudo\/wp-json\/wp\/v2\/users\/3"}],"replies":[{"embeddable":true,"href":"https:\/\/nigroequipamentos.com.br\/conteudo\/wp-json\/wp\/v2\/comments?post=23114"}],"version-history":[{"count":0,"href":"https:\/\/nigroequipamentos.com.br\/conteudo\/wp-json\/wp\/v2\/pages\/23114\/revisions"}],"wp:attachment":[{"href":"https:\/\/nigroequipamentos.com.br\/conteudo\/wp-json\/wp\/v2\/media?parent=23114"}],"curies":[{"name":"wp","href":"https:\/\/api.w.org\/{rel}","templated":true}]}}