{"id":19806,"date":"2025-04-14T02:00:38","date_gmt":"2025-04-14T05:00:38","guid":{"rendered":"https:\/\/nigroequipamentos.com.br\/conteudo\/empilhadeira-paletrans-conheca-o-fabricante-de-alta-performance\/"},"modified":"2025-04-14T02:00:38","modified_gmt":"2025-04-14T05:00:38","slug":"empilhadeira-paletrans-conheca-o-fabricante-de-alta-performance","status":"publish","type":"page","link":"https:\/\/nigroequipamentos.com.br\/conteudo\/empilhadeira-paletrans-conheca-o-fabricante-de-alta-performance\/","title":{"rendered":"Empilhadeira Paletrans: Conhe\u00e7a o Fabricante de Alta Performance"},"content":{"rendered":"<p>Quando se fala em empilhadeiras, a <strong>Empilhadeira Paletrans<\/strong> se destaca como uma das principais fabricantes no mercado. Conhecida pela sua qualidade e efici\u00eancia, a <strong>Empilhadeira Paletrans<\/strong> oferece solu\u00e7\u00f5es ideais para o manuseio de materiais. A Nigro Equipamentos \u00e9 a sua melhor op\u00e7\u00e3o para compra, manuten\u00e7\u00e3o e loca\u00e7\u00e3o dos produtos da <strong>Empilhadeira Paletrans<\/strong>. N\u00e3o perca a oportunidade de garantir tecnologia avan\u00e7ada e suporte especializado na escolha da sua <strong>Empilhadeira Paletrans<\/strong>.<\/p>\n","protected":false},"excerpt":{"rendered":"<p>Quando se fala em empilhadeiras, a Empilhadeira Paletrans se destaca como uma das principais fabricantes no mercado. Conhecida pela sua qualidade e efici\u00eancia, a Empilhadeira Paletrans oferece solu\u00e7\u00f5es ideais para o manuseio de materiais. A Nigro Equipamentos \u00e9 a sua melhor op\u00e7\u00e3o para compra, manuten\u00e7\u00e3o e loca\u00e7\u00e3o dos produtos da Empilhadeira Paletrans. N\u00e3o perca a&hellip;&nbsp;<a href=\"https:\/\/nigroequipamentos.com.br\/conteudo\/empilhadeira-paletrans-conheca-o-fabricante-de-alta-performance\/\" class=\"\" rel=\"bookmark\">Continue a ler &raquo;<span class=\"screen-reader-text\">Empilhadeira Paletrans: Conhe\u00e7a o Fabricante de Alta Performance<\/span><\/a><\/p>\n","protected":false},"author":3,"featured_media":0,"parent":0,"menu_order":0,"comment_status":"closed","ping_status":"closed","template":"","meta":{"_acf_changed":false,"_yoast_wpseo_focuskw":"Empilhadeira Paletrans fabricante","_yoast_wpseo_title":"Empilhadeira Paletrans: A Melhor Escolha para Seu Neg\u00f3cio","_yoast_wpseo_metadesc":"Conhe\u00e7a a qualidade e a efici\u00eancia das empilhadeiras Paletrans, um fabricante de refer\u00eancia. A Nigro Equipamentos oferece a melhor op\u00e7\u00e3o para compra, manuten\u00e7\u00e3o e loca\u00e7\u00e3o.","neve_meta_sidebar":"","neve_meta_container":"","neve_meta_enable_content_width":"","neve_meta_content_width":0,"neve_meta_title_alignment":"","neve_meta_author_avatar":"","neve_post_elements_order":"","neve_meta_disable_header":"","neve_meta_disable_footer":"","neve_meta_disable_title":"","footnotes":""},"class_list":["post-19806","page","type-page","status-publish","hentry"],"acf":{"bloco1title":"Inova\u00e7\u00e3o e Qualidade","bloco1text":"A Nigro Equipamentos destaca-se na venda de <strong>Empilhadeira Paletrans<\/strong> por oferecer produtos de alta qualidade e inova\u00e7\u00f5es constantes no setor.","bloco2title":"Suporte Especializado","bloco2text":"Com uma equipe t\u00e9cnica qualificada, a Nigro garante suporte completo na manuten\u00e7\u00e3o de <strong>Empilhadeira Paletrans<\/strong>.","bloco3title":"Mercado de Empilhadeiras","bloco3text":"O mercado de empilhadeiras est\u00e1 em constante evolu\u00e7\u00e3o e a <strong>Empilhadeira Paletrans<\/strong> se adapta rapidamente \u00e0s novas demandas, oferecendo sempre solu\u00e7\u00f5es eficientes.","posttitle":"Os Benef\u00edcios de Escolher Empilhadeira Paletrans Como Sua Ferramenta de Trabalho","postcontent":"Escolher a <strong>Empilhadeira Paletrans<\/strong> \u00e9 optar por garantia de qualidade e efici\u00eancia no manuseio de cargas. As <strong>Empilhadeiras Paletrans<\/strong> s\u00e3o projetadas para oferecer durabilidade, facilidade de uso e tecnologia de ponta, adequando-se \u00e0s diversas necessidades do setor log\u00edstico e industrial. Um dos pontos fortes da <strong>Empilhadeira Paletrans<\/strong> \u00e9 a sua versatilidade, permitindo o trabalho em diferentes ambientes, desde armaz\u00e9ns at\u00e9 f\u00e1bricas. Al\u00e9m disso, com a Nigro Equipamentos, voc\u00ea tem a certeza de um atendimento personalizado, seja na hora da compra, manuten\u00e7\u00e3o ou loca\u00e7\u00e3o de sua <strong>Empilhadeira Paletrans<\/strong>. A equipe da Nigro Equipamentos est\u00e1 sempre pronta para ajudar voc\u00ea a encontrar a melhor solu\u00e7\u00e3o, garantindo um excelente custo-benef\u00edcio. Portanto, n\u00e3o hesite! A Nigro Equipamentos \u00e9 a escolha certa para garantir que sua opera\u00e7\u00e3o seja sempre eficiente e segura. Na Nigro, voc\u00ea encontra as melhores <strong>Empilhadeiras Paletrans<\/strong> para impulsionar seus processos operacionais.","insightwidtitle":"Curiosidades sobre Empilhadeiras","insightwidcontent":"Voc\u00ea sabia que a <strong>Empilhadeira Paletrans<\/strong> foi uma das pioneiras na implementa\u00e7\u00e3o de tecnologias sustent\u00e1veis? Com foco na efici\u00eancia energ\u00e9tica, as <strong>Empilhadeiras Paletrans<\/strong> t\u00eam contribu\u00eddo para a redu\u00e7\u00e3o do consumo de combust\u00edvel, al\u00e9m de possu\u00edrem sistemas avan\u00e7ados de seguran\u00e7a que visam proteger tanto os operadores quanto as cargas. Isso destaca n\u00e3o apenas a preocupa\u00e7\u00e3o da empresa com a inova\u00e7\u00e3o, mas tamb\u00e9m seu compromisso com pr\u00e1ticas empresariais sustent\u00e1veis."},"yoast_head":"<!-- This site is optimized with the Yoast SEO Premium plugin v18.3 (Yoast SEO v23.4) - https:\/\/yoast.com\/wordpress\/plugins\/seo\/ -->\n<title>Empilhadeira Paletrans: A Melhor Escolha para Seu Neg\u00f3cio<\/title>\n<meta name=\"description\" content=\"Conhe\u00e7a a qualidade e a efici\u00eancia das empilhadeiras Paletrans, um fabricante de refer\u00eancia. A Nigro Equipamentos oferece a melhor op\u00e7\u00e3o para compra, manuten\u00e7\u00e3o e loca\u00e7\u00e3o.\" \/>\n<meta name=\"robots\" content=\"index, follow, max-snippet:-1, max-image-preview:large, max-video-preview:-1\" \/>\n<link rel=\"canonical\" href=\"https:\/\/nigroequipamentos.com.br\/conteudo\/empilhadeira-paletrans-conheca-o-fabricante-de-alta-performance\/\" \/>\n<meta property=\"og:locale\" content=\"pt_BR\" \/>\n<meta property=\"og:type\" content=\"article\" \/>\n<meta property=\"og:title\" content=\"Empilhadeira Paletrans: Conhe\u00e7a o Fabricante de Alta Performance\" \/>\n<meta property=\"og:description\" content=\"Conhe\u00e7a a qualidade e a efici\u00eancia das empilhadeiras Paletrans, um fabricante de refer\u00eancia. A Nigro Equipamentos oferece a melhor op\u00e7\u00e3o para compra, manuten\u00e7\u00e3o e loca\u00e7\u00e3o.\" \/>\n<meta property=\"og:url\" content=\"https:\/\/nigroequipamentos.com.br\/conteudo\/empilhadeira-paletrans-conheca-o-fabricante-de-alta-performance\/\" \/>\n<meta property=\"og:site_name\" content=\"Nigro Equipamentos\" \/>\n<meta property=\"article:publisher\" content=\"https:\/\/www.facebook.com\/nigroequipamentos\" \/>\n<meta name=\"twitter:card\" content=\"summary_large_image\" \/>\n<script type=\"application\/ld+json\" class=\"yoast-schema-graph\">{\"@context\":\"https:\/\/schema.org\",\"@graph\":[{\"@type\":\"WebPage\",\"@id\":\"https:\/\/nigroequipamentos.com.br\/conteudo\/empilhadeira-paletrans-conheca-o-fabricante-de-alta-performance\/\",\"url\":\"https:\/\/nigroequipamentos.com.br\/conteudo\/empilhadeira-paletrans-conheca-o-fabricante-de-alta-performance\/\",\"name\":\"Empilhadeira Paletrans: A Melhor Escolha para Seu Neg\u00f3cio\",\"isPartOf\":{\"@id\":\"https:\/\/nigroequipamentos.com.br\/conteudo\/#website\"},\"datePublished\":\"2025-04-14T05:00:38+00:00\",\"dateModified\":\"2025-04-14T05:00:38+00:00\",\"description\":\"Conhe\u00e7a a qualidade e a efici\u00eancia das empilhadeiras Paletrans, um fabricante de refer\u00eancia. A Nigro Equipamentos oferece a melhor op\u00e7\u00e3o para compra, manuten\u00e7\u00e3o e loca\u00e7\u00e3o.\",\"breadcrumb\":{\"@id\":\"https:\/\/nigroequipamentos.com.br\/conteudo\/empilhadeira-paletrans-conheca-o-fabricante-de-alta-performance\/#breadcrumb\"},\"inLanguage\":\"pt-BR\",\"potentialAction\":[{\"@type\":\"ReadAction\",\"target\":[\"https:\/\/nigroequipamentos.com.br\/conteudo\/empilhadeira-paletrans-conheca-o-fabricante-de-alta-performance\/\"]}]},{\"@type\":\"BreadcrumbList\",\"@id\":\"https:\/\/nigroequipamentos.com.br\/conteudo\/empilhadeira-paletrans-conheca-o-fabricante-de-alta-performance\/#breadcrumb\",\"itemListElement\":[{\"@type\":\"ListItem\",\"position\":1,\"name\":\"In\u00edcio\",\"item\":\"https:\/\/nigroequipamentos.com.br\/conteudo\/\"},{\"@type\":\"ListItem\",\"position\":2,\"name\":\"Empilhadeira Paletrans: Conhe\u00e7a o Fabricante de Alta Performance\"}]},{\"@type\":\"WebSite\",\"@id\":\"https:\/\/nigroequipamentos.com.br\/conteudo\/#website\",\"url\":\"https:\/\/nigroequipamentos.com.br\/conteudo\/\",\"name\":\"Nigro Equipamentos\",\"description\":\"Loca\u00e7\u00e3o e Vendas\",\"publisher\":{\"@id\":\"https:\/\/nigroequipamentos.com.br\/conteudo\/#organization\"},\"potentialAction\":[{\"@type\":\"SearchAction\",\"target\":{\"@type\":\"EntryPoint\",\"urlTemplate\":\"https:\/\/nigroequipamentos.com.br\/conteudo\/?s={search_term_string}\"},\"query-input\":{\"@type\":\"PropertyValueSpecification\",\"valueRequired\":true,\"valueName\":\"search_term_string\"}}],\"inLanguage\":\"pt-BR\"},{\"@type\":\"Organization\",\"@id\":\"https:\/\/nigroequipamentos.com.br\/conteudo\/#organization\",\"name\":\"Nigro Equipamentos\",\"url\":\"https:\/\/nigroequipamentos.com.br\/conteudo\/\",\"logo\":{\"@type\":\"ImageObject\",\"inLanguage\":\"pt-BR\",\"@id\":\"https:\/\/nigroequipamentos.com.br\/conteudo\/#\/schema\/logo\/image\/\",\"url\":\"https:\/\/nigroequipamentos.com.br\/conteudo\/wp-content\/uploads\/2024\/10\/nigroequipamentos_logo.webp\",\"contentUrl\":\"https:\/\/nigroequipamentos.com.br\/conteudo\/wp-content\/uploads\/2024\/10\/nigroequipamentos_logo.webp\",\"width\":785,\"height\":355,\"caption\":\"Nigro Equipamentos\"},\"image\":{\"@id\":\"https:\/\/nigroequipamentos.com.br\/conteudo\/#\/schema\/logo\/image\/\"},\"sameAs\":[\"https:\/\/www.facebook.com\/nigroequipamentos\",\"https:\/\/www.instagram.com\/nigroequipamentos\/\"]}]}<\/script>\n<!-- \/ Yoast SEO Premium plugin. -->","yoast_head_json":{"title":"Empilhadeira Paletrans: A Melhor Escolha para Seu Neg\u00f3cio","description":"Conhe\u00e7a a qualidade e a efici\u00eancia das empilhadeiras Paletrans, um fabricante de refer\u00eancia. A Nigro Equipamentos oferece a melhor op\u00e7\u00e3o para compra, manuten\u00e7\u00e3o e loca\u00e7\u00e3o.","robots":{"index":"index","follow":"follow","max-snippet":"max-snippet:-1","max-image-preview":"max-image-preview:large","max-video-preview":"max-video-preview:-1"},"canonical":"https:\/\/nigroequipamentos.com.br\/conteudo\/empilhadeira-paletrans-conheca-o-fabricante-de-alta-performance\/","og_locale":"pt_BR","og_type":"article","og_title":"Empilhadeira Paletrans: Conhe\u00e7a o Fabricante de Alta Performance","og_description":"Conhe\u00e7a a qualidade e a efici\u00eancia das empilhadeiras Paletrans, um fabricante de refer\u00eancia. A Nigro Equipamentos oferece a melhor op\u00e7\u00e3o para compra, manuten\u00e7\u00e3o e loca\u00e7\u00e3o.","og_url":"https:\/\/nigroequipamentos.com.br\/conteudo\/empilhadeira-paletrans-conheca-o-fabricante-de-alta-performance\/","og_site_name":"Nigro Equipamentos","article_publisher":"https:\/\/www.facebook.com\/nigroequipamentos","twitter_card":"summary_large_image","schema":{"@context":"https:\/\/schema.org","@graph":[{"@type":"WebPage","@id":"https:\/\/nigroequipamentos.com.br\/conteudo\/empilhadeira-paletrans-conheca-o-fabricante-de-alta-performance\/","url":"https:\/\/nigroequipamentos.com.br\/conteudo\/empilhadeira-paletrans-conheca-o-fabricante-de-alta-performance\/","name":"Empilhadeira Paletrans: A Melhor Escolha para Seu Neg\u00f3cio","isPartOf":{"@id":"https:\/\/nigroequipamentos.com.br\/conteudo\/#website"},"datePublished":"2025-04-14T05:00:38+00:00","dateModified":"2025-04-14T05:00:38+00:00","description":"Conhe\u00e7a a qualidade e a efici\u00eancia das empilhadeiras Paletrans, um fabricante de refer\u00eancia. A Nigro Equipamentos oferece a melhor op\u00e7\u00e3o para compra, manuten\u00e7\u00e3o e loca\u00e7\u00e3o.","breadcrumb":{"@id":"https:\/\/nigroequipamentos.com.br\/conteudo\/empilhadeira-paletrans-conheca-o-fabricante-de-alta-performance\/#breadcrumb"},"inLanguage":"pt-BR","potentialAction":[{"@type":"ReadAction","target":["https:\/\/nigroequipamentos.com.br\/conteudo\/empilhadeira-paletrans-conheca-o-fabricante-de-alta-performance\/"]}]},{"@type":"BreadcrumbList","@id":"https:\/\/nigroequipamentos.com.br\/conteudo\/empilhadeira-paletrans-conheca-o-fabricante-de-alta-performance\/#breadcrumb","itemListElement":[{"@type":"ListItem","position":1,"name":"In\u00edcio","item":"https:\/\/nigroequipamentos.com.br\/conteudo\/"},{"@type":"ListItem","position":2,"name":"Empilhadeira Paletrans: Conhe\u00e7a o Fabricante de Alta Performance"}]},{"@type":"WebSite","@id":"https:\/\/nigroequipamentos.com.br\/conteudo\/#website","url":"https:\/\/nigroequipamentos.com.br\/conteudo\/","name":"Nigro Equipamentos","description":"Loca\u00e7\u00e3o e Vendas","publisher":{"@id":"https:\/\/nigroequipamentos.com.br\/conteudo\/#organization"},"potentialAction":[{"@type":"SearchAction","target":{"@type":"EntryPoint","urlTemplate":"https:\/\/nigroequipamentos.com.br\/conteudo\/?s={search_term_string}"},"query-input":{"@type":"PropertyValueSpecification","valueRequired":true,"valueName":"search_term_string"}}],"inLanguage":"pt-BR"},{"@type":"Organization","@id":"https:\/\/nigroequipamentos.com.br\/conteudo\/#organization","name":"Nigro Equipamentos","url":"https:\/\/nigroequipamentos.com.br\/conteudo\/","logo":{"@type":"ImageObject","inLanguage":"pt-BR","@id":"https:\/\/nigroequipamentos.com.br\/conteudo\/#\/schema\/logo\/image\/","url":"https:\/\/nigroequipamentos.com.br\/conteudo\/wp-content\/uploads\/2024\/10\/nigroequipamentos_logo.webp","contentUrl":"https:\/\/nigroequipamentos.com.br\/conteudo\/wp-content\/uploads\/2024\/10\/nigroequipamentos_logo.webp","width":785,"height":355,"caption":"Nigro Equipamentos"},"image":{"@id":"https:\/\/nigroequipamentos.com.br\/conteudo\/#\/schema\/logo\/image\/"},"sameAs":["https:\/\/www.facebook.com\/nigroequipamentos","https:\/\/www.instagram.com\/nigroequipamentos\/"]}]}},"_links":{"self":[{"href":"https:\/\/nigroequipamentos.com.br\/conteudo\/wp-json\/wp\/v2\/pages\/19806","targetHints":{"allow":["GET"]}}],"collection":[{"href":"https:\/\/nigroequipamentos.com.br\/conteudo\/wp-json\/wp\/v2\/pages"}],"about":[{"href":"https:\/\/nigroequipamentos.com.br\/conteudo\/wp-json\/wp\/v2\/types\/page"}],"author":[{"embeddable":true,"href":"https:\/\/nigroequipamentos.com.br\/conteudo\/wp-json\/wp\/v2\/users\/3"}],"replies":[{"embeddable":true,"href":"https:\/\/nigroequipamentos.com.br\/conteudo\/wp-json\/wp\/v2\/comments?post=19806"}],"version-history":[{"count":0,"href":"https:\/\/nigroequipamentos.com.br\/conteudo\/wp-json\/wp\/v2\/pages\/19806\/revisions"}],"wp:attachment":[{"href":"https:\/\/nigroequipamentos.com.br\/conteudo\/wp-json\/wp\/v2\/media?parent=19806"}],"curies":[{"name":"wp","href":"https:\/\/api.w.org\/{rel}","templated":true}]}}