{"id":19178,"date":"2025-04-11T04:00:35","date_gmt":"2025-04-11T07:00:35","guid":{"rendered":"https:\/\/nigroequipamentos.com.br\/conteudo\/empilhadeira-paletrans-sua-solucao-em-comercio\/"},"modified":"2025-04-11T04:00:35","modified_gmt":"2025-04-11T07:00:35","slug":"empilhadeira-paletrans-sua-solucao-em-comercio","status":"publish","type":"page","link":"https:\/\/nigroequipamentos.com.br\/conteudo\/empilhadeira-paletrans-sua-solucao-em-comercio\/","title":{"rendered":"Empilhadeira Paletrans: Sua Solu\u00e7\u00e3o em Com\u00e9rcio"},"content":{"rendered":"<p>A Nigro Equipamentos se destaca no com\u00e9rcio de empilhadeiras Paletrans, trazendo modernidade e efici\u00eancia para seu neg\u00f3cio. Com um portf\u00f3lio completo, a Nigro oferece solu\u00e7\u00f5es personalizadas em compra, manuten\u00e7\u00e3o e loca\u00e7\u00e3o, assegurando que voc\u00ea encontre a empilhadeira Paletrans ideal para suas necessidades. Quando o assunto \u00e9 empilhadeira Paletrans, nossa experi\u00eancia, expertise e confiabilidade fazem toda a diferen\u00e7a. Venha conhecer a melhor op\u00e7\u00e3o do mercado!<\/p>\n","protected":false},"excerpt":{"rendered":"<p>A Nigro Equipamentos se destaca no com\u00e9rcio de empilhadeiras Paletrans, trazendo modernidade e efici\u00eancia para seu neg\u00f3cio. Com um portf\u00f3lio completo, a Nigro oferece solu\u00e7\u00f5es personalizadas em compra, manuten\u00e7\u00e3o e loca\u00e7\u00e3o, assegurando que voc\u00ea encontre a empilhadeira Paletrans ideal para suas necessidades. Quando o assunto \u00e9 empilhadeira Paletrans, nossa experi\u00eancia, expertise e confiabilidade fazem toda&hellip;&nbsp;<a href=\"https:\/\/nigroequipamentos.com.br\/conteudo\/empilhadeira-paletrans-sua-solucao-em-comercio\/\" class=\"\" rel=\"bookmark\">Continue a ler &raquo;<span class=\"screen-reader-text\">Empilhadeira Paletrans: Sua Solu\u00e7\u00e3o em Com\u00e9rcio<\/span><\/a><\/p>\n","protected":false},"author":3,"featured_media":0,"parent":0,"menu_order":0,"comment_status":"closed","ping_status":"closed","template":"","meta":{"_acf_changed":false,"_yoast_wpseo_focuskw":"Empilhadeira Paletrans com\u00e9rcio","_yoast_wpseo_title":"Empilhadeira Paletrans: Efici\u00eancia no Com\u00e9rcio com a Nigro Equipamentos","_yoast_wpseo_metadesc":"Descubra como as empilhadeiras Paletrans da Nigro Equipamentos podem transformar seu com\u00e9rcio com efici\u00eancia e confiabilidade. Ideal para compra e loca\u00e7\u00e3o.","neve_meta_sidebar":"","neve_meta_container":"","neve_meta_enable_content_width":"","neve_meta_content_width":0,"neve_meta_title_alignment":"","neve_meta_author_avatar":"","neve_post_elements_order":"","neve_meta_disable_header":"","neve_meta_disable_footer":"","neve_meta_disable_title":"","footnotes":""},"class_list":["post-19178","page","type-page","status-publish","hentry"],"acf":{"bloco1title":"Qualidade Inigual\u00e1vel","bloco1text":"As empilhadeiras Paletrans da Nigro Equipamentos possuem alta qualidade e durabilidade, adaptando-se \u00e0s diversas demandas do com\u00e9rcio.","bloco2title":"Assist\u00eancia T\u00e9cnica Especializada","bloco2text":"Nosso suporte t\u00e9cnico para empilhadeiras Paletrans garante que sua opera\u00e7\u00e3o nunca pare, com r\u00e1pida resolu\u00e7\u00e3o de problemas.","bloco3title":"Aumento de Produtividade","bloco3text":"A utiliza\u00e7\u00e3o de empilhadeiras Paletrans \u00e9 fundamental para aumentar a produtividade e efici\u00eancia de sua log\u00edstica. Melhorar a movimenta\u00e7\u00e3o de cargas \u00e9 uma prioridade para empresas que querem se destacar no mercado.","posttitle":"Empilhadeiras Paletrans: A Escolha Certa para Seu Com\u00e9rcio","postcontent":"<strong>Desempenho e Versatilidade das Empilhadeiras Paletrans<\/strong> A empilhadeira Paletrans \u00e9 conhecida pela sua excel\u00eancia em desempenho e versatilidade. Ideal para movimenta\u00e7\u00e3o de produtos em diferentes ambientes, como armaz\u00e9ns e ind\u00fastrias, essas m\u00e1quinas se adaptam facilmente \u00e0s rotinas de trabalho. O com\u00e9rcio que utiliza empilhadeiras Paletrans percebe um aumento significativo na efici\u00eancia operacional e diminui\u00e7\u00e3o dos custos de opera\u00e7\u00e3o. <strong>Porque Escolher a Nigro Equipamentos<\/strong> A Nigro \u00e9 especialista na comercializa\u00e7\u00e3o de empilhadeiras Paletrans e conta com uma equipe altamente capacitada, pronta para oferecer a melhor solu\u00e7\u00e3o para a sua empresa. Desde a escolha do equipamento at\u00e9 a manuten\u00e7\u00e3o, a Nigro Equipamentos garante um atendimento de qualidade e confian\u00e7a. <strong>Loca\u00e7\u00e3o e Venda de Empilhadeiras<\/strong> Na Nigro, voc\u00ea pode optar pela loca\u00e7\u00e3o ou compra de empilhadeiras Paletrans, permitindo flexibilidade no seu or\u00e7amento. Nossa variedade de modelos atende \u00e0s diferentes necessidades do com\u00e9rcio. A escolha da empilhadeira ideal faz toda a diferen\u00e7a na opera\u00e7\u00e3o di\u00e1ria do seu neg\u00f3cio.","insightwidtitle":"Curiosidades sobre a Paletrans","insightwidcontent":"Voc\u00ea sabia que as empilhadeiras Paletrans s\u00e3o projetadas para oferecer n\u00e3o apenas pot\u00eancia, mas tamb\u00e9m efici\u00eancia energ\u00e9tica? Al\u00e9m disso, estas m\u00e1quinas v\u00eam com recursos inovadores que maximizam a seguran\u00e7a no ambiente de trabalho, minimizando riscos de acidentes."},"yoast_head":"<!-- This site is optimized with the Yoast SEO Premium plugin v18.3 (Yoast SEO v23.4) - https:\/\/yoast.com\/wordpress\/plugins\/seo\/ -->\n<title>Empilhadeira Paletrans: Efici\u00eancia no Com\u00e9rcio com a Nigro Equipamentos<\/title>\n<meta name=\"description\" content=\"Descubra como as empilhadeiras Paletrans da Nigro Equipamentos podem transformar seu com\u00e9rcio com efici\u00eancia e confiabilidade. Ideal para compra e loca\u00e7\u00e3o.\" \/>\n<meta name=\"robots\" content=\"index, follow, max-snippet:-1, max-image-preview:large, max-video-preview:-1\" \/>\n<link rel=\"canonical\" href=\"https:\/\/nigroequipamentos.com.br\/conteudo\/empilhadeira-paletrans-sua-solucao-em-comercio\/\" \/>\n<meta property=\"og:locale\" content=\"pt_BR\" \/>\n<meta property=\"og:type\" content=\"article\" \/>\n<meta property=\"og:title\" content=\"Empilhadeira Paletrans: Sua Solu\u00e7\u00e3o em Com\u00e9rcio\" \/>\n<meta property=\"og:description\" content=\"Descubra como as empilhadeiras Paletrans da Nigro Equipamentos podem transformar seu com\u00e9rcio com efici\u00eancia e confiabilidade. Ideal para compra e loca\u00e7\u00e3o.\" \/>\n<meta property=\"og:url\" content=\"https:\/\/nigroequipamentos.com.br\/conteudo\/empilhadeira-paletrans-sua-solucao-em-comercio\/\" \/>\n<meta property=\"og:site_name\" content=\"Nigro Equipamentos\" \/>\n<meta property=\"article:publisher\" content=\"https:\/\/www.facebook.com\/nigroequipamentos\" \/>\n<meta name=\"twitter:card\" content=\"summary_large_image\" \/>\n<script type=\"application\/ld+json\" class=\"yoast-schema-graph\">{\"@context\":\"https:\/\/schema.org\",\"@graph\":[{\"@type\":\"WebPage\",\"@id\":\"https:\/\/nigroequipamentos.com.br\/conteudo\/empilhadeira-paletrans-sua-solucao-em-comercio\/\",\"url\":\"https:\/\/nigroequipamentos.com.br\/conteudo\/empilhadeira-paletrans-sua-solucao-em-comercio\/\",\"name\":\"Empilhadeira Paletrans: Efici\u00eancia no Com\u00e9rcio com a Nigro Equipamentos\",\"isPartOf\":{\"@id\":\"https:\/\/nigroequipamentos.com.br\/conteudo\/#website\"},\"datePublished\":\"2025-04-11T07:00:35+00:00\",\"dateModified\":\"2025-04-11T07:00:35+00:00\",\"description\":\"Descubra como as empilhadeiras Paletrans da Nigro Equipamentos podem transformar seu com\u00e9rcio com efici\u00eancia e confiabilidade. Ideal para compra e loca\u00e7\u00e3o.\",\"breadcrumb\":{\"@id\":\"https:\/\/nigroequipamentos.com.br\/conteudo\/empilhadeira-paletrans-sua-solucao-em-comercio\/#breadcrumb\"},\"inLanguage\":\"pt-BR\",\"potentialAction\":[{\"@type\":\"ReadAction\",\"target\":[\"https:\/\/nigroequipamentos.com.br\/conteudo\/empilhadeira-paletrans-sua-solucao-em-comercio\/\"]}]},{\"@type\":\"BreadcrumbList\",\"@id\":\"https:\/\/nigroequipamentos.com.br\/conteudo\/empilhadeira-paletrans-sua-solucao-em-comercio\/#breadcrumb\",\"itemListElement\":[{\"@type\":\"ListItem\",\"position\":1,\"name\":\"In\u00edcio\",\"item\":\"https:\/\/nigroequipamentos.com.br\/conteudo\/\"},{\"@type\":\"ListItem\",\"position\":2,\"name\":\"Empilhadeira Paletrans: Sua Solu\u00e7\u00e3o em Com\u00e9rcio\"}]},{\"@type\":\"WebSite\",\"@id\":\"https:\/\/nigroequipamentos.com.br\/conteudo\/#website\",\"url\":\"https:\/\/nigroequipamentos.com.br\/conteudo\/\",\"name\":\"Nigro Equipamentos\",\"description\":\"Loca\u00e7\u00e3o e Vendas\",\"publisher\":{\"@id\":\"https:\/\/nigroequipamentos.com.br\/conteudo\/#organization\"},\"potentialAction\":[{\"@type\":\"SearchAction\",\"target\":{\"@type\":\"EntryPoint\",\"urlTemplate\":\"https:\/\/nigroequipamentos.com.br\/conteudo\/?s={search_term_string}\"},\"query-input\":{\"@type\":\"PropertyValueSpecification\",\"valueRequired\":true,\"valueName\":\"search_term_string\"}}],\"inLanguage\":\"pt-BR\"},{\"@type\":\"Organization\",\"@id\":\"https:\/\/nigroequipamentos.com.br\/conteudo\/#organization\",\"name\":\"Nigro Equipamentos\",\"url\":\"https:\/\/nigroequipamentos.com.br\/conteudo\/\",\"logo\":{\"@type\":\"ImageObject\",\"inLanguage\":\"pt-BR\",\"@id\":\"https:\/\/nigroequipamentos.com.br\/conteudo\/#\/schema\/logo\/image\/\",\"url\":\"https:\/\/nigroequipamentos.com.br\/conteudo\/wp-content\/uploads\/2024\/10\/nigroequipamentos_logo.webp\",\"contentUrl\":\"https:\/\/nigroequipamentos.com.br\/conteudo\/wp-content\/uploads\/2024\/10\/nigroequipamentos_logo.webp\",\"width\":785,\"height\":355,\"caption\":\"Nigro Equipamentos\"},\"image\":{\"@id\":\"https:\/\/nigroequipamentos.com.br\/conteudo\/#\/schema\/logo\/image\/\"},\"sameAs\":[\"https:\/\/www.facebook.com\/nigroequipamentos\",\"https:\/\/www.instagram.com\/nigroequipamentos\/\"]}]}<\/script>\n<!-- \/ Yoast SEO Premium plugin. -->","yoast_head_json":{"title":"Empilhadeira Paletrans: Efici\u00eancia no Com\u00e9rcio com a Nigro Equipamentos","description":"Descubra como as empilhadeiras Paletrans da Nigro Equipamentos podem transformar seu com\u00e9rcio com efici\u00eancia e confiabilidade. Ideal para compra e loca\u00e7\u00e3o.","robots":{"index":"index","follow":"follow","max-snippet":"max-snippet:-1","max-image-preview":"max-image-preview:large","max-video-preview":"max-video-preview:-1"},"canonical":"https:\/\/nigroequipamentos.com.br\/conteudo\/empilhadeira-paletrans-sua-solucao-em-comercio\/","og_locale":"pt_BR","og_type":"article","og_title":"Empilhadeira Paletrans: Sua Solu\u00e7\u00e3o em Com\u00e9rcio","og_description":"Descubra como as empilhadeiras Paletrans da Nigro Equipamentos podem transformar seu com\u00e9rcio com efici\u00eancia e confiabilidade. Ideal para compra e loca\u00e7\u00e3o.","og_url":"https:\/\/nigroequipamentos.com.br\/conteudo\/empilhadeira-paletrans-sua-solucao-em-comercio\/","og_site_name":"Nigro Equipamentos","article_publisher":"https:\/\/www.facebook.com\/nigroequipamentos","twitter_card":"summary_large_image","schema":{"@context":"https:\/\/schema.org","@graph":[{"@type":"WebPage","@id":"https:\/\/nigroequipamentos.com.br\/conteudo\/empilhadeira-paletrans-sua-solucao-em-comercio\/","url":"https:\/\/nigroequipamentos.com.br\/conteudo\/empilhadeira-paletrans-sua-solucao-em-comercio\/","name":"Empilhadeira Paletrans: Efici\u00eancia no Com\u00e9rcio com a Nigro Equipamentos","isPartOf":{"@id":"https:\/\/nigroequipamentos.com.br\/conteudo\/#website"},"datePublished":"2025-04-11T07:00:35+00:00","dateModified":"2025-04-11T07:00:35+00:00","description":"Descubra como as empilhadeiras Paletrans da Nigro Equipamentos podem transformar seu com\u00e9rcio com efici\u00eancia e confiabilidade. Ideal para compra e loca\u00e7\u00e3o.","breadcrumb":{"@id":"https:\/\/nigroequipamentos.com.br\/conteudo\/empilhadeira-paletrans-sua-solucao-em-comercio\/#breadcrumb"},"inLanguage":"pt-BR","potentialAction":[{"@type":"ReadAction","target":["https:\/\/nigroequipamentos.com.br\/conteudo\/empilhadeira-paletrans-sua-solucao-em-comercio\/"]}]},{"@type":"BreadcrumbList","@id":"https:\/\/nigroequipamentos.com.br\/conteudo\/empilhadeira-paletrans-sua-solucao-em-comercio\/#breadcrumb","itemListElement":[{"@type":"ListItem","position":1,"name":"In\u00edcio","item":"https:\/\/nigroequipamentos.com.br\/conteudo\/"},{"@type":"ListItem","position":2,"name":"Empilhadeira Paletrans: Sua Solu\u00e7\u00e3o em Com\u00e9rcio"}]},{"@type":"WebSite","@id":"https:\/\/nigroequipamentos.com.br\/conteudo\/#website","url":"https:\/\/nigroequipamentos.com.br\/conteudo\/","name":"Nigro Equipamentos","description":"Loca\u00e7\u00e3o e Vendas","publisher":{"@id":"https:\/\/nigroequipamentos.com.br\/conteudo\/#organization"},"potentialAction":[{"@type":"SearchAction","target":{"@type":"EntryPoint","urlTemplate":"https:\/\/nigroequipamentos.com.br\/conteudo\/?s={search_term_string}"},"query-input":{"@type":"PropertyValueSpecification","valueRequired":true,"valueName":"search_term_string"}}],"inLanguage":"pt-BR"},{"@type":"Organization","@id":"https:\/\/nigroequipamentos.com.br\/conteudo\/#organization","name":"Nigro Equipamentos","url":"https:\/\/nigroequipamentos.com.br\/conteudo\/","logo":{"@type":"ImageObject","inLanguage":"pt-BR","@id":"https:\/\/nigroequipamentos.com.br\/conteudo\/#\/schema\/logo\/image\/","url":"https:\/\/nigroequipamentos.com.br\/conteudo\/wp-content\/uploads\/2024\/10\/nigroequipamentos_logo.webp","contentUrl":"https:\/\/nigroequipamentos.com.br\/conteudo\/wp-content\/uploads\/2024\/10\/nigroequipamentos_logo.webp","width":785,"height":355,"caption":"Nigro Equipamentos"},"image":{"@id":"https:\/\/nigroequipamentos.com.br\/conteudo\/#\/schema\/logo\/image\/"},"sameAs":["https:\/\/www.facebook.com\/nigroequipamentos","https:\/\/www.instagram.com\/nigroequipamentos\/"]}]}},"_links":{"self":[{"href":"https:\/\/nigroequipamentos.com.br\/conteudo\/wp-json\/wp\/v2\/pages\/19178","targetHints":{"allow":["GET"]}}],"collection":[{"href":"https:\/\/nigroequipamentos.com.br\/conteudo\/wp-json\/wp\/v2\/pages"}],"about":[{"href":"https:\/\/nigroequipamentos.com.br\/conteudo\/wp-json\/wp\/v2\/types\/page"}],"author":[{"embeddable":true,"href":"https:\/\/nigroequipamentos.com.br\/conteudo\/wp-json\/wp\/v2\/users\/3"}],"replies":[{"embeddable":true,"href":"https:\/\/nigroequipamentos.com.br\/conteudo\/wp-json\/wp\/v2\/comments?post=19178"}],"version-history":[{"count":0,"href":"https:\/\/nigroequipamentos.com.br\/conteudo\/wp-json\/wp\/v2\/pages\/19178\/revisions"}],"wp:attachment":[{"href":"https:\/\/nigroequipamentos.com.br\/conteudo\/wp-json\/wp\/v2\/media?parent=19178"}],"curies":[{"name":"wp","href":"https:\/\/api.w.org\/{rel}","templated":true}]}}