{"id":13311,"date":"2025-01-18T22:29:38","date_gmt":"2025-01-19T01:29:38","guid":{"rendered":"https:\/\/nigroequipamentos.com.br\/conteudo\/empilhadeira-retratil-preco-em-recife-e-beneficios-incontaveis\/"},"modified":"2025-01-18T22:29:38","modified_gmt":"2025-01-19T01:29:38","slug":"empilhadeira-retratil-preco-em-recife-e-beneficios-incontaveis","status":"publish","type":"page","link":"https:\/\/nigroequipamentos.com.br\/conteudo\/empilhadeira-retratil-preco-em-recife-e-beneficios-incontaveis\/","title":{"rendered":"Empilhadeira Retr\u00e1til: Pre\u00e7o em Recife e Benef\u00edcios Incont\u00e1veis"},"content":{"rendered":"<p>Se voc\u00ea est\u00e1 buscando empilhadeiras retr\u00e1teis em Recife, \u00e9 essencial entender as vari\u00e1veis que influenciam seu pre\u00e7o e como esse equipamento pode ser um aliado estrat\u00e9gico para o seu neg\u00f3cio. A Nigro Equipamentos se destaca na regi\u00e3o, oferecendo n\u00e3o apenas a venda, mas tamb\u00e9m a loca\u00e7\u00e3o e manuten\u00e7\u00e3o de empilhadeiras, garantindo qualidade e suporte em todo o processo.<\/p>\n","protected":false},"excerpt":{"rendered":"<p>Se voc\u00ea est\u00e1 buscando empilhadeiras retr\u00e1teis em Recife, \u00e9 essencial entender as vari\u00e1veis que influenciam seu pre\u00e7o e como esse equipamento pode ser um aliado estrat\u00e9gico para o seu neg\u00f3cio. A Nigro Equipamentos se destaca na regi\u00e3o, oferecendo n\u00e3o apenas a venda, mas tamb\u00e9m a loca\u00e7\u00e3o e manuten\u00e7\u00e3o de empilhadeiras, garantindo qualidade e suporte em&hellip;&nbsp;<a href=\"https:\/\/nigroequipamentos.com.br\/conteudo\/empilhadeira-retratil-preco-em-recife-e-beneficios-incontaveis\/\" class=\"\" rel=\"bookmark\">Continue a ler &raquo;<span class=\"screen-reader-text\">Empilhadeira Retr\u00e1til: Pre\u00e7o em Recife e Benef\u00edcios Incont\u00e1veis<\/span><\/a><\/p>\n","protected":false},"author":3,"featured_media":0,"parent":0,"menu_order":0,"comment_status":"closed","ping_status":"closed","template":"","meta":{"_acf_changed":false,"_yoast_wpseo_focuskw":"Empilhadeira retr\u00e1til pre\u00e7o Recife","_yoast_wpseo_title":"Pre\u00e7os de Empilhadeiras Retr\u00e1teis em Recife - Nigro Equipamentos","_yoast_wpseo_metadesc":"Descubra os melhores pre\u00e7os e op\u00e7\u00f5es de empilhadeiras retr\u00e1teis em Recife com a Nigro Equipamentos, a escolha certa para compra e loca\u00e7\u00e3o.","neve_meta_sidebar":"","neve_meta_container":"","neve_meta_enable_content_width":"","neve_meta_content_width":0,"neve_meta_title_alignment":"","neve_meta_author_avatar":"","neve_post_elements_order":"","neve_meta_disable_header":"","neve_meta_disable_footer":"","neve_meta_disable_title":"","footnotes":""},"class_list":["post-13311","page","type-page","status-publish","hentry"],"acf":{"bloco1title":"Qualidade Garantida","bloco1text":"Na Nigro, as empilhadeiras retr\u00e1teis s\u00e3o de alta qualidade, proporcionando efici\u00eancia e seguran\u00e7a nas opera\u00e7\u00f5es.","bloco2title":"Suporte Completo","bloco2text":"Oferecemos um servi\u00e7o de manuten\u00e7\u00e3o especializado, assegurando a longevidade e desempenho das suas m\u00e1quinas.","bloco3title":"Economia Inteligente","bloco3text":"Investir em empilhadeiras retr\u00e1teis pode parecer alto, mas a efici\u00eancia operacional que elas trazem resulta em economia significativa no longo prazo.","posttitle":"Descubra o Melhor Pre\u00e7o para Empilhadeiras Retr\u00e1teis em Recife","postcontent":"<strong>Empilhadeiras Retr\u00e1teis: Um Investimento Estrat\u00e9gico<\/strong> Em Recife, o pre\u00e7o das empilhadeiras retr\u00e1teis pode variar conforme caracter\u00edsticas espec\u00edficas como capacidade, modelo e marca. Na <strong>Nigro Equipamentos<\/strong>, voc\u00ea encontrar\u00e1 as melhores op\u00e7\u00f5es, com pre\u00e7os competitivos e a confian\u00e7a de um atendimento personalizado. <br><br> <strong>Diferenciais na NIGRO<\/strong> Ao escolher uma empilhadeira retr\u00e1til, \u00e9 crucial considerar a rela\u00e7\u00e3o custo-benef\u00edcio. Nossas m\u00e1quinas s\u00e3o projetadas para oferecer alta performance, reduzindo custos operacionais no dia a dia. Al\u00e9m disso, nossa equipe de especialistas est\u00e1 sempre pronta para orient\u00e1-lo na escolha do equipamento ideal para suas necessidades. <br><br> <strong>Manuten\u00e7\u00e3o e Suporte<\/strong> Nossa responsabilidade n\u00e3o termina na venda. A Nigro oferece servi\u00e7os de manuten\u00e7\u00e3o preventiva e corretiva, garantindo que sua empilhadeira se mantenha sempre em \u00f3timas condi\u00e7\u00f5es de uso. Contamos tamb\u00e9m com loca\u00e7\u00e3o de empilhadeiras, uma op\u00e7\u00e3o vantajosa para empresas que desejam flexibilidade sem compromissos de longo prazo. <br><br> Ao optar pela Nigro Equipamentos, voc\u00ea investe em efici\u00eancia, qualidade e seguran\u00e7a. Venha nos conhecer e descubra como podemos ajudar voc\u00ea a otimizar seus processos log\u00edsticos com nossas empilhadeiras retr\u00e1teis!","insightwidtitle":"Curiosidades Sobre Empilhadeiras","insightwidcontent":"Voc\u00ea sabia que as empilhadeiras retr\u00e1teis s\u00e3o capazes de operar em corredores estreitos? Este equipamento \u00e9 ideal para armaz\u00e9ns que precisam maximizar o espa\u00e7o, pois permitem empilhar cargas em maiores alturas, otimizando a \u00e1rea dispon\u00edvel. Essa caracter\u00edstica as torna extremamente valiosas para opera\u00e7\u00f5es que exigem agilidade e efici\u00eancia. Al\u00e9m disso, a tecnologia continua a evoluir, com inova\u00e7\u00f5es que aumentam ainda mais a sua confiabilidade e seguran\u00e7a."},"yoast_head":"<!-- This site is optimized with the Yoast SEO Premium plugin v18.3 (Yoast SEO v23.4) - https:\/\/yoast.com\/wordpress\/plugins\/seo\/ -->\n<title>Pre\u00e7os de Empilhadeiras Retr\u00e1teis em Recife - Nigro Equipamentos<\/title>\n<meta name=\"description\" content=\"Descubra os melhores pre\u00e7os e op\u00e7\u00f5es de empilhadeiras retr\u00e1teis em Recife com a Nigro Equipamentos, a escolha certa para compra e loca\u00e7\u00e3o.\" \/>\n<meta name=\"robots\" content=\"index, follow, max-snippet:-1, max-image-preview:large, max-video-preview:-1\" \/>\n<link rel=\"canonical\" href=\"https:\/\/nigroequipamentos.com.br\/conteudo\/empilhadeira-retratil-preco-em-recife-e-beneficios-incontaveis\/\" \/>\n<meta property=\"og:locale\" content=\"pt_BR\" \/>\n<meta property=\"og:type\" content=\"article\" \/>\n<meta property=\"og:title\" content=\"Empilhadeira Retr\u00e1til: Pre\u00e7o em Recife e Benef\u00edcios Incont\u00e1veis\" \/>\n<meta property=\"og:description\" content=\"Descubra os melhores pre\u00e7os e op\u00e7\u00f5es de empilhadeiras retr\u00e1teis em Recife com a Nigro Equipamentos, a escolha certa para compra e loca\u00e7\u00e3o.\" \/>\n<meta property=\"og:url\" content=\"https:\/\/nigroequipamentos.com.br\/conteudo\/empilhadeira-retratil-preco-em-recife-e-beneficios-incontaveis\/\" \/>\n<meta property=\"og:site_name\" content=\"Nigro Equipamentos\" \/>\n<meta property=\"article:publisher\" content=\"https:\/\/www.facebook.com\/nigroequipamentos\" \/>\n<meta name=\"twitter:card\" content=\"summary_large_image\" \/>\n<script type=\"application\/ld+json\" class=\"yoast-schema-graph\">{\"@context\":\"https:\/\/schema.org\",\"@graph\":[{\"@type\":\"WebPage\",\"@id\":\"https:\/\/nigroequipamentos.com.br\/conteudo\/empilhadeira-retratil-preco-em-recife-e-beneficios-incontaveis\/\",\"url\":\"https:\/\/nigroequipamentos.com.br\/conteudo\/empilhadeira-retratil-preco-em-recife-e-beneficios-incontaveis\/\",\"name\":\"Pre\u00e7os de Empilhadeiras Retr\u00e1teis em Recife - Nigro Equipamentos\",\"isPartOf\":{\"@id\":\"https:\/\/nigroequipamentos.com.br\/conteudo\/#website\"},\"datePublished\":\"2025-01-19T01:29:38+00:00\",\"dateModified\":\"2025-01-19T01:29:38+00:00\",\"description\":\"Descubra os melhores pre\u00e7os e op\u00e7\u00f5es de empilhadeiras retr\u00e1teis em Recife com a Nigro Equipamentos, a escolha certa para compra e loca\u00e7\u00e3o.\",\"breadcrumb\":{\"@id\":\"https:\/\/nigroequipamentos.com.br\/conteudo\/empilhadeira-retratil-preco-em-recife-e-beneficios-incontaveis\/#breadcrumb\"},\"inLanguage\":\"pt-BR\",\"potentialAction\":[{\"@type\":\"ReadAction\",\"target\":[\"https:\/\/nigroequipamentos.com.br\/conteudo\/empilhadeira-retratil-preco-em-recife-e-beneficios-incontaveis\/\"]}]},{\"@type\":\"BreadcrumbList\",\"@id\":\"https:\/\/nigroequipamentos.com.br\/conteudo\/empilhadeira-retratil-preco-em-recife-e-beneficios-incontaveis\/#breadcrumb\",\"itemListElement\":[{\"@type\":\"ListItem\",\"position\":1,\"name\":\"In\u00edcio\",\"item\":\"https:\/\/nigroequipamentos.com.br\/conteudo\/\"},{\"@type\":\"ListItem\",\"position\":2,\"name\":\"Empilhadeira Retr\u00e1til: Pre\u00e7o em Recife e Benef\u00edcios Incont\u00e1veis\"}]},{\"@type\":\"WebSite\",\"@id\":\"https:\/\/nigroequipamentos.com.br\/conteudo\/#website\",\"url\":\"https:\/\/nigroequipamentos.com.br\/conteudo\/\",\"name\":\"Nigro Equipamentos\",\"description\":\"Loca\u00e7\u00e3o e Vendas\",\"publisher\":{\"@id\":\"https:\/\/nigroequipamentos.com.br\/conteudo\/#organization\"},\"potentialAction\":[{\"@type\":\"SearchAction\",\"target\":{\"@type\":\"EntryPoint\",\"urlTemplate\":\"https:\/\/nigroequipamentos.com.br\/conteudo\/?s={search_term_string}\"},\"query-input\":{\"@type\":\"PropertyValueSpecification\",\"valueRequired\":true,\"valueName\":\"search_term_string\"}}],\"inLanguage\":\"pt-BR\"},{\"@type\":\"Organization\",\"@id\":\"https:\/\/nigroequipamentos.com.br\/conteudo\/#organization\",\"name\":\"Nigro Equipamentos\",\"url\":\"https:\/\/nigroequipamentos.com.br\/conteudo\/\",\"logo\":{\"@type\":\"ImageObject\",\"inLanguage\":\"pt-BR\",\"@id\":\"https:\/\/nigroequipamentos.com.br\/conteudo\/#\/schema\/logo\/image\/\",\"url\":\"https:\/\/nigroequipamentos.com.br\/conteudo\/wp-content\/uploads\/2024\/10\/nigroequipamentos_logo.webp\",\"contentUrl\":\"https:\/\/nigroequipamentos.com.br\/conteudo\/wp-content\/uploads\/2024\/10\/nigroequipamentos_logo.webp\",\"width\":785,\"height\":355,\"caption\":\"Nigro Equipamentos\"},\"image\":{\"@id\":\"https:\/\/nigroequipamentos.com.br\/conteudo\/#\/schema\/logo\/image\/\"},\"sameAs\":[\"https:\/\/www.facebook.com\/nigroequipamentos\",\"https:\/\/www.instagram.com\/nigroequipamentos\/\"]}]}<\/script>\n<!-- \/ Yoast SEO Premium plugin. -->","yoast_head_json":{"title":"Pre\u00e7os de Empilhadeiras Retr\u00e1teis em Recife - Nigro Equipamentos","description":"Descubra os melhores pre\u00e7os e op\u00e7\u00f5es de empilhadeiras retr\u00e1teis em Recife com a Nigro Equipamentos, a escolha certa para compra e loca\u00e7\u00e3o.","robots":{"index":"index","follow":"follow","max-snippet":"max-snippet:-1","max-image-preview":"max-image-preview:large","max-video-preview":"max-video-preview:-1"},"canonical":"https:\/\/nigroequipamentos.com.br\/conteudo\/empilhadeira-retratil-preco-em-recife-e-beneficios-incontaveis\/","og_locale":"pt_BR","og_type":"article","og_title":"Empilhadeira Retr\u00e1til: Pre\u00e7o em Recife e Benef\u00edcios Incont\u00e1veis","og_description":"Descubra os melhores pre\u00e7os e op\u00e7\u00f5es de empilhadeiras retr\u00e1teis em Recife com a Nigro Equipamentos, a escolha certa para compra e loca\u00e7\u00e3o.","og_url":"https:\/\/nigroequipamentos.com.br\/conteudo\/empilhadeira-retratil-preco-em-recife-e-beneficios-incontaveis\/","og_site_name":"Nigro Equipamentos","article_publisher":"https:\/\/www.facebook.com\/nigroequipamentos","twitter_card":"summary_large_image","schema":{"@context":"https:\/\/schema.org","@graph":[{"@type":"WebPage","@id":"https:\/\/nigroequipamentos.com.br\/conteudo\/empilhadeira-retratil-preco-em-recife-e-beneficios-incontaveis\/","url":"https:\/\/nigroequipamentos.com.br\/conteudo\/empilhadeira-retratil-preco-em-recife-e-beneficios-incontaveis\/","name":"Pre\u00e7os de Empilhadeiras Retr\u00e1teis em Recife - Nigro Equipamentos","isPartOf":{"@id":"https:\/\/nigroequipamentos.com.br\/conteudo\/#website"},"datePublished":"2025-01-19T01:29:38+00:00","dateModified":"2025-01-19T01:29:38+00:00","description":"Descubra os melhores pre\u00e7os e op\u00e7\u00f5es de empilhadeiras retr\u00e1teis em Recife com a Nigro Equipamentos, a escolha certa para compra e loca\u00e7\u00e3o.","breadcrumb":{"@id":"https:\/\/nigroequipamentos.com.br\/conteudo\/empilhadeira-retratil-preco-em-recife-e-beneficios-incontaveis\/#breadcrumb"},"inLanguage":"pt-BR","potentialAction":[{"@type":"ReadAction","target":["https:\/\/nigroequipamentos.com.br\/conteudo\/empilhadeira-retratil-preco-em-recife-e-beneficios-incontaveis\/"]}]},{"@type":"BreadcrumbList","@id":"https:\/\/nigroequipamentos.com.br\/conteudo\/empilhadeira-retratil-preco-em-recife-e-beneficios-incontaveis\/#breadcrumb","itemListElement":[{"@type":"ListItem","position":1,"name":"In\u00edcio","item":"https:\/\/nigroequipamentos.com.br\/conteudo\/"},{"@type":"ListItem","position":2,"name":"Empilhadeira Retr\u00e1til: Pre\u00e7o em Recife e Benef\u00edcios Incont\u00e1veis"}]},{"@type":"WebSite","@id":"https:\/\/nigroequipamentos.com.br\/conteudo\/#website","url":"https:\/\/nigroequipamentos.com.br\/conteudo\/","name":"Nigro Equipamentos","description":"Loca\u00e7\u00e3o e Vendas","publisher":{"@id":"https:\/\/nigroequipamentos.com.br\/conteudo\/#organization"},"potentialAction":[{"@type":"SearchAction","target":{"@type":"EntryPoint","urlTemplate":"https:\/\/nigroequipamentos.com.br\/conteudo\/?s={search_term_string}"},"query-input":{"@type":"PropertyValueSpecification","valueRequired":true,"valueName":"search_term_string"}}],"inLanguage":"pt-BR"},{"@type":"Organization","@id":"https:\/\/nigroequipamentos.com.br\/conteudo\/#organization","name":"Nigro Equipamentos","url":"https:\/\/nigroequipamentos.com.br\/conteudo\/","logo":{"@type":"ImageObject","inLanguage":"pt-BR","@id":"https:\/\/nigroequipamentos.com.br\/conteudo\/#\/schema\/logo\/image\/","url":"https:\/\/nigroequipamentos.com.br\/conteudo\/wp-content\/uploads\/2024\/10\/nigroequipamentos_logo.webp","contentUrl":"https:\/\/nigroequipamentos.com.br\/conteudo\/wp-content\/uploads\/2024\/10\/nigroequipamentos_logo.webp","width":785,"height":355,"caption":"Nigro Equipamentos"},"image":{"@id":"https:\/\/nigroequipamentos.com.br\/conteudo\/#\/schema\/logo\/image\/"},"sameAs":["https:\/\/www.facebook.com\/nigroequipamentos","https:\/\/www.instagram.com\/nigroequipamentos\/"]}]}},"_links":{"self":[{"href":"https:\/\/nigroequipamentos.com.br\/conteudo\/wp-json\/wp\/v2\/pages\/13311","targetHints":{"allow":["GET"]}}],"collection":[{"href":"https:\/\/nigroequipamentos.com.br\/conteudo\/wp-json\/wp\/v2\/pages"}],"about":[{"href":"https:\/\/nigroequipamentos.com.br\/conteudo\/wp-json\/wp\/v2\/types\/page"}],"author":[{"embeddable":true,"href":"https:\/\/nigroequipamentos.com.br\/conteudo\/wp-json\/wp\/v2\/users\/3"}],"replies":[{"embeddable":true,"href":"https:\/\/nigroequipamentos.com.br\/conteudo\/wp-json\/wp\/v2\/comments?post=13311"}],"version-history":[{"count":0,"href":"https:\/\/nigroequipamentos.com.br\/conteudo\/wp-json\/wp\/v2\/pages\/13311\/revisions"}],"wp:attachment":[{"href":"https:\/\/nigroequipamentos.com.br\/conteudo\/wp-json\/wp\/v2\/media?parent=13311"}],"curies":[{"name":"wp","href":"https:\/\/api.w.org\/{rel}","templated":true}]}}