{"id":13131,"date":"2025-01-16T17:56:20","date_gmt":"2025-01-16T20:56:20","guid":{"rendered":"https:\/\/nigroequipamentos.com.br\/conteudo\/aluguel-de-empilhadeira-paletrans-solucao-agil-e-eficiente\/"},"modified":"2025-01-16T17:56:20","modified_gmt":"2025-01-16T20:56:20","slug":"aluguel-de-empilhadeira-paletrans-solucao-agil-e-eficiente","status":"publish","type":"page","link":"https:\/\/nigroequipamentos.com.br\/conteudo\/aluguel-de-empilhadeira-paletrans-solucao-agil-e-eficiente\/","title":{"rendered":"Aluguel de Empilhadeira Paletrans: Solu\u00e7\u00e3o \u00c1gil e Eficiente"},"content":{"rendered":"<p>Na busca pela otimiza\u00e7\u00e3o de processos log\u00edsticos, a Nigro Equipamentos se destaca como a escolha ideal para aluguel de empilhadeiras Paletrans. Com uma frota moderna e bem mantida, garantimos que sua opera\u00e7\u00e3o seja realizada com seguran\u00e7a e efici\u00eancia. Nossa equipe especializada est\u00e1 pronta para fornecer o suporte necess\u00e1rio, assegurando que seu neg\u00f3cio funcione sem interrup\u00e7\u00f5es e com alta produtividade.<\/p>\n","protected":false},"excerpt":{"rendered":"<p>Na busca pela otimiza\u00e7\u00e3o de processos log\u00edsticos, a Nigro Equipamentos se destaca como a escolha ideal para aluguel de empilhadeiras Paletrans. Com uma frota moderna e bem mantida, garantimos que sua opera\u00e7\u00e3o seja realizada com seguran\u00e7a e efici\u00eancia. Nossa equipe especializada est\u00e1 pronta para fornecer o suporte necess\u00e1rio, assegurando que seu neg\u00f3cio funcione sem interrup\u00e7\u00f5es&hellip;&nbsp;<a href=\"https:\/\/nigroequipamentos.com.br\/conteudo\/aluguel-de-empilhadeira-paletrans-solucao-agil-e-eficiente\/\" class=\"\" rel=\"bookmark\">Continue a ler &raquo;<span class=\"screen-reader-text\">Aluguel de Empilhadeira Paletrans: Solu\u00e7\u00e3o \u00c1gil e Eficiente<\/span><\/a><\/p>\n","protected":false},"author":3,"featured_media":0,"parent":0,"menu_order":0,"comment_status":"closed","ping_status":"closed","template":"","meta":{"_acf_changed":false,"_yoast_wpseo_focuskw":"Empilhadeira Paletrans aluguel","_yoast_wpseo_title":"Aluguel de Empilhadeira Paletrans: Efici\u00eancia e Suporte com a Nigro","_yoast_wpseo_metadesc":"Descubra as vantagens do aluguel de empilhadeiras Paletrans com a Nigro Equipamentos. Efici\u00eancia e suporte especializado ao seu alcance!","neve_meta_sidebar":"","neve_meta_container":"","neve_meta_enable_content_width":"","neve_meta_content_width":0,"neve_meta_title_alignment":"","neve_meta_author_avatar":"","neve_post_elements_order":"","neve_meta_disable_header":"","neve_meta_disable_footer":"","neve_meta_disable_title":"","footnotes":""},"class_list":["post-13131","page","type-page","status-publish","hentry"],"acf":{"bloco1title":"Frota Moderna","bloco1text":"Oferecemos empilhadeiras Paletrans de \u00faltima gera\u00e7\u00e3o, proporcionando maior performance e seguran\u00e7a nas opera\u00e7\u00f5es.","bloco2title":"Suporte Especializado","bloco2text":"Nosso time altamente qualificado est\u00e1 dispon\u00edvel para auxiliar em cada etapa do processo de loca\u00e7\u00e3o.","bloco3title":"Efici\u00eancia Aumentada","bloco3text":"O aluguel de empilhadeiras Paletrans n\u00e3o s\u00f3 melhora a efici\u00eancia operacional, mas tamb\u00e9m diminui custos com manuten\u00e7\u00e3o e equipamentos novos.","posttitle":"Por Que Alugar uma Empilhadeira Paletrans \u00e9 a Melhor Op\u00e7\u00e3o para Seu Neg\u00f3cio","postcontent":"<strong>Vantagens do Aluguel<\/strong>\nO aluguel de empilhadeiras Paletrans \u00e9 uma solu\u00e7\u00e3o pr\u00e1tica para empresas que necessitam de flexibilidade em suas opera\u00e7\u00f5es. Ao optar por essa modalidade, sua empresa evita os altos custos iniciais de compra e ainda conta com um equipamento sempre em excelentes condi\u00e7\u00f5es de uso. Com a moderniza\u00e7\u00e3o constante do nosso parque de m\u00e1quinas, voc\u00ea garante ter \u00e0 disposi\u00e7\u00e3o a tecnologia mais avan\u00e7ada\u2026 no momento certo.\n\n<strong>Foco na Manuten\u00e7\u00e3o<\/strong>\nA Nigro Equipamentos se preocupa n\u00e3o apenas com a entrega das m\u00e1quinas, mas tamb\u00e9m com a manuten\u00e7\u00e3o peri\u00f3dica e preventiva. Isso garante que suas opera\u00e7\u00f5es n\u00e3o sejam interrompidas e que a seguran\u00e7a dos operadores esteja sempre em primeiro lugar. Al\u00e9m disso, oferecemos servi\u00e7os de treinamento, capacitando sua equipe a operar as empilhadeiras de maneira eficiente e respons\u00e1vel.\n\n<strong>Simplifique Seu Processo Log\u00edstico<\/strong>\nContratar as empilhadeiras Paletrans \u00e9 simplificar todo o seu processo log\u00edstico. Desde o armazenamento at\u00e9 a movimenta\u00e7\u00e3o de cargas, nossas empilhadeiras aumentam a produtividade do seu armaz\u00e9m, reduzindo prazos e melhorando o fluxo de trabalho.","insightwidtitle":"Curiosidades sobre Empilhadeiras","insightwidcontent":"Voc\u00ea sabia que as empilhadeiras Paletrans s\u00e3o reconhecidas pela sua versatilidade e robustez? Elas podem ser utilizadas em diferentes setores, incluindo armaz\u00e9ns, f\u00e1bricas e centros de distribui\u00e7\u00e3o. Al\u00e9m disso, sua capacidade de manobra \u00e9 ideal para espa\u00e7os reduzidos, tornando-as uma escolha popular entre as empresas que precisam de efici\u00eancia em ambientes compactos. Nas opera\u00e7\u00f5es de carga e descarga, as Paletrans mostram-se fundamentais para o aumento da produtividade."},"yoast_head":"<!-- This site is optimized with the Yoast SEO Premium plugin v18.3 (Yoast SEO v23.4) - https:\/\/yoast.com\/wordpress\/plugins\/seo\/ -->\n<title>Aluguel de Empilhadeira Paletrans: Efici\u00eancia e Suporte com a Nigro<\/title>\n<meta name=\"description\" content=\"Descubra as vantagens do aluguel de empilhadeiras Paletrans com a Nigro Equipamentos. Efici\u00eancia e suporte especializado ao seu alcance!\" \/>\n<meta name=\"robots\" content=\"index, follow, max-snippet:-1, max-image-preview:large, max-video-preview:-1\" \/>\n<link rel=\"canonical\" href=\"https:\/\/nigroequipamentos.com.br\/conteudo\/aluguel-de-empilhadeira-paletrans-solucao-agil-e-eficiente\/\" \/>\n<meta property=\"og:locale\" content=\"pt_BR\" \/>\n<meta property=\"og:type\" content=\"article\" \/>\n<meta property=\"og:title\" content=\"Aluguel de Empilhadeira Paletrans: Solu\u00e7\u00e3o \u00c1gil e Eficiente\" \/>\n<meta property=\"og:description\" content=\"Descubra as vantagens do aluguel de empilhadeiras Paletrans com a Nigro Equipamentos. Efici\u00eancia e suporte especializado ao seu alcance!\" \/>\n<meta property=\"og:url\" content=\"https:\/\/nigroequipamentos.com.br\/conteudo\/aluguel-de-empilhadeira-paletrans-solucao-agil-e-eficiente\/\" \/>\n<meta property=\"og:site_name\" content=\"Nigro Equipamentos\" \/>\n<meta property=\"article:publisher\" content=\"https:\/\/www.facebook.com\/nigroequipamentos\" \/>\n<meta name=\"twitter:card\" content=\"summary_large_image\" \/>\n<script type=\"application\/ld+json\" class=\"yoast-schema-graph\">{\"@context\":\"https:\/\/schema.org\",\"@graph\":[{\"@type\":\"WebPage\",\"@id\":\"https:\/\/nigroequipamentos.com.br\/conteudo\/aluguel-de-empilhadeira-paletrans-solucao-agil-e-eficiente\/\",\"url\":\"https:\/\/nigroequipamentos.com.br\/conteudo\/aluguel-de-empilhadeira-paletrans-solucao-agil-e-eficiente\/\",\"name\":\"Aluguel de Empilhadeira Paletrans: Efici\u00eancia e Suporte com a Nigro\",\"isPartOf\":{\"@id\":\"https:\/\/nigroequipamentos.com.br\/conteudo\/#website\"},\"datePublished\":\"2025-01-16T20:56:20+00:00\",\"dateModified\":\"2025-01-16T20:56:20+00:00\",\"description\":\"Descubra as vantagens do aluguel de empilhadeiras Paletrans com a Nigro Equipamentos. Efici\u00eancia e suporte especializado ao seu alcance!\",\"breadcrumb\":{\"@id\":\"https:\/\/nigroequipamentos.com.br\/conteudo\/aluguel-de-empilhadeira-paletrans-solucao-agil-e-eficiente\/#breadcrumb\"},\"inLanguage\":\"pt-BR\",\"potentialAction\":[{\"@type\":\"ReadAction\",\"target\":[\"https:\/\/nigroequipamentos.com.br\/conteudo\/aluguel-de-empilhadeira-paletrans-solucao-agil-e-eficiente\/\"]}]},{\"@type\":\"BreadcrumbList\",\"@id\":\"https:\/\/nigroequipamentos.com.br\/conteudo\/aluguel-de-empilhadeira-paletrans-solucao-agil-e-eficiente\/#breadcrumb\",\"itemListElement\":[{\"@type\":\"ListItem\",\"position\":1,\"name\":\"In\u00edcio\",\"item\":\"https:\/\/nigroequipamentos.com.br\/conteudo\/\"},{\"@type\":\"ListItem\",\"position\":2,\"name\":\"Aluguel de Empilhadeira Paletrans: Solu\u00e7\u00e3o \u00c1gil e Eficiente\"}]},{\"@type\":\"WebSite\",\"@id\":\"https:\/\/nigroequipamentos.com.br\/conteudo\/#website\",\"url\":\"https:\/\/nigroequipamentos.com.br\/conteudo\/\",\"name\":\"Nigro Equipamentos\",\"description\":\"Loca\u00e7\u00e3o e Vendas\",\"publisher\":{\"@id\":\"https:\/\/nigroequipamentos.com.br\/conteudo\/#organization\"},\"potentialAction\":[{\"@type\":\"SearchAction\",\"target\":{\"@type\":\"EntryPoint\",\"urlTemplate\":\"https:\/\/nigroequipamentos.com.br\/conteudo\/?s={search_term_string}\"},\"query-input\":{\"@type\":\"PropertyValueSpecification\",\"valueRequired\":true,\"valueName\":\"search_term_string\"}}],\"inLanguage\":\"pt-BR\"},{\"@type\":\"Organization\",\"@id\":\"https:\/\/nigroequipamentos.com.br\/conteudo\/#organization\",\"name\":\"Nigro Equipamentos\",\"url\":\"https:\/\/nigroequipamentos.com.br\/conteudo\/\",\"logo\":{\"@type\":\"ImageObject\",\"inLanguage\":\"pt-BR\",\"@id\":\"https:\/\/nigroequipamentos.com.br\/conteudo\/#\/schema\/logo\/image\/\",\"url\":\"https:\/\/nigroequipamentos.com.br\/conteudo\/wp-content\/uploads\/2024\/10\/nigroequipamentos_logo.webp\",\"contentUrl\":\"https:\/\/nigroequipamentos.com.br\/conteudo\/wp-content\/uploads\/2024\/10\/nigroequipamentos_logo.webp\",\"width\":785,\"height\":355,\"caption\":\"Nigro Equipamentos\"},\"image\":{\"@id\":\"https:\/\/nigroequipamentos.com.br\/conteudo\/#\/schema\/logo\/image\/\"},\"sameAs\":[\"https:\/\/www.facebook.com\/nigroequipamentos\",\"https:\/\/www.instagram.com\/nigroequipamentos\/\"]}]}<\/script>\n<!-- \/ Yoast SEO Premium plugin. -->","yoast_head_json":{"title":"Aluguel de Empilhadeira Paletrans: Efici\u00eancia e Suporte com a Nigro","description":"Descubra as vantagens do aluguel de empilhadeiras Paletrans com a Nigro Equipamentos. Efici\u00eancia e suporte especializado ao seu alcance!","robots":{"index":"index","follow":"follow","max-snippet":"max-snippet:-1","max-image-preview":"max-image-preview:large","max-video-preview":"max-video-preview:-1"},"canonical":"https:\/\/nigroequipamentos.com.br\/conteudo\/aluguel-de-empilhadeira-paletrans-solucao-agil-e-eficiente\/","og_locale":"pt_BR","og_type":"article","og_title":"Aluguel de Empilhadeira Paletrans: Solu\u00e7\u00e3o \u00c1gil e Eficiente","og_description":"Descubra as vantagens do aluguel de empilhadeiras Paletrans com a Nigro Equipamentos. Efici\u00eancia e suporte especializado ao seu alcance!","og_url":"https:\/\/nigroequipamentos.com.br\/conteudo\/aluguel-de-empilhadeira-paletrans-solucao-agil-e-eficiente\/","og_site_name":"Nigro Equipamentos","article_publisher":"https:\/\/www.facebook.com\/nigroequipamentos","twitter_card":"summary_large_image","schema":{"@context":"https:\/\/schema.org","@graph":[{"@type":"WebPage","@id":"https:\/\/nigroequipamentos.com.br\/conteudo\/aluguel-de-empilhadeira-paletrans-solucao-agil-e-eficiente\/","url":"https:\/\/nigroequipamentos.com.br\/conteudo\/aluguel-de-empilhadeira-paletrans-solucao-agil-e-eficiente\/","name":"Aluguel de Empilhadeira Paletrans: Efici\u00eancia e Suporte com a Nigro","isPartOf":{"@id":"https:\/\/nigroequipamentos.com.br\/conteudo\/#website"},"datePublished":"2025-01-16T20:56:20+00:00","dateModified":"2025-01-16T20:56:20+00:00","description":"Descubra as vantagens do aluguel de empilhadeiras Paletrans com a Nigro Equipamentos. Efici\u00eancia e suporte especializado ao seu alcance!","breadcrumb":{"@id":"https:\/\/nigroequipamentos.com.br\/conteudo\/aluguel-de-empilhadeira-paletrans-solucao-agil-e-eficiente\/#breadcrumb"},"inLanguage":"pt-BR","potentialAction":[{"@type":"ReadAction","target":["https:\/\/nigroequipamentos.com.br\/conteudo\/aluguel-de-empilhadeira-paletrans-solucao-agil-e-eficiente\/"]}]},{"@type":"BreadcrumbList","@id":"https:\/\/nigroequipamentos.com.br\/conteudo\/aluguel-de-empilhadeira-paletrans-solucao-agil-e-eficiente\/#breadcrumb","itemListElement":[{"@type":"ListItem","position":1,"name":"In\u00edcio","item":"https:\/\/nigroequipamentos.com.br\/conteudo\/"},{"@type":"ListItem","position":2,"name":"Aluguel de Empilhadeira Paletrans: Solu\u00e7\u00e3o \u00c1gil e Eficiente"}]},{"@type":"WebSite","@id":"https:\/\/nigroequipamentos.com.br\/conteudo\/#website","url":"https:\/\/nigroequipamentos.com.br\/conteudo\/","name":"Nigro Equipamentos","description":"Loca\u00e7\u00e3o e Vendas","publisher":{"@id":"https:\/\/nigroequipamentos.com.br\/conteudo\/#organization"},"potentialAction":[{"@type":"SearchAction","target":{"@type":"EntryPoint","urlTemplate":"https:\/\/nigroequipamentos.com.br\/conteudo\/?s={search_term_string}"},"query-input":{"@type":"PropertyValueSpecification","valueRequired":true,"valueName":"search_term_string"}}],"inLanguage":"pt-BR"},{"@type":"Organization","@id":"https:\/\/nigroequipamentos.com.br\/conteudo\/#organization","name":"Nigro Equipamentos","url":"https:\/\/nigroequipamentos.com.br\/conteudo\/","logo":{"@type":"ImageObject","inLanguage":"pt-BR","@id":"https:\/\/nigroequipamentos.com.br\/conteudo\/#\/schema\/logo\/image\/","url":"https:\/\/nigroequipamentos.com.br\/conteudo\/wp-content\/uploads\/2024\/10\/nigroequipamentos_logo.webp","contentUrl":"https:\/\/nigroequipamentos.com.br\/conteudo\/wp-content\/uploads\/2024\/10\/nigroequipamentos_logo.webp","width":785,"height":355,"caption":"Nigro Equipamentos"},"image":{"@id":"https:\/\/nigroequipamentos.com.br\/conteudo\/#\/schema\/logo\/image\/"},"sameAs":["https:\/\/www.facebook.com\/nigroequipamentos","https:\/\/www.instagram.com\/nigroequipamentos\/"]}]}},"_links":{"self":[{"href":"https:\/\/nigroequipamentos.com.br\/conteudo\/wp-json\/wp\/v2\/pages\/13131","targetHints":{"allow":["GET"]}}],"collection":[{"href":"https:\/\/nigroequipamentos.com.br\/conteudo\/wp-json\/wp\/v2\/pages"}],"about":[{"href":"https:\/\/nigroequipamentos.com.br\/conteudo\/wp-json\/wp\/v2\/types\/page"}],"author":[{"embeddable":true,"href":"https:\/\/nigroequipamentos.com.br\/conteudo\/wp-json\/wp\/v2\/users\/3"}],"replies":[{"embeddable":true,"href":"https:\/\/nigroequipamentos.com.br\/conteudo\/wp-json\/wp\/v2\/comments?post=13131"}],"version-history":[{"count":0,"href":"https:\/\/nigroequipamentos.com.br\/conteudo\/wp-json\/wp\/v2\/pages\/13131\/revisions"}],"wp:attachment":[{"href":"https:\/\/nigroequipamentos.com.br\/conteudo\/wp-json\/wp\/v2\/media?parent=13131"}],"curies":[{"name":"wp","href":"https:\/\/api.w.org\/{rel}","templated":true}]}}