{"id":11923,"date":"2025-01-02T11:25:26","date_gmt":"2025-01-02T14:25:26","guid":{"rendered":"https:\/\/nigroequipamentos.com.br\/conteudo\/empilhadeira-paletrans-o-melhor-custo-beneficio-do-mercado-2\/"},"modified":"2025-01-02T11:25:26","modified_gmt":"2025-01-02T14:25:26","slug":"empilhadeira-paletrans-o-melhor-custo-beneficio-do-mercado-2","status":"publish","type":"page","link":"https:\/\/nigroequipamentos.com.br\/conteudo\/empilhadeira-paletrans-o-melhor-custo-beneficio-do-mercado-2\/","title":{"rendered":"Empilhadeira Paletrans: O Melhor Custo-Benef\u00edcio do Mercado"},"content":{"rendered":"<p>Ao considerar a aquisi\u00e7\u00e3o de uma empilhadeira, a Paletrans se destaca pela durabilidade, efici\u00eancia e economia. Al\u00e9m de serem robustas e vers\u00e1teis, suas opera\u00e7\u00f5es \u00e1geis garantem uma alta produtividade no manuseio de cargas. Neste contexto, a Nigro Equipamentos garante a melhor experi\u00eancia na compra, manuten\u00e7\u00e3o e loca\u00e7\u00e3o desse equipamento essencial, destacando-se pela qualidade e confian\u00e7a que oferece no setor.<\/p>\n","protected":false},"excerpt":{"rendered":"<p>Ao considerar a aquisi\u00e7\u00e3o de uma empilhadeira, a Paletrans se destaca pela durabilidade, efici\u00eancia e economia. Al\u00e9m de serem robustas e vers\u00e1teis, suas opera\u00e7\u00f5es \u00e1geis garantem uma alta produtividade no manuseio de cargas. Neste contexto, a Nigro Equipamentos garante a melhor experi\u00eancia na compra, manuten\u00e7\u00e3o e loca\u00e7\u00e3o desse equipamento essencial, destacando-se pela qualidade e confian\u00e7a&hellip;&nbsp;<a href=\"https:\/\/nigroequipamentos.com.br\/conteudo\/empilhadeira-paletrans-o-melhor-custo-beneficio-do-mercado-2\/\" class=\"\" rel=\"bookmark\">Continue a ler &raquo;<span class=\"screen-reader-text\">Empilhadeira Paletrans: O Melhor Custo-Benef\u00edcio do Mercado<\/span><\/a><\/p>\n","protected":false},"author":3,"featured_media":0,"parent":0,"menu_order":0,"comment_status":"closed","ping_status":"closed","template":"","meta":{"_acf_changed":false,"_yoast_wpseo_focuskw":"Empilhadeira Paletrans custo-benef\u00edcio","_yoast_wpseo_title":"Empilhadeiras Paletrans: Custo-Benef\u00edcio e Qualidade com a Nigro Equipamentos","_yoast_wpseo_metadesc":"Descubra porque a Empilhadeira Paletrans \u00e9 a escolha ideal para o seu neg\u00f3cio. Custo-benef\u00edcio imbat\u00edvel com a Nigro Equipamentos.","neve_meta_sidebar":"","neve_meta_container":"","neve_meta_enable_content_width":"","neve_meta_content_width":0,"neve_meta_title_alignment":"","neve_meta_author_avatar":"","neve_post_elements_order":"","neve_meta_disable_header":"","neve_meta_disable_footer":"","neve_meta_disable_title":"","footnotes":""},"class_list":["post-11923","page","type-page","status-publish","hentry"],"acf":{"bloco1title":"Qualidade Superior","bloco1text":"As empilhadeiras Paletrans s\u00e3o projetadas com alta qualidade, assegurando longa durabilidade e menos tempo de inatividade.","bloco2title":"Assist\u00eancia Especializada","bloco2text":"A Nigro oferece suporte t\u00e9cnico especializado, que garante que sua empilhadeira sempre funcione na m\u00e1xima efici\u00eancia.","bloco3title":"Equipamento Vers\u00e1til","bloco3text":"As empilhadeiras Paletrans s\u00e3o aplic\u00e1veis em diversos setores, desde armaz\u00e9ns at\u00e9 f\u00e1bricas, adaptando-se perfeitamente \u00e0s necessidades do cliente.","posttitle":"Empilhadeira Paletrans: O Melhor Custo-Benef\u00edcio para Sua Empresa","postcontent":"<strong>Conhe\u00e7a o Custo-Benef\u00edcio das Empilhadeiras Paletrans<\/strong> Ao investir em uma empilhadeira, a rela\u00e7\u00e3o entre custo e benef\u00edcio \u00e9 fundamental. As empilhadeiras Paletrans s\u00e3o conhecidas por seu excelente desempenho aliado a um custo competitivo. Um dos principais diferenciais \u00e9 a efici\u00eancia energ\u00e9tica, que proporciona economia em longo prazo, reduzindo custos operacionais. <br><br> Outro ponto a ser destacado \u00e9 a manuten\u00e7\u00e3o preventiva promovida pela Nigro Equipamentos. O suporte t\u00e9cnico est\u00e1 sempre dispon\u00edvel para garantir que sua empilhadeira funcione perfeitamente e minimize interrup\u00e7\u00f5es nas opera\u00e7\u00f5es di\u00e1rias. <br><br> Um investimento em uma empilhadeira Paletrans \u00e9 a escolha inteligente para empresas que buscam rentabilidade e efic\u00e1cia. Equipamentos bem mantidos n\u00e3o apenas aumentam a produtividade, mas tamb\u00e9m contribuem para um ambiente de trabalho mais seguro. A Nigro Equipamentos \u00e9 sua parceira ideal, oferecendo n\u00e3o apenas a venda, mas tamb\u00e9m loca\u00e7\u00e3o e manuten\u00e7\u00e3o, para que voc\u00ea nunca fique na depend\u00eancia de um equipamento ineficiente. <br><br> Ao pensar em comprar, locar ou manter uma empilhadeira de qualidade, pense em Nigro Equipamentos \u2014 a escolha que une confian\u00e7a e efici\u00eancia.","insightwidtitle":"Curiosidades Sobre Empilhadeiras","insightwidcontent":"Voc\u00ea sabia que as empilhadeiras t\u00eam sua origem na d\u00e9cada de 1920? Desde ent\u00e3o, elas evolu\u00edram consideravelmente, incorporando tecnologia avan\u00e7ada que melhora a efici\u00eancia e a seguran\u00e7a no manuseio de materiais. Hoje, empilhadeiras modernas possuem recursos como monitoramento por GPS e sistemas de seguran\u00e7a automatizados."},"yoast_head":"<!-- This site is optimized with the Yoast SEO Premium plugin v18.3 (Yoast SEO v23.4) - https:\/\/yoast.com\/wordpress\/plugins\/seo\/ -->\n<title>Empilhadeiras Paletrans: Custo-Benef\u00edcio e Qualidade com a Nigro Equipamentos<\/title>\n<meta name=\"description\" content=\"Descubra porque a Empilhadeira Paletrans \u00e9 a escolha ideal para o seu neg\u00f3cio. Custo-benef\u00edcio imbat\u00edvel com a Nigro Equipamentos.\" \/>\n<meta name=\"robots\" content=\"index, follow, max-snippet:-1, max-image-preview:large, max-video-preview:-1\" \/>\n<link rel=\"canonical\" href=\"https:\/\/nigroequipamentos.com.br\/conteudo\/empilhadeira-paletrans-o-melhor-custo-beneficio-do-mercado-2\/\" \/>\n<meta property=\"og:locale\" content=\"pt_BR\" \/>\n<meta property=\"og:type\" content=\"article\" \/>\n<meta property=\"og:title\" content=\"Empilhadeira Paletrans: O Melhor Custo-Benef\u00edcio do Mercado\" \/>\n<meta property=\"og:description\" content=\"Descubra porque a Empilhadeira Paletrans \u00e9 a escolha ideal para o seu neg\u00f3cio. Custo-benef\u00edcio imbat\u00edvel com a Nigro Equipamentos.\" \/>\n<meta property=\"og:url\" content=\"https:\/\/nigroequipamentos.com.br\/conteudo\/empilhadeira-paletrans-o-melhor-custo-beneficio-do-mercado-2\/\" \/>\n<meta property=\"og:site_name\" content=\"Nigro Equipamentos\" \/>\n<meta property=\"article:publisher\" content=\"https:\/\/www.facebook.com\/nigroequipamentos\" \/>\n<meta name=\"twitter:card\" content=\"summary_large_image\" \/>\n<script type=\"application\/ld+json\" class=\"yoast-schema-graph\">{\"@context\":\"https:\/\/schema.org\",\"@graph\":[{\"@type\":\"WebPage\",\"@id\":\"https:\/\/nigroequipamentos.com.br\/conteudo\/empilhadeira-paletrans-o-melhor-custo-beneficio-do-mercado-2\/\",\"url\":\"https:\/\/nigroequipamentos.com.br\/conteudo\/empilhadeira-paletrans-o-melhor-custo-beneficio-do-mercado-2\/\",\"name\":\"Empilhadeiras Paletrans: Custo-Benef\u00edcio e Qualidade com a Nigro Equipamentos\",\"isPartOf\":{\"@id\":\"https:\/\/nigroequipamentos.com.br\/conteudo\/#website\"},\"datePublished\":\"2025-01-02T14:25:26+00:00\",\"dateModified\":\"2025-01-02T14:25:26+00:00\",\"description\":\"Descubra porque a Empilhadeira Paletrans \u00e9 a escolha ideal para o seu neg\u00f3cio. Custo-benef\u00edcio imbat\u00edvel com a Nigro Equipamentos.\",\"breadcrumb\":{\"@id\":\"https:\/\/nigroequipamentos.com.br\/conteudo\/empilhadeira-paletrans-o-melhor-custo-beneficio-do-mercado-2\/#breadcrumb\"},\"inLanguage\":\"pt-BR\",\"potentialAction\":[{\"@type\":\"ReadAction\",\"target\":[\"https:\/\/nigroequipamentos.com.br\/conteudo\/empilhadeira-paletrans-o-melhor-custo-beneficio-do-mercado-2\/\"]}]},{\"@type\":\"BreadcrumbList\",\"@id\":\"https:\/\/nigroequipamentos.com.br\/conteudo\/empilhadeira-paletrans-o-melhor-custo-beneficio-do-mercado-2\/#breadcrumb\",\"itemListElement\":[{\"@type\":\"ListItem\",\"position\":1,\"name\":\"In\u00edcio\",\"item\":\"https:\/\/nigroequipamentos.com.br\/conteudo\/\"},{\"@type\":\"ListItem\",\"position\":2,\"name\":\"Empilhadeira Paletrans: O Melhor Custo-Benef\u00edcio do Mercado\"}]},{\"@type\":\"WebSite\",\"@id\":\"https:\/\/nigroequipamentos.com.br\/conteudo\/#website\",\"url\":\"https:\/\/nigroequipamentos.com.br\/conteudo\/\",\"name\":\"Nigro Equipamentos\",\"description\":\"Loca\u00e7\u00e3o e Vendas\",\"publisher\":{\"@id\":\"https:\/\/nigroequipamentos.com.br\/conteudo\/#organization\"},\"potentialAction\":[{\"@type\":\"SearchAction\",\"target\":{\"@type\":\"EntryPoint\",\"urlTemplate\":\"https:\/\/nigroequipamentos.com.br\/conteudo\/?s={search_term_string}\"},\"query-input\":{\"@type\":\"PropertyValueSpecification\",\"valueRequired\":true,\"valueName\":\"search_term_string\"}}],\"inLanguage\":\"pt-BR\"},{\"@type\":\"Organization\",\"@id\":\"https:\/\/nigroequipamentos.com.br\/conteudo\/#organization\",\"name\":\"Nigro Equipamentos\",\"url\":\"https:\/\/nigroequipamentos.com.br\/conteudo\/\",\"logo\":{\"@type\":\"ImageObject\",\"inLanguage\":\"pt-BR\",\"@id\":\"https:\/\/nigroequipamentos.com.br\/conteudo\/#\/schema\/logo\/image\/\",\"url\":\"https:\/\/nigroequipamentos.com.br\/conteudo\/wp-content\/uploads\/2024\/10\/nigroequipamentos_logo.webp\",\"contentUrl\":\"https:\/\/nigroequipamentos.com.br\/conteudo\/wp-content\/uploads\/2024\/10\/nigroequipamentos_logo.webp\",\"width\":785,\"height\":355,\"caption\":\"Nigro Equipamentos\"},\"image\":{\"@id\":\"https:\/\/nigroequipamentos.com.br\/conteudo\/#\/schema\/logo\/image\/\"},\"sameAs\":[\"https:\/\/www.facebook.com\/nigroequipamentos\",\"https:\/\/www.instagram.com\/nigroequipamentos\/\"]}]}<\/script>\n<!-- \/ Yoast SEO Premium plugin. -->","yoast_head_json":{"title":"Empilhadeiras Paletrans: Custo-Benef\u00edcio e Qualidade com a Nigro Equipamentos","description":"Descubra porque a Empilhadeira Paletrans \u00e9 a escolha ideal para o seu neg\u00f3cio. Custo-benef\u00edcio imbat\u00edvel com a Nigro Equipamentos.","robots":{"index":"index","follow":"follow","max-snippet":"max-snippet:-1","max-image-preview":"max-image-preview:large","max-video-preview":"max-video-preview:-1"},"canonical":"https:\/\/nigroequipamentos.com.br\/conteudo\/empilhadeira-paletrans-o-melhor-custo-beneficio-do-mercado-2\/","og_locale":"pt_BR","og_type":"article","og_title":"Empilhadeira Paletrans: O Melhor Custo-Benef\u00edcio do Mercado","og_description":"Descubra porque a Empilhadeira Paletrans \u00e9 a escolha ideal para o seu neg\u00f3cio. Custo-benef\u00edcio imbat\u00edvel com a Nigro Equipamentos.","og_url":"https:\/\/nigroequipamentos.com.br\/conteudo\/empilhadeira-paletrans-o-melhor-custo-beneficio-do-mercado-2\/","og_site_name":"Nigro Equipamentos","article_publisher":"https:\/\/www.facebook.com\/nigroequipamentos","twitter_card":"summary_large_image","schema":{"@context":"https:\/\/schema.org","@graph":[{"@type":"WebPage","@id":"https:\/\/nigroequipamentos.com.br\/conteudo\/empilhadeira-paletrans-o-melhor-custo-beneficio-do-mercado-2\/","url":"https:\/\/nigroequipamentos.com.br\/conteudo\/empilhadeira-paletrans-o-melhor-custo-beneficio-do-mercado-2\/","name":"Empilhadeiras Paletrans: Custo-Benef\u00edcio e Qualidade com a Nigro Equipamentos","isPartOf":{"@id":"https:\/\/nigroequipamentos.com.br\/conteudo\/#website"},"datePublished":"2025-01-02T14:25:26+00:00","dateModified":"2025-01-02T14:25:26+00:00","description":"Descubra porque a Empilhadeira Paletrans \u00e9 a escolha ideal para o seu neg\u00f3cio. Custo-benef\u00edcio imbat\u00edvel com a Nigro Equipamentos.","breadcrumb":{"@id":"https:\/\/nigroequipamentos.com.br\/conteudo\/empilhadeira-paletrans-o-melhor-custo-beneficio-do-mercado-2\/#breadcrumb"},"inLanguage":"pt-BR","potentialAction":[{"@type":"ReadAction","target":["https:\/\/nigroequipamentos.com.br\/conteudo\/empilhadeira-paletrans-o-melhor-custo-beneficio-do-mercado-2\/"]}]},{"@type":"BreadcrumbList","@id":"https:\/\/nigroequipamentos.com.br\/conteudo\/empilhadeira-paletrans-o-melhor-custo-beneficio-do-mercado-2\/#breadcrumb","itemListElement":[{"@type":"ListItem","position":1,"name":"In\u00edcio","item":"https:\/\/nigroequipamentos.com.br\/conteudo\/"},{"@type":"ListItem","position":2,"name":"Empilhadeira Paletrans: O Melhor Custo-Benef\u00edcio do Mercado"}]},{"@type":"WebSite","@id":"https:\/\/nigroequipamentos.com.br\/conteudo\/#website","url":"https:\/\/nigroequipamentos.com.br\/conteudo\/","name":"Nigro Equipamentos","description":"Loca\u00e7\u00e3o e Vendas","publisher":{"@id":"https:\/\/nigroequipamentos.com.br\/conteudo\/#organization"},"potentialAction":[{"@type":"SearchAction","target":{"@type":"EntryPoint","urlTemplate":"https:\/\/nigroequipamentos.com.br\/conteudo\/?s={search_term_string}"},"query-input":{"@type":"PropertyValueSpecification","valueRequired":true,"valueName":"search_term_string"}}],"inLanguage":"pt-BR"},{"@type":"Organization","@id":"https:\/\/nigroequipamentos.com.br\/conteudo\/#organization","name":"Nigro Equipamentos","url":"https:\/\/nigroequipamentos.com.br\/conteudo\/","logo":{"@type":"ImageObject","inLanguage":"pt-BR","@id":"https:\/\/nigroequipamentos.com.br\/conteudo\/#\/schema\/logo\/image\/","url":"https:\/\/nigroequipamentos.com.br\/conteudo\/wp-content\/uploads\/2024\/10\/nigroequipamentos_logo.webp","contentUrl":"https:\/\/nigroequipamentos.com.br\/conteudo\/wp-content\/uploads\/2024\/10\/nigroequipamentos_logo.webp","width":785,"height":355,"caption":"Nigro Equipamentos"},"image":{"@id":"https:\/\/nigroequipamentos.com.br\/conteudo\/#\/schema\/logo\/image\/"},"sameAs":["https:\/\/www.facebook.com\/nigroequipamentos","https:\/\/www.instagram.com\/nigroequipamentos\/"]}]}},"_links":{"self":[{"href":"https:\/\/nigroequipamentos.com.br\/conteudo\/wp-json\/wp\/v2\/pages\/11923","targetHints":{"allow":["GET"]}}],"collection":[{"href":"https:\/\/nigroequipamentos.com.br\/conteudo\/wp-json\/wp\/v2\/pages"}],"about":[{"href":"https:\/\/nigroequipamentos.com.br\/conteudo\/wp-json\/wp\/v2\/types\/page"}],"author":[{"embeddable":true,"href":"https:\/\/nigroequipamentos.com.br\/conteudo\/wp-json\/wp\/v2\/users\/3"}],"replies":[{"embeddable":true,"href":"https:\/\/nigroequipamentos.com.br\/conteudo\/wp-json\/wp\/v2\/comments?post=11923"}],"version-history":[{"count":0,"href":"https:\/\/nigroequipamentos.com.br\/conteudo\/wp-json\/wp\/v2\/pages\/11923\/revisions"}],"wp:attachment":[{"href":"https:\/\/nigroequipamentos.com.br\/conteudo\/wp-json\/wp\/v2\/media?parent=11923"}],"curies":[{"name":"wp","href":"https:\/\/api.w.org\/{rel}","templated":true}]}}