{"id":105852,"date":"2026-04-27T00:01:06","date_gmt":"2026-04-27T03:01:06","guid":{"rendered":"https:\/\/nigroequipamentos.com.br\/conteudo\/empilhadeira-paletrans-pecas-e-manutencao-de-qualidade-na-nigro-equipamentos\/"},"modified":"2026-04-27T00:01:06","modified_gmt":"2026-04-27T03:01:06","slug":"empilhadeira-paletrans-pecas-e-manutencao-de-qualidade-na-nigro-equipamentos","status":"publish","type":"page","link":"https:\/\/nigroequipamentos.com.br\/conteudo\/empilhadeira-paletrans-pecas-e-manutencao-de-qualidade-na-nigro-equipamentos\/","title":{"rendered":"Empilhadeira Paletrans: Pe\u00e7as e Manuten\u00e7\u00e3o de Qualidade na Nigro Equipamentos"},"content":{"rendered":"<p>Na Nigro Equipamentos, entendemos que a qualidade das pe\u00e7as para a empilhadeira Paletrans \u00e9 fundamental para a efici\u00eancia nas opera\u00e7\u00f5es log\u00edsticas. Oferecemos um portf\u00f3lio completo de pe\u00e7as que garantem o perfeito funcionamento das suas empilhadeiras Paletrans. Seja para compra, manuten\u00e7\u00e3o ou loca\u00e7\u00e3o, nosso compromisso \u00e9 com a excel\u00eancia e a satisfa\u00e7\u00e3o do cliente. Nossas pe\u00e7as s\u00e3o selecionadas criteriosamente, proporcionando n\u00e3o apenas durabilidade, mas tamb\u00e9m alta performance para o seu equipamento. Ao escolher a Nigro, voc\u00ea est\u00e1 optando por um fornecedor confi\u00e1vel e reconhecido no mercado. Nossos especialistas est\u00e3o prontos para oferecer todo o suporte necess\u00e1rio, assegurando que sua empilhadeira Paletrans esteja sempre em \u00f3timo estado de opera\u00e7\u00e3o. Conhe\u00e7a mais sobre o que podemos oferecer para o seu neg\u00f3cio e descubra por que a Nigro Equipamentos \u00e9 a sua melhor escolha!<\/p>\n","protected":false},"excerpt":{"rendered":"<p>Na Nigro Equipamentos, entendemos que a qualidade das pe\u00e7as para a empilhadeira Paletrans \u00e9 fundamental para a efici\u00eancia nas opera\u00e7\u00f5es log\u00edsticas. Oferecemos um portf\u00f3lio completo de pe\u00e7as que garantem o perfeito funcionamento das suas empilhadeiras Paletrans. Seja para compra, manuten\u00e7\u00e3o ou loca\u00e7\u00e3o, nosso compromisso \u00e9 com a excel\u00eancia e a satisfa\u00e7\u00e3o do cliente. Nossas pe\u00e7as&hellip;&nbsp;<a href=\"https:\/\/nigroequipamentos.com.br\/conteudo\/empilhadeira-paletrans-pecas-e-manutencao-de-qualidade-na-nigro-equipamentos\/\" class=\"\" rel=\"bookmark\">Continue a ler &raquo;<span class=\"screen-reader-text\">Empilhadeira Paletrans: Pe\u00e7as e Manuten\u00e7\u00e3o de Qualidade na Nigro Equipamentos<\/span><\/a><\/p>\n","protected":false},"author":3,"featured_media":0,"parent":0,"menu_order":0,"comment_status":"closed","ping_status":"closed","template":"","meta":{"_acf_changed":false,"_yoast_wpseo_focuskw":"Empilhadeira Paletrans pe\u00e7as","_yoast_wpseo_title":"Compre, mantenha e alugue pe\u00e7as para Empilhadeira Paletrans na Nigro Equipamentos","_yoast_wpseo_metadesc":"Encontre na Nigro Equipamentos as melhores pe\u00e7as para sua empilhadeira Paletrans e saiba mais sobre manuten\u00e7\u00e3o e suporte especializado.","neve_meta_sidebar":"","neve_meta_container":"","neve_meta_enable_content_width":"","neve_meta_content_width":0,"neve_meta_title_alignment":"","neve_meta_author_avatar":"","neve_post_elements_order":"","neve_meta_disable_header":"","neve_meta_disable_footer":"","neve_meta_disable_title":"","footnotes":""},"class_list":["post-105852","page","type-page","status-publish","hentry"],"acf":{"bloco1title":"Pe\u00e7as Originais","bloco1text":"Oferecemos apenas pe\u00e7as originais da empilhadeira Paletrans, garantindo a manuten\u00e7\u00e3o da qualidade e efici\u00eancia do equipamento.","bloco2title":"Suporte Especializado","bloco2text":"Nosso time de especialistas est\u00e1 sempre \u00e0 disposi\u00e7\u00e3o para ajudar na escolha e manuten\u00e7\u00e3o das pe\u00e7as para a empilhadeira Paletrans.","bloco3title":"Efici\u00eancia Garantida","bloco3text":"Utilizar pe\u00e7as adequadas para sua empilhadeira Paletrans \u00e9 essencial para aumentar a durabilidade e performance do equipamento, evitando paradas indesejadas.","posttitle":"Empilhadeira Paletrans: Pe\u00e7as, Manuten\u00e7\u00e3o e a Import\u00e2ncia de Qualidade","postcontent":"<strong>A escolha das pe\u00e7as certas para sua empilhadeira Paletrans<\/strong> \u00e9 um dos principais fatores que determinam a efici\u00eancia e a longevidade do equipamento. Na Nigro Equipamentos, temos o compromisso de fornecer apenas as melhores op\u00e7\u00f5es de pe\u00e7as para empilhadeiras Paletrans. Nossas pe\u00e7as s\u00e3o selecionadas com um rigoroso crit\u00e9rio de qualidade, para que voc\u00ea nunca tenha que se preocupar com a performance do seu maquin\u00e1rio. Ao optar pela Nigro, voc\u00ea n\u00e3o est\u00e1 s\u00f3 comprando pe\u00e7as, mas sim investindo em manuten\u00e7\u00e3o de primeira linha que possui profunda expertise em empilhadeiras. Isso se traduz em menos falhas, trabalhos mais r\u00e1pidos e, consequentemente, aumento na produtividade de sua opera\u00e7\u00e3o. Al\u00e9m disso, nossa equipe \u00e9 treinada para oferecer um suporte t\u00e9cnico de alto n\u00edvel, garantindo que toda a manuten\u00e7\u00e3o realizada nas empilhadeiras Paletrans atinja os padr\u00f5es mais elevados. <strong>N\u00e3o deixe a qualidade de seus equipamentos nas m\u00e3os da incerteza<\/strong>; conte com a Nigro Equipamentos para ter a cada dia o melhor suporte em pe\u00e7as e manuten\u00e7\u00e3o de suas empilhadeiras Paletrans! Com nosso suporte, voc\u00ea garante o diferencial competitivo que sua empresa precisa!","insightwidtitle":"Curiosidades sobre Pe\u00e7as","insightwidcontent":"Voc\u00ea sabia que utilizar pe\u00e7as genu\u00ednas para sua empilhadeira Paletrans pode prolongar a vida \u00fatil do equipamento em at\u00e9 30%? Isso se deve ao fato de que as pe\u00e7as originais s\u00e3o projetadas especificamente para atender \u00e0s exig\u00eancias do equipamento, garantindo um desempenho otimizado. Al\u00e9m disso, muitos operadores n\u00e3o est\u00e3o cientes de que a manuten\u00e7\u00e3o preventiva com pe\u00e7as adequadas evita custos maiores com reparos no futuro, tornando a escolha de pe\u00e7as de qualidade uma decis\u00e3o estrat\u00e9gica e econ\u00f4mica."},"yoast_head":"<!-- This site is optimized with the Yoast SEO Premium plugin v18.3 (Yoast SEO v23.4) - https:\/\/yoast.com\/wordpress\/plugins\/seo\/ -->\n<title>Compre, mantenha e alugue pe\u00e7as para Empilhadeira Paletrans na Nigro Equipamentos<\/title>\n<meta name=\"description\" content=\"Encontre na Nigro Equipamentos as melhores pe\u00e7as para sua empilhadeira Paletrans e saiba mais sobre manuten\u00e7\u00e3o e suporte especializado.\" \/>\n<meta name=\"robots\" content=\"index, follow, max-snippet:-1, max-image-preview:large, max-video-preview:-1\" \/>\n<link rel=\"canonical\" href=\"https:\/\/nigroequipamentos.com.br\/conteudo\/empilhadeira-paletrans-pecas-e-manutencao-de-qualidade-na-nigro-equipamentos\/\" \/>\n<meta property=\"og:locale\" content=\"pt_BR\" \/>\n<meta property=\"og:type\" content=\"article\" \/>\n<meta property=\"og:title\" content=\"Empilhadeira Paletrans: Pe\u00e7as e Manuten\u00e7\u00e3o de Qualidade na Nigro Equipamentos\" \/>\n<meta property=\"og:description\" content=\"Encontre na Nigro Equipamentos as melhores pe\u00e7as para sua empilhadeira Paletrans e saiba mais sobre manuten\u00e7\u00e3o e suporte especializado.\" \/>\n<meta property=\"og:url\" content=\"https:\/\/nigroequipamentos.com.br\/conteudo\/empilhadeira-paletrans-pecas-e-manutencao-de-qualidade-na-nigro-equipamentos\/\" \/>\n<meta property=\"og:site_name\" content=\"Nigro Equipamentos\" \/>\n<meta property=\"article:publisher\" content=\"https:\/\/www.facebook.com\/nigroequipamentos\" \/>\n<meta name=\"twitter:card\" content=\"summary_large_image\" \/>\n<meta name=\"twitter:label1\" content=\"Est. tempo de leitura\" \/>\n\t<meta name=\"twitter:data1\" content=\"1 minuto\" \/>\n<script type=\"application\/ld+json\" class=\"yoast-schema-graph\">{\"@context\":\"https:\/\/schema.org\",\"@graph\":[{\"@type\":\"WebPage\",\"@id\":\"https:\/\/nigroequipamentos.com.br\/conteudo\/empilhadeira-paletrans-pecas-e-manutencao-de-qualidade-na-nigro-equipamentos\/\",\"url\":\"https:\/\/nigroequipamentos.com.br\/conteudo\/empilhadeira-paletrans-pecas-e-manutencao-de-qualidade-na-nigro-equipamentos\/\",\"name\":\"Compre, mantenha e alugue pe\u00e7as para Empilhadeira Paletrans na Nigro Equipamentos\",\"isPartOf\":{\"@id\":\"https:\/\/nigroequipamentos.com.br\/conteudo\/#website\"},\"datePublished\":\"2026-04-27T03:01:06+00:00\",\"dateModified\":\"2026-04-27T03:01:06+00:00\",\"description\":\"Encontre na Nigro Equipamentos as melhores pe\u00e7as para sua empilhadeira Paletrans e saiba mais sobre manuten\u00e7\u00e3o e suporte especializado.\",\"breadcrumb\":{\"@id\":\"https:\/\/nigroequipamentos.com.br\/conteudo\/empilhadeira-paletrans-pecas-e-manutencao-de-qualidade-na-nigro-equipamentos\/#breadcrumb\"},\"inLanguage\":\"pt-BR\",\"potentialAction\":[{\"@type\":\"ReadAction\",\"target\":[\"https:\/\/nigroequipamentos.com.br\/conteudo\/empilhadeira-paletrans-pecas-e-manutencao-de-qualidade-na-nigro-equipamentos\/\"]}]},{\"@type\":\"BreadcrumbList\",\"@id\":\"https:\/\/nigroequipamentos.com.br\/conteudo\/empilhadeira-paletrans-pecas-e-manutencao-de-qualidade-na-nigro-equipamentos\/#breadcrumb\",\"itemListElement\":[{\"@type\":\"ListItem\",\"position\":1,\"name\":\"In\u00edcio\",\"item\":\"https:\/\/nigroequipamentos.com.br\/conteudo\/\"},{\"@type\":\"ListItem\",\"position\":2,\"name\":\"Empilhadeira Paletrans: Pe\u00e7as e Manuten\u00e7\u00e3o de Qualidade na Nigro Equipamentos\"}]},{\"@type\":\"WebSite\",\"@id\":\"https:\/\/nigroequipamentos.com.br\/conteudo\/#website\",\"url\":\"https:\/\/nigroequipamentos.com.br\/conteudo\/\",\"name\":\"Nigro Equipamentos\",\"description\":\"Loca\u00e7\u00e3o e Vendas\",\"publisher\":{\"@id\":\"https:\/\/nigroequipamentos.com.br\/conteudo\/#organization\"},\"potentialAction\":[{\"@type\":\"SearchAction\",\"target\":{\"@type\":\"EntryPoint\",\"urlTemplate\":\"https:\/\/nigroequipamentos.com.br\/conteudo\/?s={search_term_string}\"},\"query-input\":{\"@type\":\"PropertyValueSpecification\",\"valueRequired\":true,\"valueName\":\"search_term_string\"}}],\"inLanguage\":\"pt-BR\"},{\"@type\":\"Organization\",\"@id\":\"https:\/\/nigroequipamentos.com.br\/conteudo\/#organization\",\"name\":\"Nigro Equipamentos\",\"url\":\"https:\/\/nigroequipamentos.com.br\/conteudo\/\",\"logo\":{\"@type\":\"ImageObject\",\"inLanguage\":\"pt-BR\",\"@id\":\"https:\/\/nigroequipamentos.com.br\/conteudo\/#\/schema\/logo\/image\/\",\"url\":\"https:\/\/nigroequipamentos.com.br\/conteudo\/wp-content\/uploads\/2024\/10\/nigroequipamentos_logo.webp\",\"contentUrl\":\"https:\/\/nigroequipamentos.com.br\/conteudo\/wp-content\/uploads\/2024\/10\/nigroequipamentos_logo.webp\",\"width\":785,\"height\":355,\"caption\":\"Nigro Equipamentos\"},\"image\":{\"@id\":\"https:\/\/nigroequipamentos.com.br\/conteudo\/#\/schema\/logo\/image\/\"},\"sameAs\":[\"https:\/\/www.facebook.com\/nigroequipamentos\",\"https:\/\/www.instagram.com\/nigroequipamentos\/\"]}]}<\/script>\n<!-- \/ Yoast SEO Premium plugin. -->","yoast_head_json":{"title":"Compre, mantenha e alugue pe\u00e7as para Empilhadeira Paletrans na Nigro Equipamentos","description":"Encontre na Nigro Equipamentos as melhores pe\u00e7as para sua empilhadeira Paletrans e saiba mais sobre manuten\u00e7\u00e3o e suporte especializado.","robots":{"index":"index","follow":"follow","max-snippet":"max-snippet:-1","max-image-preview":"max-image-preview:large","max-video-preview":"max-video-preview:-1"},"canonical":"https:\/\/nigroequipamentos.com.br\/conteudo\/empilhadeira-paletrans-pecas-e-manutencao-de-qualidade-na-nigro-equipamentos\/","og_locale":"pt_BR","og_type":"article","og_title":"Empilhadeira Paletrans: Pe\u00e7as e Manuten\u00e7\u00e3o de Qualidade na Nigro Equipamentos","og_description":"Encontre na Nigro Equipamentos as melhores pe\u00e7as para sua empilhadeira Paletrans e saiba mais sobre manuten\u00e7\u00e3o e suporte especializado.","og_url":"https:\/\/nigroequipamentos.com.br\/conteudo\/empilhadeira-paletrans-pecas-e-manutencao-de-qualidade-na-nigro-equipamentos\/","og_site_name":"Nigro Equipamentos","article_publisher":"https:\/\/www.facebook.com\/nigroequipamentos","twitter_card":"summary_large_image","twitter_misc":{"Est. tempo de leitura":"1 minuto"},"schema":{"@context":"https:\/\/schema.org","@graph":[{"@type":"WebPage","@id":"https:\/\/nigroequipamentos.com.br\/conteudo\/empilhadeira-paletrans-pecas-e-manutencao-de-qualidade-na-nigro-equipamentos\/","url":"https:\/\/nigroequipamentos.com.br\/conteudo\/empilhadeira-paletrans-pecas-e-manutencao-de-qualidade-na-nigro-equipamentos\/","name":"Compre, mantenha e alugue pe\u00e7as para Empilhadeira Paletrans na Nigro Equipamentos","isPartOf":{"@id":"https:\/\/nigroequipamentos.com.br\/conteudo\/#website"},"datePublished":"2026-04-27T03:01:06+00:00","dateModified":"2026-04-27T03:01:06+00:00","description":"Encontre na Nigro Equipamentos as melhores pe\u00e7as para sua empilhadeira Paletrans e saiba mais sobre manuten\u00e7\u00e3o e suporte especializado.","breadcrumb":{"@id":"https:\/\/nigroequipamentos.com.br\/conteudo\/empilhadeira-paletrans-pecas-e-manutencao-de-qualidade-na-nigro-equipamentos\/#breadcrumb"},"inLanguage":"pt-BR","potentialAction":[{"@type":"ReadAction","target":["https:\/\/nigroequipamentos.com.br\/conteudo\/empilhadeira-paletrans-pecas-e-manutencao-de-qualidade-na-nigro-equipamentos\/"]}]},{"@type":"BreadcrumbList","@id":"https:\/\/nigroequipamentos.com.br\/conteudo\/empilhadeira-paletrans-pecas-e-manutencao-de-qualidade-na-nigro-equipamentos\/#breadcrumb","itemListElement":[{"@type":"ListItem","position":1,"name":"In\u00edcio","item":"https:\/\/nigroequipamentos.com.br\/conteudo\/"},{"@type":"ListItem","position":2,"name":"Empilhadeira Paletrans: Pe\u00e7as e Manuten\u00e7\u00e3o de Qualidade na Nigro Equipamentos"}]},{"@type":"WebSite","@id":"https:\/\/nigroequipamentos.com.br\/conteudo\/#website","url":"https:\/\/nigroequipamentos.com.br\/conteudo\/","name":"Nigro Equipamentos","description":"Loca\u00e7\u00e3o e Vendas","publisher":{"@id":"https:\/\/nigroequipamentos.com.br\/conteudo\/#organization"},"potentialAction":[{"@type":"SearchAction","target":{"@type":"EntryPoint","urlTemplate":"https:\/\/nigroequipamentos.com.br\/conteudo\/?s={search_term_string}"},"query-input":{"@type":"PropertyValueSpecification","valueRequired":true,"valueName":"search_term_string"}}],"inLanguage":"pt-BR"},{"@type":"Organization","@id":"https:\/\/nigroequipamentos.com.br\/conteudo\/#organization","name":"Nigro Equipamentos","url":"https:\/\/nigroequipamentos.com.br\/conteudo\/","logo":{"@type":"ImageObject","inLanguage":"pt-BR","@id":"https:\/\/nigroequipamentos.com.br\/conteudo\/#\/schema\/logo\/image\/","url":"https:\/\/nigroequipamentos.com.br\/conteudo\/wp-content\/uploads\/2024\/10\/nigroequipamentos_logo.webp","contentUrl":"https:\/\/nigroequipamentos.com.br\/conteudo\/wp-content\/uploads\/2024\/10\/nigroequipamentos_logo.webp","width":785,"height":355,"caption":"Nigro Equipamentos"},"image":{"@id":"https:\/\/nigroequipamentos.com.br\/conteudo\/#\/schema\/logo\/image\/"},"sameAs":["https:\/\/www.facebook.com\/nigroequipamentos","https:\/\/www.instagram.com\/nigroequipamentos\/"]}]}},"_links":{"self":[{"href":"https:\/\/nigroequipamentos.com.br\/conteudo\/wp-json\/wp\/v2\/pages\/105852","targetHints":{"allow":["GET"]}}],"collection":[{"href":"https:\/\/nigroequipamentos.com.br\/conteudo\/wp-json\/wp\/v2\/pages"}],"about":[{"href":"https:\/\/nigroequipamentos.com.br\/conteudo\/wp-json\/wp\/v2\/types\/page"}],"author":[{"embeddable":true,"href":"https:\/\/nigroequipamentos.com.br\/conteudo\/wp-json\/wp\/v2\/users\/3"}],"replies":[{"embeddable":true,"href":"https:\/\/nigroequipamentos.com.br\/conteudo\/wp-json\/wp\/v2\/comments?post=105852"}],"version-history":[{"count":0,"href":"https:\/\/nigroequipamentos.com.br\/conteudo\/wp-json\/wp\/v2\/pages\/105852\/revisions"}],"wp:attachment":[{"href":"https:\/\/nigroequipamentos.com.br\/conteudo\/wp-json\/wp\/v2\/media?parent=105852"}],"curies":[{"name":"wp","href":"https:\/\/api.w.org\/{rel}","templated":true}]}}