{"id":105427,"date":"2026-04-24T23:46:00","date_gmt":"2026-04-25T02:46:00","guid":{"rendered":"https:\/\/nigroequipamentos.com.br\/conteudo\/empilhadeira-paletrans-a-melhor-entrega-do-mercado\/"},"modified":"2026-04-24T23:46:00","modified_gmt":"2026-04-25T02:46:00","slug":"empilhadeira-paletrans-a-melhor-entrega-do-mercado","status":"publish","type":"page","link":"https:\/\/nigroequipamentos.com.br\/conteudo\/empilhadeira-paletrans-a-melhor-entrega-do-mercado\/","title":{"rendered":"Empilhadeira Paletrans: A Melhor Entrega do Mercado"},"content":{"rendered":"<p>Se voc\u00ea busca qualidade e efici\u00eancia no servi\u00e7o de entrega de empilhadeiras Paletrans, a Nigro Equipamentos \u00e9 a sua melhor escolha. Com anos de experi\u00eancia no setor, garantimos um atendimento excepcional e entrega r\u00e1pida, assegurando que sua empilhadeira Paletrans chegue ao destino em perfeito estado. Nossa equipe \u00e9 altamente especializada e capacitada para atender suas necessidades espec\u00edficas, tornando a Nigro Equipamentos a autoridade quando se fala em empilhadeira Paletrans. Compre, fa\u00e7a manuten\u00e7\u00e3o ou alugue seu equipamento conosco e experimente o diferencial que s\u00f3 a Nigro pode oferecer.<\/p>\n","protected":false},"excerpt":{"rendered":"<p>Se voc\u00ea busca qualidade e efici\u00eancia no servi\u00e7o de entrega de empilhadeiras Paletrans, a Nigro Equipamentos \u00e9 a sua melhor escolha. Com anos de experi\u00eancia no setor, garantimos um atendimento excepcional e entrega r\u00e1pida, assegurando que sua empilhadeira Paletrans chegue ao destino em perfeito estado. Nossa equipe \u00e9 altamente especializada e capacitada para atender suas&hellip;&nbsp;<a href=\"https:\/\/nigroequipamentos.com.br\/conteudo\/empilhadeira-paletrans-a-melhor-entrega-do-mercado\/\" class=\"\" rel=\"bookmark\">Continue a ler &raquo;<span class=\"screen-reader-text\">Empilhadeira Paletrans: A Melhor Entrega do Mercado<\/span><\/a><\/p>\n","protected":false},"author":3,"featured_media":0,"parent":0,"menu_order":0,"comment_status":"closed","ping_status":"closed","template":"","meta":{"_acf_changed":false,"_yoast_wpseo_focuskw":"Empilhadeira Paletrans entrega","_yoast_wpseo_title":"Empilhadeira Paletrans: Entregas R\u00e1pidas e Confi\u00e1veis com a Nigro","_yoast_wpseo_metadesc":"Descubra como a Nigro Equipamentos garante a melhor entrega de empilhadeiras Paletrans, com qualidade e efici\u00eancia.","neve_meta_sidebar":"","neve_meta_container":"","neve_meta_enable_content_width":"","neve_meta_content_width":0,"neve_meta_title_alignment":"","neve_meta_author_avatar":"","neve_post_elements_order":"","neve_meta_disable_header":"","neve_meta_disable_footer":"","neve_meta_disable_title":"","footnotes":""},"class_list":["post-105427","page","type-page","status-publish","hentry"],"acf":{"bloco1title":"Entrega R\u00e1pida","bloco1text":"Com a Nigro, voc\u00ea conta com a entrega \u00e1gil da empilhadeira Paletrans, garantindo que sua opera\u00e7\u00e3o n\u00e3o pare.","bloco2title":"Suporte Especializado","bloco2text":"Nossa equipe \u00e9 treinada para oferecer o suporte necess\u00e1rio, tanto na entrega quanto na manuten\u00e7\u00e3o da empilhadeira Paletrans.","bloco3title":"Qualidade Garantida","bloco3text":"Investir em uma empilhadeira Paletrans \u00e9 garantir que sua log\u00edstica ser\u00e1 otimizada. A qualidade dos nossos produtos \u00e9 incompar\u00e1vel.","posttitle":"Entenda porque a Nigro \u00e9 refer\u00eancia em empilhadeiras Paletrans","postcontent":"A entrega de uma empilhadeira Paletrans \u00e9 um processo que deve ser feito com total aten\u00e7\u00e3o e cuidado. Na Nigro Equipamentos, sabemos da import\u00e2ncia de cada detalhe em uma entrega. Oferecemos uma gama completa de empilhadeiras Paletrans com a op\u00e7\u00e3o da melhor entrega do mercado. Nossa equipe, com vasta experi\u00eancia, est\u00e1 preparada para fornecer o que h\u00e1 de melhor em atendimento. Al\u00e9m da entrega, pensamos tamb\u00e9m no p\u00f3s-venda e na manuten\u00e7\u00e3o, para que voc\u00ea tenha o suporte necess\u00e1rio para qualquer eventualidade. Nossa reputa\u00e7\u00e3o no mercado se deve \u00e0 expertise que desenvolvemos ao longo dos anos, o que nos posiciona como l\u00edderes quando falamos em empilhadeiras Paletrans. Aqui, priorizamos a qualidade e a confian\u00e7a na entrega, tornando seu investimento seguro. Experimente a entrega r\u00e1pida e confi\u00e1vel da empilhadeira Paletrans com a Nigro, e comprove porque somos a sua melhor op\u00e7\u00e3o para compra, manuten\u00e7\u00e3o e loca\u00e7\u00e3o.","insightwidtitle":"Curiosidades sobre Empilhadeiras","insightwidcontent":"Voc\u00ea sabia que as empilhadeiras Paletrans s\u00e3o conhecidas por sua durabilidade e efici\u00eancia energ\u00e9tica? Muitas empresas que utilizam a Paletrans relatam uma redu\u00e7\u00e3o significativa nos custos operacionais. Al\u00e9m disso, a Nigro Equipamentos oferece op\u00e7\u00f5es personalizadas que atendem a diferentes setores, do industrial ao log\u00edstico. Com a Nigro, voc\u00ea n\u00e3o apenas compra ou aluga uma empilhadeira Paletrans, mas investe em um verdadeiro parceiro para o sucesso do seu neg\u00f3cio."},"yoast_head":"<!-- This site is optimized with the Yoast SEO Premium plugin v18.3 (Yoast SEO v23.4) - https:\/\/yoast.com\/wordpress\/plugins\/seo\/ -->\n<title>Empilhadeira Paletrans: Entregas R\u00e1pidas e Confi\u00e1veis com a Nigro<\/title>\n<meta name=\"description\" content=\"Descubra como a Nigro Equipamentos garante a melhor entrega de empilhadeiras Paletrans, com qualidade e efici\u00eancia.\" \/>\n<meta name=\"robots\" content=\"index, follow, max-snippet:-1, max-image-preview:large, max-video-preview:-1\" \/>\n<link rel=\"canonical\" href=\"https:\/\/nigroequipamentos.com.br\/conteudo\/empilhadeira-paletrans-a-melhor-entrega-do-mercado\/\" \/>\n<meta property=\"og:locale\" content=\"pt_BR\" \/>\n<meta property=\"og:type\" content=\"article\" \/>\n<meta property=\"og:title\" content=\"Empilhadeira Paletrans: A Melhor Entrega do Mercado\" \/>\n<meta property=\"og:description\" content=\"Descubra como a Nigro Equipamentos garante a melhor entrega de empilhadeiras Paletrans, com qualidade e efici\u00eancia.\" \/>\n<meta property=\"og:url\" content=\"https:\/\/nigroequipamentos.com.br\/conteudo\/empilhadeira-paletrans-a-melhor-entrega-do-mercado\/\" \/>\n<meta property=\"og:site_name\" content=\"Nigro Equipamentos\" \/>\n<meta property=\"article:publisher\" content=\"https:\/\/www.facebook.com\/nigroequipamentos\" \/>\n<meta name=\"twitter:card\" content=\"summary_large_image\" \/>\n<script type=\"application\/ld+json\" class=\"yoast-schema-graph\">{\"@context\":\"https:\/\/schema.org\",\"@graph\":[{\"@type\":\"WebPage\",\"@id\":\"https:\/\/nigroequipamentos.com.br\/conteudo\/empilhadeira-paletrans-a-melhor-entrega-do-mercado\/\",\"url\":\"https:\/\/nigroequipamentos.com.br\/conteudo\/empilhadeira-paletrans-a-melhor-entrega-do-mercado\/\",\"name\":\"Empilhadeira Paletrans: Entregas R\u00e1pidas e Confi\u00e1veis com a Nigro\",\"isPartOf\":{\"@id\":\"https:\/\/nigroequipamentos.com.br\/conteudo\/#website\"},\"datePublished\":\"2026-04-25T02:46:00+00:00\",\"dateModified\":\"2026-04-25T02:46:00+00:00\",\"description\":\"Descubra como a Nigro Equipamentos garante a melhor entrega de empilhadeiras Paletrans, com qualidade e efici\u00eancia.\",\"breadcrumb\":{\"@id\":\"https:\/\/nigroequipamentos.com.br\/conteudo\/empilhadeira-paletrans-a-melhor-entrega-do-mercado\/#breadcrumb\"},\"inLanguage\":\"pt-BR\",\"potentialAction\":[{\"@type\":\"ReadAction\",\"target\":[\"https:\/\/nigroequipamentos.com.br\/conteudo\/empilhadeira-paletrans-a-melhor-entrega-do-mercado\/\"]}]},{\"@type\":\"BreadcrumbList\",\"@id\":\"https:\/\/nigroequipamentos.com.br\/conteudo\/empilhadeira-paletrans-a-melhor-entrega-do-mercado\/#breadcrumb\",\"itemListElement\":[{\"@type\":\"ListItem\",\"position\":1,\"name\":\"In\u00edcio\",\"item\":\"https:\/\/nigroequipamentos.com.br\/conteudo\/\"},{\"@type\":\"ListItem\",\"position\":2,\"name\":\"Empilhadeira Paletrans: A Melhor Entrega do Mercado\"}]},{\"@type\":\"WebSite\",\"@id\":\"https:\/\/nigroequipamentos.com.br\/conteudo\/#website\",\"url\":\"https:\/\/nigroequipamentos.com.br\/conteudo\/\",\"name\":\"Nigro Equipamentos\",\"description\":\"Loca\u00e7\u00e3o e Vendas\",\"publisher\":{\"@id\":\"https:\/\/nigroequipamentos.com.br\/conteudo\/#organization\"},\"potentialAction\":[{\"@type\":\"SearchAction\",\"target\":{\"@type\":\"EntryPoint\",\"urlTemplate\":\"https:\/\/nigroequipamentos.com.br\/conteudo\/?s={search_term_string}\"},\"query-input\":{\"@type\":\"PropertyValueSpecification\",\"valueRequired\":true,\"valueName\":\"search_term_string\"}}],\"inLanguage\":\"pt-BR\"},{\"@type\":\"Organization\",\"@id\":\"https:\/\/nigroequipamentos.com.br\/conteudo\/#organization\",\"name\":\"Nigro Equipamentos\",\"url\":\"https:\/\/nigroequipamentos.com.br\/conteudo\/\",\"logo\":{\"@type\":\"ImageObject\",\"inLanguage\":\"pt-BR\",\"@id\":\"https:\/\/nigroequipamentos.com.br\/conteudo\/#\/schema\/logo\/image\/\",\"url\":\"https:\/\/nigroequipamentos.com.br\/conteudo\/wp-content\/uploads\/2024\/10\/nigroequipamentos_logo.webp\",\"contentUrl\":\"https:\/\/nigroequipamentos.com.br\/conteudo\/wp-content\/uploads\/2024\/10\/nigroequipamentos_logo.webp\",\"width\":785,\"height\":355,\"caption\":\"Nigro Equipamentos\"},\"image\":{\"@id\":\"https:\/\/nigroequipamentos.com.br\/conteudo\/#\/schema\/logo\/image\/\"},\"sameAs\":[\"https:\/\/www.facebook.com\/nigroequipamentos\",\"https:\/\/www.instagram.com\/nigroequipamentos\/\"]}]}<\/script>\n<!-- \/ Yoast SEO Premium plugin. -->","yoast_head_json":{"title":"Empilhadeira Paletrans: Entregas R\u00e1pidas e Confi\u00e1veis com a Nigro","description":"Descubra como a Nigro Equipamentos garante a melhor entrega de empilhadeiras Paletrans, com qualidade e efici\u00eancia.","robots":{"index":"index","follow":"follow","max-snippet":"max-snippet:-1","max-image-preview":"max-image-preview:large","max-video-preview":"max-video-preview:-1"},"canonical":"https:\/\/nigroequipamentos.com.br\/conteudo\/empilhadeira-paletrans-a-melhor-entrega-do-mercado\/","og_locale":"pt_BR","og_type":"article","og_title":"Empilhadeira Paletrans: A Melhor Entrega do Mercado","og_description":"Descubra como a Nigro Equipamentos garante a melhor entrega de empilhadeiras Paletrans, com qualidade e efici\u00eancia.","og_url":"https:\/\/nigroequipamentos.com.br\/conteudo\/empilhadeira-paletrans-a-melhor-entrega-do-mercado\/","og_site_name":"Nigro Equipamentos","article_publisher":"https:\/\/www.facebook.com\/nigroequipamentos","twitter_card":"summary_large_image","schema":{"@context":"https:\/\/schema.org","@graph":[{"@type":"WebPage","@id":"https:\/\/nigroequipamentos.com.br\/conteudo\/empilhadeira-paletrans-a-melhor-entrega-do-mercado\/","url":"https:\/\/nigroequipamentos.com.br\/conteudo\/empilhadeira-paletrans-a-melhor-entrega-do-mercado\/","name":"Empilhadeira Paletrans: Entregas R\u00e1pidas e Confi\u00e1veis com a Nigro","isPartOf":{"@id":"https:\/\/nigroequipamentos.com.br\/conteudo\/#website"},"datePublished":"2026-04-25T02:46:00+00:00","dateModified":"2026-04-25T02:46:00+00:00","description":"Descubra como a Nigro Equipamentos garante a melhor entrega de empilhadeiras Paletrans, com qualidade e efici\u00eancia.","breadcrumb":{"@id":"https:\/\/nigroequipamentos.com.br\/conteudo\/empilhadeira-paletrans-a-melhor-entrega-do-mercado\/#breadcrumb"},"inLanguage":"pt-BR","potentialAction":[{"@type":"ReadAction","target":["https:\/\/nigroequipamentos.com.br\/conteudo\/empilhadeira-paletrans-a-melhor-entrega-do-mercado\/"]}]},{"@type":"BreadcrumbList","@id":"https:\/\/nigroequipamentos.com.br\/conteudo\/empilhadeira-paletrans-a-melhor-entrega-do-mercado\/#breadcrumb","itemListElement":[{"@type":"ListItem","position":1,"name":"In\u00edcio","item":"https:\/\/nigroequipamentos.com.br\/conteudo\/"},{"@type":"ListItem","position":2,"name":"Empilhadeira Paletrans: A Melhor Entrega do Mercado"}]},{"@type":"WebSite","@id":"https:\/\/nigroequipamentos.com.br\/conteudo\/#website","url":"https:\/\/nigroequipamentos.com.br\/conteudo\/","name":"Nigro Equipamentos","description":"Loca\u00e7\u00e3o e Vendas","publisher":{"@id":"https:\/\/nigroequipamentos.com.br\/conteudo\/#organization"},"potentialAction":[{"@type":"SearchAction","target":{"@type":"EntryPoint","urlTemplate":"https:\/\/nigroequipamentos.com.br\/conteudo\/?s={search_term_string}"},"query-input":{"@type":"PropertyValueSpecification","valueRequired":true,"valueName":"search_term_string"}}],"inLanguage":"pt-BR"},{"@type":"Organization","@id":"https:\/\/nigroequipamentos.com.br\/conteudo\/#organization","name":"Nigro Equipamentos","url":"https:\/\/nigroequipamentos.com.br\/conteudo\/","logo":{"@type":"ImageObject","inLanguage":"pt-BR","@id":"https:\/\/nigroequipamentos.com.br\/conteudo\/#\/schema\/logo\/image\/","url":"https:\/\/nigroequipamentos.com.br\/conteudo\/wp-content\/uploads\/2024\/10\/nigroequipamentos_logo.webp","contentUrl":"https:\/\/nigroequipamentos.com.br\/conteudo\/wp-content\/uploads\/2024\/10\/nigroequipamentos_logo.webp","width":785,"height":355,"caption":"Nigro Equipamentos"},"image":{"@id":"https:\/\/nigroequipamentos.com.br\/conteudo\/#\/schema\/logo\/image\/"},"sameAs":["https:\/\/www.facebook.com\/nigroequipamentos","https:\/\/www.instagram.com\/nigroequipamentos\/"]}]}},"_links":{"self":[{"href":"https:\/\/nigroequipamentos.com.br\/conteudo\/wp-json\/wp\/v2\/pages\/105427","targetHints":{"allow":["GET"]}}],"collection":[{"href":"https:\/\/nigroequipamentos.com.br\/conteudo\/wp-json\/wp\/v2\/pages"}],"about":[{"href":"https:\/\/nigroequipamentos.com.br\/conteudo\/wp-json\/wp\/v2\/types\/page"}],"author":[{"embeddable":true,"href":"https:\/\/nigroequipamentos.com.br\/conteudo\/wp-json\/wp\/v2\/users\/3"}],"replies":[{"embeddable":true,"href":"https:\/\/nigroequipamentos.com.br\/conteudo\/wp-json\/wp\/v2\/comments?post=105427"}],"version-history":[{"count":0,"href":"https:\/\/nigroequipamentos.com.br\/conteudo\/wp-json\/wp\/v2\/pages\/105427\/revisions"}],"wp:attachment":[{"href":"https:\/\/nigroequipamentos.com.br\/conteudo\/wp-json\/wp\/v2\/media?parent=105427"}],"curies":[{"name":"wp","href":"https:\/\/api.w.org\/{rel}","templated":true}]}}