{"id":104898,"date":"2026-04-22T13:01:04","date_gmt":"2026-04-22T16:01:04","guid":{"rendered":"https:\/\/nigroequipamentos.com.br\/conteudo\/empilhadeira-paletrans-o-custo-beneficio-que-voce-procura-5\/"},"modified":"2026-04-22T13:01:04","modified_gmt":"2026-04-22T16:01:04","slug":"empilhadeira-paletrans-o-custo-beneficio-que-voce-procura-5","status":"publish","type":"page","link":"https:\/\/nigroequipamentos.com.br\/conteudo\/empilhadeira-paletrans-o-custo-beneficio-que-voce-procura-5\/","title":{"rendered":"Empilhadeira Paletrans: O Custo-Benef\u00edcio Que Voc\u00ea Procura"},"content":{"rendered":"<p>Se voc\u00ea est\u00e1 buscando uma empilhadeira que alie custo e benef\u00edcio de forma eficiente, a Empilhadeira Paletrans \u00e9 a op\u00e7\u00e3o ideal. Com um design robusto e um desempenho excepcional, esse equipamento oferece a versatilidade necess\u00e1ria para diversas aplica\u00e7\u00f5es log\u00edsticas. O primeiro aspecto que se destaca na Empilhadeira Paletrans \u00e9 sua durabilidade. Projetada para suportar as condi\u00e7\u00f5es mais exigentes, ela se torna um investimento inteligente para empresas que n\u00e3o querem abrir m\u00e3o de qualidade. Al\u00e9m disso, a manuten\u00e7\u00e3o da Empilhadeira Paletrans \u00e9 simples e econ\u00f4mica, reduzindo os custos totais de opera\u00e7\u00e3o. Adquirir uma Empilhadeira Paletrans significa investir na efici\u00eancia do seu neg\u00f3cio e na seguran\u00e7a de suas opera\u00e7\u00f5es. Com sua tecnologia avan\u00e7ada, voc\u00ea n\u00e3o s\u00f3 otimiza processos, mas tamb\u00e9m garante que a equipe trabalhe em um ambiente seguro. A Nigro Equipamentos se destaca como a melhor escolha para compra, manuten\u00e7\u00e3o e loca\u00e7\u00e3o de Empilhadeiras Paletrans, assegurando que voc\u00ea tenha sempre o melhor suporte e qualidade nos equipamentos.<\/p>\n","protected":false},"excerpt":{"rendered":"<p>Se voc\u00ea est\u00e1 buscando uma empilhadeira que alie custo e benef\u00edcio de forma eficiente, a Empilhadeira Paletrans \u00e9 a op\u00e7\u00e3o ideal. Com um design robusto e um desempenho excepcional, esse equipamento oferece a versatilidade necess\u00e1ria para diversas aplica\u00e7\u00f5es log\u00edsticas. O primeiro aspecto que se destaca na Empilhadeira Paletrans \u00e9 sua durabilidade. Projetada para suportar as&hellip;&nbsp;<a href=\"https:\/\/nigroequipamentos.com.br\/conteudo\/empilhadeira-paletrans-o-custo-beneficio-que-voce-procura-5\/\" class=\"\" rel=\"bookmark\">Continue a ler &raquo;<span class=\"screen-reader-text\">Empilhadeira Paletrans: O Custo-Benef\u00edcio Que Voc\u00ea Procura<\/span><\/a><\/p>\n","protected":false},"author":3,"featured_media":0,"parent":0,"menu_order":0,"comment_status":"closed","ping_status":"closed","template":"","meta":{"_acf_changed":false,"_yoast_wpseo_focuskw":"Empilhadeira Paletrans custo-benef\u00edcio","_yoast_wpseo_title":"Empilhadeira Paletrans: Custo-Benef\u00edcio Imbat\u00edvel","_yoast_wpseo_metadesc":"Descubra como a Empilhadeira Paletrans oferece o melhor custo-benef\u00edcio do mercado. Informe-se sobre qualidade, efici\u00eancia e suporte da Nigro Equipamentos.","neve_meta_sidebar":"","neve_meta_container":"","neve_meta_enable_content_width":"","neve_meta_content_width":0,"neve_meta_title_alignment":"","neve_meta_author_avatar":"","neve_post_elements_order":"","neve_meta_disable_header":"","neve_meta_disable_footer":"","neve_meta_disable_title":"","footnotes":""},"class_list":["post-104898","page","type-page","status-publish","hentry"],"acf":{"bloco1title":"Durabilidade Excepcional","bloco1text":"A Empilhadeira Paletrans \u00e9 sin\u00f4nimo de qualidade e resist\u00eancia, trazendo um retorno excepcional para o seu investimento.","bloco2title":"Manuten\u00e7\u00e3o Simplificada","bloco2text":"Com a Empilhadeira Paletrans, voc\u00ea garante uma manuten\u00e7\u00e3o f\u00e1cil e de baixo custo, aumentando a produtividade.","bloco3title":"Efici\u00eancia Garantida","bloco3text":"Investir em uma Empilhadeira Paletrans \u00e9 garantir efici\u00eancia nas opera\u00e7\u00f5es log\u00edsticas e um ambiente de trabalho seguro para sua equipe.","posttitle":"Empilhadeira Paletrans: Custo-Benef\u00edcio Ideal para seu Neg\u00f3cio","postcontent":"<strong>Por que escolher a Empilhadeira Paletrans?<\/strong>\n\nUm dos maiores desafios enfrentados por empres\u00e1rios e gestores de log\u00edstica \u00e9 encontrar o equil\u00edbrio entre custo e qualidade. A Empilhadeira Paletrans se destaca nesse cen\u00e1rio como uma op\u00e7\u00e3o que oferece um excelente custo-benef\u00edcio. Fabricada com tecnologia de ponta, ela se adapta a diferentes necessidades, seja na movimenta\u00e7\u00e3o de cargas leves ou pesadas.\n\nAl\u00e9m disso, a efici\u00eancia energ\u00e9tica da Empilhadeira Paletrans garante uma opera\u00e7\u00e3o mais econ\u00f4mica que contribui para a redu\u00e7\u00e3o dos gastos operacionais. Com um design ergon\u00f4mico, o operador desfruta de conforto e seguran\u00e7a, ampliando sua produtividade.\n\nA Nigro Equipamentos n\u00e3o \u00e9 apenas um fornecedor; somos parceiros na sua jornada. Oferecemos suporte cont\u00ednuo, manuten\u00e7\u00e3o especializada e a op\u00e7\u00e3o de loca\u00e7\u00e3o da Empilhadeira Paletrans, o que a torna uma op\u00e7\u00e3o ainda mais atrativa. N\u00e3o deixe de considerar a Empilhadeira Paletrans como sua pr\u00f3xima aquisi\u00e7\u00e3o \u2013 uma escolha inteligente que trar\u00e1 resultados positivos para o seu neg\u00f3cio.","insightwidtitle":"Curiosidades sobre Empilhadeiras","insightwidcontent":"Voc\u00ea sabia que as empilhadeiras t\u00eam sua origem na d\u00e9cada de 1920? Desde ent\u00e3o, a tecnologia evoluiu e trouxe inova\u00e7\u00f5es como a Empilhadeira Paletrans, que combina efici\u00eancia e economia. Al\u00e9m disso, a manuten\u00e7\u00e3o regular de empilhadeiras pode aumentar sua durabilidade em at\u00e9 50%, o que n\u00e3o apenas ajuda na redu\u00e7\u00e3o de custos, mas tamb\u00e9m melhora a seguran\u00e7a nas opera\u00e7\u00f5es."},"yoast_head":"<!-- This site is optimized with the Yoast SEO Premium plugin v18.3 (Yoast SEO v23.4) - https:\/\/yoast.com\/wordpress\/plugins\/seo\/ -->\n<title>Empilhadeira Paletrans: Custo-Benef\u00edcio Imbat\u00edvel<\/title>\n<meta name=\"description\" content=\"Descubra como a Empilhadeira Paletrans oferece o melhor custo-benef\u00edcio do mercado. Informe-se sobre qualidade, efici\u00eancia e suporte da Nigro Equipamentos.\" \/>\n<meta name=\"robots\" content=\"index, follow, max-snippet:-1, max-image-preview:large, max-video-preview:-1\" \/>\n<link rel=\"canonical\" href=\"https:\/\/nigroequipamentos.com.br\/conteudo\/empilhadeira-paletrans-o-custo-beneficio-que-voce-procura-5\/\" \/>\n<meta property=\"og:locale\" content=\"pt_BR\" \/>\n<meta property=\"og:type\" content=\"article\" \/>\n<meta property=\"og:title\" content=\"Empilhadeira Paletrans: O Custo-Benef\u00edcio Que Voc\u00ea Procura\" \/>\n<meta property=\"og:description\" content=\"Descubra como a Empilhadeira Paletrans oferece o melhor custo-benef\u00edcio do mercado. Informe-se sobre qualidade, efici\u00eancia e suporte da Nigro Equipamentos.\" \/>\n<meta property=\"og:url\" content=\"https:\/\/nigroequipamentos.com.br\/conteudo\/empilhadeira-paletrans-o-custo-beneficio-que-voce-procura-5\/\" \/>\n<meta property=\"og:site_name\" content=\"Nigro Equipamentos\" \/>\n<meta property=\"article:publisher\" content=\"https:\/\/www.facebook.com\/nigroequipamentos\" \/>\n<meta name=\"twitter:card\" content=\"summary_large_image\" \/>\n<meta name=\"twitter:label1\" content=\"Est. tempo de leitura\" \/>\n\t<meta name=\"twitter:data1\" content=\"1 minuto\" \/>\n<script type=\"application\/ld+json\" class=\"yoast-schema-graph\">{\"@context\":\"https:\/\/schema.org\",\"@graph\":[{\"@type\":\"WebPage\",\"@id\":\"https:\/\/nigroequipamentos.com.br\/conteudo\/empilhadeira-paletrans-o-custo-beneficio-que-voce-procura-5\/\",\"url\":\"https:\/\/nigroequipamentos.com.br\/conteudo\/empilhadeira-paletrans-o-custo-beneficio-que-voce-procura-5\/\",\"name\":\"Empilhadeira Paletrans: Custo-Benef\u00edcio Imbat\u00edvel\",\"isPartOf\":{\"@id\":\"https:\/\/nigroequipamentos.com.br\/conteudo\/#website\"},\"datePublished\":\"2026-04-22T16:01:04+00:00\",\"dateModified\":\"2026-04-22T16:01:04+00:00\",\"description\":\"Descubra como a Empilhadeira Paletrans oferece o melhor custo-benef\u00edcio do mercado. Informe-se sobre qualidade, efici\u00eancia e suporte da Nigro Equipamentos.\",\"breadcrumb\":{\"@id\":\"https:\/\/nigroequipamentos.com.br\/conteudo\/empilhadeira-paletrans-o-custo-beneficio-que-voce-procura-5\/#breadcrumb\"},\"inLanguage\":\"pt-BR\",\"potentialAction\":[{\"@type\":\"ReadAction\",\"target\":[\"https:\/\/nigroequipamentos.com.br\/conteudo\/empilhadeira-paletrans-o-custo-beneficio-que-voce-procura-5\/\"]}]},{\"@type\":\"BreadcrumbList\",\"@id\":\"https:\/\/nigroequipamentos.com.br\/conteudo\/empilhadeira-paletrans-o-custo-beneficio-que-voce-procura-5\/#breadcrumb\",\"itemListElement\":[{\"@type\":\"ListItem\",\"position\":1,\"name\":\"In\u00edcio\",\"item\":\"https:\/\/nigroequipamentos.com.br\/conteudo\/\"},{\"@type\":\"ListItem\",\"position\":2,\"name\":\"Empilhadeira Paletrans: O Custo-Benef\u00edcio Que Voc\u00ea Procura\"}]},{\"@type\":\"WebSite\",\"@id\":\"https:\/\/nigroequipamentos.com.br\/conteudo\/#website\",\"url\":\"https:\/\/nigroequipamentos.com.br\/conteudo\/\",\"name\":\"Nigro Equipamentos\",\"description\":\"Loca\u00e7\u00e3o e Vendas\",\"publisher\":{\"@id\":\"https:\/\/nigroequipamentos.com.br\/conteudo\/#organization\"},\"potentialAction\":[{\"@type\":\"SearchAction\",\"target\":{\"@type\":\"EntryPoint\",\"urlTemplate\":\"https:\/\/nigroequipamentos.com.br\/conteudo\/?s={search_term_string}\"},\"query-input\":{\"@type\":\"PropertyValueSpecification\",\"valueRequired\":true,\"valueName\":\"search_term_string\"}}],\"inLanguage\":\"pt-BR\"},{\"@type\":\"Organization\",\"@id\":\"https:\/\/nigroequipamentos.com.br\/conteudo\/#organization\",\"name\":\"Nigro Equipamentos\",\"url\":\"https:\/\/nigroequipamentos.com.br\/conteudo\/\",\"logo\":{\"@type\":\"ImageObject\",\"inLanguage\":\"pt-BR\",\"@id\":\"https:\/\/nigroequipamentos.com.br\/conteudo\/#\/schema\/logo\/image\/\",\"url\":\"https:\/\/nigroequipamentos.com.br\/conteudo\/wp-content\/uploads\/2024\/10\/nigroequipamentos_logo.webp\",\"contentUrl\":\"https:\/\/nigroequipamentos.com.br\/conteudo\/wp-content\/uploads\/2024\/10\/nigroequipamentos_logo.webp\",\"width\":785,\"height\":355,\"caption\":\"Nigro Equipamentos\"},\"image\":{\"@id\":\"https:\/\/nigroequipamentos.com.br\/conteudo\/#\/schema\/logo\/image\/\"},\"sameAs\":[\"https:\/\/www.facebook.com\/nigroequipamentos\",\"https:\/\/www.instagram.com\/nigroequipamentos\/\"]}]}<\/script>\n<!-- \/ Yoast SEO Premium plugin. -->","yoast_head_json":{"title":"Empilhadeira Paletrans: Custo-Benef\u00edcio Imbat\u00edvel","description":"Descubra como a Empilhadeira Paletrans oferece o melhor custo-benef\u00edcio do mercado. Informe-se sobre qualidade, efici\u00eancia e suporte da Nigro Equipamentos.","robots":{"index":"index","follow":"follow","max-snippet":"max-snippet:-1","max-image-preview":"max-image-preview:large","max-video-preview":"max-video-preview:-1"},"canonical":"https:\/\/nigroequipamentos.com.br\/conteudo\/empilhadeira-paletrans-o-custo-beneficio-que-voce-procura-5\/","og_locale":"pt_BR","og_type":"article","og_title":"Empilhadeira Paletrans: O Custo-Benef\u00edcio Que Voc\u00ea Procura","og_description":"Descubra como a Empilhadeira Paletrans oferece o melhor custo-benef\u00edcio do mercado. Informe-se sobre qualidade, efici\u00eancia e suporte da Nigro Equipamentos.","og_url":"https:\/\/nigroequipamentos.com.br\/conteudo\/empilhadeira-paletrans-o-custo-beneficio-que-voce-procura-5\/","og_site_name":"Nigro Equipamentos","article_publisher":"https:\/\/www.facebook.com\/nigroequipamentos","twitter_card":"summary_large_image","twitter_misc":{"Est. tempo de leitura":"1 minuto"},"schema":{"@context":"https:\/\/schema.org","@graph":[{"@type":"WebPage","@id":"https:\/\/nigroequipamentos.com.br\/conteudo\/empilhadeira-paletrans-o-custo-beneficio-que-voce-procura-5\/","url":"https:\/\/nigroequipamentos.com.br\/conteudo\/empilhadeira-paletrans-o-custo-beneficio-que-voce-procura-5\/","name":"Empilhadeira Paletrans: Custo-Benef\u00edcio Imbat\u00edvel","isPartOf":{"@id":"https:\/\/nigroequipamentos.com.br\/conteudo\/#website"},"datePublished":"2026-04-22T16:01:04+00:00","dateModified":"2026-04-22T16:01:04+00:00","description":"Descubra como a Empilhadeira Paletrans oferece o melhor custo-benef\u00edcio do mercado. Informe-se sobre qualidade, efici\u00eancia e suporte da Nigro Equipamentos.","breadcrumb":{"@id":"https:\/\/nigroequipamentos.com.br\/conteudo\/empilhadeira-paletrans-o-custo-beneficio-que-voce-procura-5\/#breadcrumb"},"inLanguage":"pt-BR","potentialAction":[{"@type":"ReadAction","target":["https:\/\/nigroequipamentos.com.br\/conteudo\/empilhadeira-paletrans-o-custo-beneficio-que-voce-procura-5\/"]}]},{"@type":"BreadcrumbList","@id":"https:\/\/nigroequipamentos.com.br\/conteudo\/empilhadeira-paletrans-o-custo-beneficio-que-voce-procura-5\/#breadcrumb","itemListElement":[{"@type":"ListItem","position":1,"name":"In\u00edcio","item":"https:\/\/nigroequipamentos.com.br\/conteudo\/"},{"@type":"ListItem","position":2,"name":"Empilhadeira Paletrans: O Custo-Benef\u00edcio Que Voc\u00ea Procura"}]},{"@type":"WebSite","@id":"https:\/\/nigroequipamentos.com.br\/conteudo\/#website","url":"https:\/\/nigroequipamentos.com.br\/conteudo\/","name":"Nigro Equipamentos","description":"Loca\u00e7\u00e3o e Vendas","publisher":{"@id":"https:\/\/nigroequipamentos.com.br\/conteudo\/#organization"},"potentialAction":[{"@type":"SearchAction","target":{"@type":"EntryPoint","urlTemplate":"https:\/\/nigroequipamentos.com.br\/conteudo\/?s={search_term_string}"},"query-input":{"@type":"PropertyValueSpecification","valueRequired":true,"valueName":"search_term_string"}}],"inLanguage":"pt-BR"},{"@type":"Organization","@id":"https:\/\/nigroequipamentos.com.br\/conteudo\/#organization","name":"Nigro Equipamentos","url":"https:\/\/nigroequipamentos.com.br\/conteudo\/","logo":{"@type":"ImageObject","inLanguage":"pt-BR","@id":"https:\/\/nigroequipamentos.com.br\/conteudo\/#\/schema\/logo\/image\/","url":"https:\/\/nigroequipamentos.com.br\/conteudo\/wp-content\/uploads\/2024\/10\/nigroequipamentos_logo.webp","contentUrl":"https:\/\/nigroequipamentos.com.br\/conteudo\/wp-content\/uploads\/2024\/10\/nigroequipamentos_logo.webp","width":785,"height":355,"caption":"Nigro Equipamentos"},"image":{"@id":"https:\/\/nigroequipamentos.com.br\/conteudo\/#\/schema\/logo\/image\/"},"sameAs":["https:\/\/www.facebook.com\/nigroequipamentos","https:\/\/www.instagram.com\/nigroequipamentos\/"]}]}},"_links":{"self":[{"href":"https:\/\/nigroequipamentos.com.br\/conteudo\/wp-json\/wp\/v2\/pages\/104898","targetHints":{"allow":["GET"]}}],"collection":[{"href":"https:\/\/nigroequipamentos.com.br\/conteudo\/wp-json\/wp\/v2\/pages"}],"about":[{"href":"https:\/\/nigroequipamentos.com.br\/conteudo\/wp-json\/wp\/v2\/types\/page"}],"author":[{"embeddable":true,"href":"https:\/\/nigroequipamentos.com.br\/conteudo\/wp-json\/wp\/v2\/users\/3"}],"replies":[{"embeddable":true,"href":"https:\/\/nigroequipamentos.com.br\/conteudo\/wp-json\/wp\/v2\/comments?post=104898"}],"version-history":[{"count":0,"href":"https:\/\/nigroequipamentos.com.br\/conteudo\/wp-json\/wp\/v2\/pages\/104898\/revisions"}],"wp:attachment":[{"href":"https:\/\/nigroequipamentos.com.br\/conteudo\/wp-json\/wp\/v2\/media?parent=104898"}],"curies":[{"name":"wp","href":"https:\/\/api.w.org\/{rel}","templated":true}]}}