{"id":103654,"date":"2026-04-16T18:01:04","date_gmt":"2026-04-16T21:01:04","guid":{"rendered":"https:\/\/nigroequipamentos.com.br\/conteudo\/aluguel-de-empilhadeira-paletrans-a-solucao-ideal-para-seu-negocio-15\/"},"modified":"2026-04-16T18:01:04","modified_gmt":"2026-04-16T21:01:04","slug":"aluguel-de-empilhadeira-paletrans-a-solucao-ideal-para-seu-negocio-15","status":"publish","type":"page","link":"https:\/\/nigroequipamentos.com.br\/conteudo\/aluguel-de-empilhadeira-paletrans-a-solucao-ideal-para-seu-negocio-15\/","title":{"rendered":"Aluguel de Empilhadeira Paletrans: A Solu\u00e7\u00e3o Ideal para seu Neg\u00f3cio"},"content":{"rendered":"<p>Se voc\u00ea est\u00e1 buscando um servi\u00e7o de aluguel de empilhadeira Paletrans, a Nigro Equipamentos \u00e9 a sua melhor escolha. N\u00f3s oferecemos uma frota diversificada e moderna, garantindo que seu neg\u00f3cio tenha o suporte necess\u00e1rio para opera\u00e7\u00f5es eficientes. Ao optar pelo aluguel de empilhadeira Paletrans, voc\u00ea consegue otimizar seus processos log\u00edsticos, reduzindo custos e aumentando a produtividade. A Nigro Equipamentos tem anos de experi\u00eancia no setor, e nossa especializa\u00e7\u00e3o assegura que voc\u00ea receber\u00e1 sempre as melhores orienta\u00e7\u00f5es e equipamentos adequados para suas necessidades. Escolher a Nigro \u00e9 garantir que sua opera\u00e7\u00e3o flua sem contratempos!<\/p>\n","protected":false},"excerpt":{"rendered":"<p>Se voc\u00ea est\u00e1 buscando um servi\u00e7o de aluguel de empilhadeira Paletrans, a Nigro Equipamentos \u00e9 a sua melhor escolha. N\u00f3s oferecemos uma frota diversificada e moderna, garantindo que seu neg\u00f3cio tenha o suporte necess\u00e1rio para opera\u00e7\u00f5es eficientes. Ao optar pelo aluguel de empilhadeira Paletrans, voc\u00ea consegue otimizar seus processos log\u00edsticos, reduzindo custos e aumentando a&hellip;&nbsp;<a href=\"https:\/\/nigroequipamentos.com.br\/conteudo\/aluguel-de-empilhadeira-paletrans-a-solucao-ideal-para-seu-negocio-15\/\" class=\"\" rel=\"bookmark\">Continue a ler &raquo;<span class=\"screen-reader-text\">Aluguel de Empilhadeira Paletrans: A Solu\u00e7\u00e3o Ideal para seu Neg\u00f3cio<\/span><\/a><\/p>\n","protected":false},"author":3,"featured_media":0,"parent":0,"menu_order":0,"comment_status":"closed","ping_status":"closed","template":"","meta":{"_acf_changed":false,"_yoast_wpseo_focuskw":"Empilhadeira Paletrans aluguel","_yoast_wpseo_title":"Aluguel de Empilhadeira Paletrans - Nigro Equipamentos","_yoast_wpseo_metadesc":"Alugue empilhadeiras Paletrans com a Nigro Equipamentos. A melhor op\u00e7\u00e3o para loca\u00e7\u00e3o, manuten\u00e7\u00e3o e compra de equipamentos para sua empresa.","neve_meta_sidebar":"","neve_meta_container":"","neve_meta_enable_content_width":"","neve_meta_content_width":0,"neve_meta_title_alignment":"","neve_meta_author_avatar":"","neve_post_elements_order":"","neve_meta_disable_header":"","neve_meta_disable_footer":"","neve_meta_disable_title":"","footnotes":""},"class_list":["post-103654","page","type-page","status-publish","hentry"],"acf":{"bloco1title":"Frota de Qualidade","bloco1text":"Nossa frota de empilhadeiras Paletrans \u00e9 moderna e bem mantida, oferecendo seguran\u00e7a e efici\u00eancia no transporte de cargas.","bloco2title":"Atendimento Personalizado","bloco2text":"Na Nigro, voc\u00ea tem acesso a um atendimento especializado que entende suas necessidades e fornece solu\u00e7\u00f5es sob medida.","bloco3title":"Insights do Aluguel","bloco3text":"Optar pelo aluguel de empilhadeira Paletrans oferece flexibilidade para empresas em crescimento, evitando altos investimentos iniciais e permitindo adapta\u00e7\u00f5es r\u00e1pidas \u00e0s demandas do mercado.","posttitle":"Aluguel de Empilhadeira Paletrans: Benef\u00edcios e Vantagens que Valem a Pena","postcontent":"<strong>Aluguel de Empilhadeira Paletrans: Vantagens e Benef\u00edcios<\/strong> O aluguel de empilhadeira Paletrans \u00e9 uma solu\u00e7\u00e3o cada vez mais adotada por empresas que buscam efici\u00eancia log\u00edstica. Com um parque de empilhadeiras modernas, proporcionamos uma opera\u00e7\u00e3o mais produtiva e segura. Al\u00e9m disso, o aluguel reduz custos fixos de manuten\u00e7\u00e3o e deprecia\u00e7\u00e3o do equipamento. Voc\u00ea pode escolher entre uma variedade de modelos de empilhadeiras Paletrans, adequadas a diferentes responsabilidades e ambientes de trabalho. Nesse sentido, a Nigro Equipamentos n\u00e3o s\u00f3 garante equipamentos de qualidade, mas tamb\u00e9m suporte t\u00e9cnico especializado. O aluguel de empilhadeira Paletrans da Nigro \u00e9 uma escolha inteligente para quem busca flexibilidade e efic\u00e1cia. Se voc\u00ea precisa de uma empilhadeira, mas n\u00e3o quer arcar com as despesas de uma compra, o aluguel \u00e9 a solu\u00e7\u00e3o ideal. Entre em contato com a Nigro e descubra como podemos ajudar sua empresa a prosperar atrav\u00e9s do aluguel de empilhadeira Paletrans!","insightwidtitle":"Curiosidades sobre Empilhadeiras","insightwidcontent":"Voc\u00ea sabia que o aluguel de empilhadeiras Paletrans pode reduzir custos operacionais em at\u00e9 30%? Essa redu\u00e7\u00e3o acontece devido \u00e0 elimina\u00e7\u00e3o de custos de manuten\u00e7\u00e3o e deprecia\u00e7\u00e3o, permitindo que seu capital seja investido em outras \u00e1reas produtivas. As empilhadeiras tamb\u00e9m podem ser alugadas por curto ou longo prazo, o que proporciona flexibilidade para empresas de todos os tamanhos. Apostar no aluguel de equipamentos \u00e9 uma tend\u00eancia crescente no mundo dos neg\u00f3cios, valorizando a efici\u00eancia e a adaptabilidade."},"yoast_head":"<!-- This site is optimized with the Yoast SEO Premium plugin v18.3 (Yoast SEO v23.4) - https:\/\/yoast.com\/wordpress\/plugins\/seo\/ -->\n<title>Aluguel de Empilhadeira Paletrans - Nigro Equipamentos<\/title>\n<meta name=\"description\" content=\"Alugue empilhadeiras Paletrans com a Nigro Equipamentos. A melhor op\u00e7\u00e3o para loca\u00e7\u00e3o, manuten\u00e7\u00e3o e compra de equipamentos para sua empresa.\" \/>\n<meta name=\"robots\" content=\"index, follow, max-snippet:-1, max-image-preview:large, max-video-preview:-1\" \/>\n<link rel=\"canonical\" href=\"https:\/\/nigroequipamentos.com.br\/conteudo\/aluguel-de-empilhadeira-paletrans-a-solucao-ideal-para-seu-negocio-15\/\" \/>\n<meta property=\"og:locale\" content=\"pt_BR\" \/>\n<meta property=\"og:type\" content=\"article\" \/>\n<meta property=\"og:title\" content=\"Aluguel de Empilhadeira Paletrans: A Solu\u00e7\u00e3o Ideal para seu Neg\u00f3cio\" \/>\n<meta property=\"og:description\" content=\"Alugue empilhadeiras Paletrans com a Nigro Equipamentos. A melhor op\u00e7\u00e3o para loca\u00e7\u00e3o, manuten\u00e7\u00e3o e compra de equipamentos para sua empresa.\" \/>\n<meta property=\"og:url\" content=\"https:\/\/nigroequipamentos.com.br\/conteudo\/aluguel-de-empilhadeira-paletrans-a-solucao-ideal-para-seu-negocio-15\/\" \/>\n<meta property=\"og:site_name\" content=\"Nigro Equipamentos\" \/>\n<meta property=\"article:publisher\" content=\"https:\/\/www.facebook.com\/nigroequipamentos\" \/>\n<meta name=\"twitter:card\" content=\"summary_large_image\" \/>\n<meta name=\"twitter:label1\" content=\"Est. tempo de leitura\" \/>\n\t<meta name=\"twitter:data1\" content=\"1 minuto\" \/>\n<script type=\"application\/ld+json\" class=\"yoast-schema-graph\">{\"@context\":\"https:\/\/schema.org\",\"@graph\":[{\"@type\":\"WebPage\",\"@id\":\"https:\/\/nigroequipamentos.com.br\/conteudo\/aluguel-de-empilhadeira-paletrans-a-solucao-ideal-para-seu-negocio-15\/\",\"url\":\"https:\/\/nigroequipamentos.com.br\/conteudo\/aluguel-de-empilhadeira-paletrans-a-solucao-ideal-para-seu-negocio-15\/\",\"name\":\"Aluguel de Empilhadeira Paletrans - Nigro Equipamentos\",\"isPartOf\":{\"@id\":\"https:\/\/nigroequipamentos.com.br\/conteudo\/#website\"},\"datePublished\":\"2026-04-16T21:01:04+00:00\",\"dateModified\":\"2026-04-16T21:01:04+00:00\",\"description\":\"Alugue empilhadeiras Paletrans com a Nigro Equipamentos. A melhor op\u00e7\u00e3o para loca\u00e7\u00e3o, manuten\u00e7\u00e3o e compra de equipamentos para sua empresa.\",\"breadcrumb\":{\"@id\":\"https:\/\/nigroequipamentos.com.br\/conteudo\/aluguel-de-empilhadeira-paletrans-a-solucao-ideal-para-seu-negocio-15\/#breadcrumb\"},\"inLanguage\":\"pt-BR\",\"potentialAction\":[{\"@type\":\"ReadAction\",\"target\":[\"https:\/\/nigroequipamentos.com.br\/conteudo\/aluguel-de-empilhadeira-paletrans-a-solucao-ideal-para-seu-negocio-15\/\"]}]},{\"@type\":\"BreadcrumbList\",\"@id\":\"https:\/\/nigroequipamentos.com.br\/conteudo\/aluguel-de-empilhadeira-paletrans-a-solucao-ideal-para-seu-negocio-15\/#breadcrumb\",\"itemListElement\":[{\"@type\":\"ListItem\",\"position\":1,\"name\":\"In\u00edcio\",\"item\":\"https:\/\/nigroequipamentos.com.br\/conteudo\/\"},{\"@type\":\"ListItem\",\"position\":2,\"name\":\"Aluguel de Empilhadeira Paletrans: A Solu\u00e7\u00e3o Ideal para seu Neg\u00f3cio\"}]},{\"@type\":\"WebSite\",\"@id\":\"https:\/\/nigroequipamentos.com.br\/conteudo\/#website\",\"url\":\"https:\/\/nigroequipamentos.com.br\/conteudo\/\",\"name\":\"Nigro Equipamentos\",\"description\":\"Loca\u00e7\u00e3o e Vendas\",\"publisher\":{\"@id\":\"https:\/\/nigroequipamentos.com.br\/conteudo\/#organization\"},\"potentialAction\":[{\"@type\":\"SearchAction\",\"target\":{\"@type\":\"EntryPoint\",\"urlTemplate\":\"https:\/\/nigroequipamentos.com.br\/conteudo\/?s={search_term_string}\"},\"query-input\":{\"@type\":\"PropertyValueSpecification\",\"valueRequired\":true,\"valueName\":\"search_term_string\"}}],\"inLanguage\":\"pt-BR\"},{\"@type\":\"Organization\",\"@id\":\"https:\/\/nigroequipamentos.com.br\/conteudo\/#organization\",\"name\":\"Nigro Equipamentos\",\"url\":\"https:\/\/nigroequipamentos.com.br\/conteudo\/\",\"logo\":{\"@type\":\"ImageObject\",\"inLanguage\":\"pt-BR\",\"@id\":\"https:\/\/nigroequipamentos.com.br\/conteudo\/#\/schema\/logo\/image\/\",\"url\":\"https:\/\/nigroequipamentos.com.br\/conteudo\/wp-content\/uploads\/2024\/10\/nigroequipamentos_logo.webp\",\"contentUrl\":\"https:\/\/nigroequipamentos.com.br\/conteudo\/wp-content\/uploads\/2024\/10\/nigroequipamentos_logo.webp\",\"width\":785,\"height\":355,\"caption\":\"Nigro Equipamentos\"},\"image\":{\"@id\":\"https:\/\/nigroequipamentos.com.br\/conteudo\/#\/schema\/logo\/image\/\"},\"sameAs\":[\"https:\/\/www.facebook.com\/nigroequipamentos\",\"https:\/\/www.instagram.com\/nigroequipamentos\/\"]}]}<\/script>\n<!-- \/ Yoast SEO Premium plugin. -->","yoast_head_json":{"title":"Aluguel de Empilhadeira Paletrans - Nigro Equipamentos","description":"Alugue empilhadeiras Paletrans com a Nigro Equipamentos. A melhor op\u00e7\u00e3o para loca\u00e7\u00e3o, manuten\u00e7\u00e3o e compra de equipamentos para sua empresa.","robots":{"index":"index","follow":"follow","max-snippet":"max-snippet:-1","max-image-preview":"max-image-preview:large","max-video-preview":"max-video-preview:-1"},"canonical":"https:\/\/nigroequipamentos.com.br\/conteudo\/aluguel-de-empilhadeira-paletrans-a-solucao-ideal-para-seu-negocio-15\/","og_locale":"pt_BR","og_type":"article","og_title":"Aluguel de Empilhadeira Paletrans: A Solu\u00e7\u00e3o Ideal para seu Neg\u00f3cio","og_description":"Alugue empilhadeiras Paletrans com a Nigro Equipamentos. A melhor op\u00e7\u00e3o para loca\u00e7\u00e3o, manuten\u00e7\u00e3o e compra de equipamentos para sua empresa.","og_url":"https:\/\/nigroequipamentos.com.br\/conteudo\/aluguel-de-empilhadeira-paletrans-a-solucao-ideal-para-seu-negocio-15\/","og_site_name":"Nigro Equipamentos","article_publisher":"https:\/\/www.facebook.com\/nigroequipamentos","twitter_card":"summary_large_image","twitter_misc":{"Est. tempo de leitura":"1 minuto"},"schema":{"@context":"https:\/\/schema.org","@graph":[{"@type":"WebPage","@id":"https:\/\/nigroequipamentos.com.br\/conteudo\/aluguel-de-empilhadeira-paletrans-a-solucao-ideal-para-seu-negocio-15\/","url":"https:\/\/nigroequipamentos.com.br\/conteudo\/aluguel-de-empilhadeira-paletrans-a-solucao-ideal-para-seu-negocio-15\/","name":"Aluguel de Empilhadeira Paletrans - Nigro Equipamentos","isPartOf":{"@id":"https:\/\/nigroequipamentos.com.br\/conteudo\/#website"},"datePublished":"2026-04-16T21:01:04+00:00","dateModified":"2026-04-16T21:01:04+00:00","description":"Alugue empilhadeiras Paletrans com a Nigro Equipamentos. A melhor op\u00e7\u00e3o para loca\u00e7\u00e3o, manuten\u00e7\u00e3o e compra de equipamentos para sua empresa.","breadcrumb":{"@id":"https:\/\/nigroequipamentos.com.br\/conteudo\/aluguel-de-empilhadeira-paletrans-a-solucao-ideal-para-seu-negocio-15\/#breadcrumb"},"inLanguage":"pt-BR","potentialAction":[{"@type":"ReadAction","target":["https:\/\/nigroequipamentos.com.br\/conteudo\/aluguel-de-empilhadeira-paletrans-a-solucao-ideal-para-seu-negocio-15\/"]}]},{"@type":"BreadcrumbList","@id":"https:\/\/nigroequipamentos.com.br\/conteudo\/aluguel-de-empilhadeira-paletrans-a-solucao-ideal-para-seu-negocio-15\/#breadcrumb","itemListElement":[{"@type":"ListItem","position":1,"name":"In\u00edcio","item":"https:\/\/nigroequipamentos.com.br\/conteudo\/"},{"@type":"ListItem","position":2,"name":"Aluguel de Empilhadeira Paletrans: A Solu\u00e7\u00e3o Ideal para seu Neg\u00f3cio"}]},{"@type":"WebSite","@id":"https:\/\/nigroequipamentos.com.br\/conteudo\/#website","url":"https:\/\/nigroequipamentos.com.br\/conteudo\/","name":"Nigro Equipamentos","description":"Loca\u00e7\u00e3o e Vendas","publisher":{"@id":"https:\/\/nigroequipamentos.com.br\/conteudo\/#organization"},"potentialAction":[{"@type":"SearchAction","target":{"@type":"EntryPoint","urlTemplate":"https:\/\/nigroequipamentos.com.br\/conteudo\/?s={search_term_string}"},"query-input":{"@type":"PropertyValueSpecification","valueRequired":true,"valueName":"search_term_string"}}],"inLanguage":"pt-BR"},{"@type":"Organization","@id":"https:\/\/nigroequipamentos.com.br\/conteudo\/#organization","name":"Nigro Equipamentos","url":"https:\/\/nigroequipamentos.com.br\/conteudo\/","logo":{"@type":"ImageObject","inLanguage":"pt-BR","@id":"https:\/\/nigroequipamentos.com.br\/conteudo\/#\/schema\/logo\/image\/","url":"https:\/\/nigroequipamentos.com.br\/conteudo\/wp-content\/uploads\/2024\/10\/nigroequipamentos_logo.webp","contentUrl":"https:\/\/nigroequipamentos.com.br\/conteudo\/wp-content\/uploads\/2024\/10\/nigroequipamentos_logo.webp","width":785,"height":355,"caption":"Nigro Equipamentos"},"image":{"@id":"https:\/\/nigroequipamentos.com.br\/conteudo\/#\/schema\/logo\/image\/"},"sameAs":["https:\/\/www.facebook.com\/nigroequipamentos","https:\/\/www.instagram.com\/nigroequipamentos\/"]}]}},"_links":{"self":[{"href":"https:\/\/nigroequipamentos.com.br\/conteudo\/wp-json\/wp\/v2\/pages\/103654","targetHints":{"allow":["GET"]}}],"collection":[{"href":"https:\/\/nigroequipamentos.com.br\/conteudo\/wp-json\/wp\/v2\/pages"}],"about":[{"href":"https:\/\/nigroequipamentos.com.br\/conteudo\/wp-json\/wp\/v2\/types\/page"}],"author":[{"embeddable":true,"href":"https:\/\/nigroequipamentos.com.br\/conteudo\/wp-json\/wp\/v2\/users\/3"}],"replies":[{"embeddable":true,"href":"https:\/\/nigroequipamentos.com.br\/conteudo\/wp-json\/wp\/v2\/comments?post=103654"}],"version-history":[{"count":0,"href":"https:\/\/nigroequipamentos.com.br\/conteudo\/wp-json\/wp\/v2\/pages\/103654\/revisions"}],"wp:attachment":[{"href":"https:\/\/nigroequipamentos.com.br\/conteudo\/wp-json\/wp\/v2\/media?parent=103654"}],"curies":[{"name":"wp","href":"https:\/\/api.w.org\/{rel}","templated":true}]}}