{"id":102852,"date":"2026-04-13T00:45:58","date_gmt":"2026-04-13T03:45:58","guid":{"rendered":"https:\/\/nigroequipamentos.com.br\/conteudo\/empilhadeira-paletrans-construcao-potencia-e-versatilidade\/"},"modified":"2026-04-13T00:45:58","modified_gmt":"2026-04-13T03:45:58","slug":"empilhadeira-paletrans-construcao-potencia-e-versatilidade","status":"publish","type":"page","link":"https:\/\/nigroequipamentos.com.br\/conteudo\/empilhadeira-paletrans-construcao-potencia-e-versatilidade\/","title":{"rendered":"Empilhadeira Paletrans Constru\u00e7\u00e3o: Pot\u00eancia e Versatilidade"},"content":{"rendered":"<p>A Nigro Equipamentos \u00e9 refer\u00eancia no setor com suas empilhadeiras Paletrans, projetadas para atender as exig\u00eancias do setor de constru\u00e7\u00e3o. Com a robustez ideal para ambientes desafiadores, as empilhadeiras Paletrans garantem efici\u00eancia e seguran\u00e7a em opera\u00e7\u00f5es log\u00edsticas. Al\u00e9m de oferecer equipamentos de alta performance, a Nigro tamb\u00e9m se destaca na manuten\u00e7\u00e3o e loca\u00e7\u00e3o de empilhadeiras, assegurando ao cliente um suporte completo e especializado, proporcionando uma experi\u00eancia de uso diferenciada e confi\u00e1vel.<\/p>\n","protected":false},"excerpt":{"rendered":"<p>A Nigro Equipamentos \u00e9 refer\u00eancia no setor com suas empilhadeiras Paletrans, projetadas para atender as exig\u00eancias do setor de constru\u00e7\u00e3o. Com a robustez ideal para ambientes desafiadores, as empilhadeiras Paletrans garantem efici\u00eancia e seguran\u00e7a em opera\u00e7\u00f5es log\u00edsticas. Al\u00e9m de oferecer equipamentos de alta performance, a Nigro tamb\u00e9m se destaca na manuten\u00e7\u00e3o e loca\u00e7\u00e3o de empilhadeiras,&hellip;&nbsp;<a href=\"https:\/\/nigroequipamentos.com.br\/conteudo\/empilhadeira-paletrans-construcao-potencia-e-versatilidade\/\" class=\"\" rel=\"bookmark\">Continue a ler &raquo;<span class=\"screen-reader-text\">Empilhadeira Paletrans Constru\u00e7\u00e3o: Pot\u00eancia e Versatilidade<\/span><\/a><\/p>\n","protected":false},"author":3,"featured_media":0,"parent":0,"menu_order":0,"comment_status":"closed","ping_status":"closed","template":"","meta":{"_acf_changed":false,"_yoast_wpseo_focuskw":"Empilhadeira Paletrans constru\u00e7\u00e3o","_yoast_wpseo_title":"Empilhadeira Paletrans para Constru\u00e7\u00e3o: Efici\u00eancia e Confiabilidade","_yoast_wpseo_metadesc":"Conhe\u00e7a as vantagens das empilhadeiras Paletrans da Nigro Equipamentos para o setor de constru\u00e7\u00e3o. Efici\u00eancia, seguran\u00e7a e suporte completo.","neve_meta_sidebar":"","neve_meta_container":"","neve_meta_enable_content_width":"","neve_meta_content_width":0,"neve_meta_title_alignment":"","neve_meta_author_avatar":"","neve_post_elements_order":"","neve_meta_disable_header":"","neve_meta_disable_footer":"","neve_meta_disable_title":"","footnotes":""},"class_list":["post-102852","page","type-page","status-publish","hentry"],"acf":{"bloco1title":"Qualidade do Equipamento","bloco1text":"As empilhadeiras Paletrans da Nigro garantem qualidade e durabilidade, essenciais para o setor de constru\u00e7\u00e3o.","bloco2title":"Suporte Completo","bloco2text":"A Nigro oferece servi\u00e7os de manuten\u00e7\u00e3o e loca\u00e7\u00e3o de empilhadeiras Paletrans com expertise no setor.","bloco3title":"Efici\u00eancia em A\u00e7\u00e3o","bloco3text":"As empilhadeiras Paletrans otimizam o tempo de movimenta\u00e7\u00e3o de carga, aumentando a produtividade em obras.","posttitle":"Empilhadeira Paletrans Constru\u00e7\u00e3o: A Solu\u00e7\u00e3o Ideal para Seus Projetos","postcontent":"<strong>Entenda a import\u00e2ncia da empilhadeira Paletrans na constru\u00e7\u00e3o.<\/strong> Desde o transporte de materiais pesados at\u00e9 a movimenta\u00e7\u00e3o \u00e1gil de paletes, a empilhadeira Paletrans se destaca como uma ferramenta crucial para o sucesso de obras. Sua estrutura robusta e motor potente permitem opera\u00e7\u00f5es em terrenos irregulares, t\u00edpicos da constru\u00e7\u00e3o civil. Al\u00e9m disso, a Nigro Equipamentos, com sua experi\u00eancia de mercado, oferece consultoria especializada para ajudar na escolha da empilhadeira ideal. A loca\u00e7\u00e3o de empilhadeiras Paletrans \u00e9 uma alternativa que proporciona flexibilidade e economia, sem perder a qualidade nas opera\u00e7\u00f5es. O servi\u00e7o de manuten\u00e7\u00e3o, por sua vez, assegura que os equipamentos estejam sempre em perfeito estado de funcionamento, evitando paradas que podem comprometer o cronograma da obra. Portanto, se voc\u00ea procura efici\u00eancia, confiabilidade e suporte total, a Nigro Equipamentos \u00e9 sua melhor escolha para adquirir, locar ou manter empilhadeiras Paletrans na constru\u00e7\u00e3o. N\u00e3o hesite em entrar em contato para saber mais sobre nossas solu\u00e7\u00f5es e como podemos ajudar no seu pr\u00f3ximo projeto.","insightwidtitle":"Curiosidades sobre Empilhadeiras","insightwidcontent":"Voc\u00ea sabia que as empilhadeiras Paletrans t\u00eam um design pensado para maximizar a seguran\u00e7a no ambiente de trabalho? Com recursos como freios autom\u00e1ticos e estabilidade aprimorada, essas m\u00e1quinas garantem uma opera\u00e7\u00e3o mais segura, especialmente em terrenos inclinados e desafiadores. Al\u00e9m de sua versatilidade, as empilhadeiras podem ser adaptadas para diversas fun\u00e7\u00f5es, como carga e descarga de caminh\u00f5es ou movimenta\u00e7\u00e3o interna em grandes centros de distribui\u00e7\u00e3o."},"yoast_head":"<!-- This site is optimized with the Yoast SEO Premium plugin v18.3 (Yoast SEO v23.4) - https:\/\/yoast.com\/wordpress\/plugins\/seo\/ -->\n<title>Empilhadeira Paletrans para Constru\u00e7\u00e3o: Efici\u00eancia e Confiabilidade<\/title>\n<meta name=\"description\" content=\"Conhe\u00e7a as vantagens das empilhadeiras Paletrans da Nigro Equipamentos para o setor de constru\u00e7\u00e3o. Efici\u00eancia, seguran\u00e7a e suporte completo.\" \/>\n<meta name=\"robots\" content=\"index, follow, max-snippet:-1, max-image-preview:large, max-video-preview:-1\" \/>\n<link rel=\"canonical\" href=\"https:\/\/nigroequipamentos.com.br\/conteudo\/empilhadeira-paletrans-construcao-potencia-e-versatilidade\/\" \/>\n<meta property=\"og:locale\" content=\"pt_BR\" \/>\n<meta property=\"og:type\" content=\"article\" \/>\n<meta property=\"og:title\" content=\"Empilhadeira Paletrans Constru\u00e7\u00e3o: Pot\u00eancia e Versatilidade\" \/>\n<meta property=\"og:description\" content=\"Conhe\u00e7a as vantagens das empilhadeiras Paletrans da Nigro Equipamentos para o setor de constru\u00e7\u00e3o. Efici\u00eancia, seguran\u00e7a e suporte completo.\" \/>\n<meta property=\"og:url\" content=\"https:\/\/nigroequipamentos.com.br\/conteudo\/empilhadeira-paletrans-construcao-potencia-e-versatilidade\/\" \/>\n<meta property=\"og:site_name\" content=\"Nigro Equipamentos\" \/>\n<meta property=\"article:publisher\" content=\"https:\/\/www.facebook.com\/nigroequipamentos\" \/>\n<meta name=\"twitter:card\" content=\"summary_large_image\" \/>\n<script type=\"application\/ld+json\" class=\"yoast-schema-graph\">{\"@context\":\"https:\/\/schema.org\",\"@graph\":[{\"@type\":\"WebPage\",\"@id\":\"https:\/\/nigroequipamentos.com.br\/conteudo\/empilhadeira-paletrans-construcao-potencia-e-versatilidade\/\",\"url\":\"https:\/\/nigroequipamentos.com.br\/conteudo\/empilhadeira-paletrans-construcao-potencia-e-versatilidade\/\",\"name\":\"Empilhadeira Paletrans para Constru\u00e7\u00e3o: Efici\u00eancia e Confiabilidade\",\"isPartOf\":{\"@id\":\"https:\/\/nigroequipamentos.com.br\/conteudo\/#website\"},\"datePublished\":\"2026-04-13T03:45:58+00:00\",\"dateModified\":\"2026-04-13T03:45:58+00:00\",\"description\":\"Conhe\u00e7a as vantagens das empilhadeiras Paletrans da Nigro Equipamentos para o setor de constru\u00e7\u00e3o. Efici\u00eancia, seguran\u00e7a e suporte completo.\",\"breadcrumb\":{\"@id\":\"https:\/\/nigroequipamentos.com.br\/conteudo\/empilhadeira-paletrans-construcao-potencia-e-versatilidade\/#breadcrumb\"},\"inLanguage\":\"pt-BR\",\"potentialAction\":[{\"@type\":\"ReadAction\",\"target\":[\"https:\/\/nigroequipamentos.com.br\/conteudo\/empilhadeira-paletrans-construcao-potencia-e-versatilidade\/\"]}]},{\"@type\":\"BreadcrumbList\",\"@id\":\"https:\/\/nigroequipamentos.com.br\/conteudo\/empilhadeira-paletrans-construcao-potencia-e-versatilidade\/#breadcrumb\",\"itemListElement\":[{\"@type\":\"ListItem\",\"position\":1,\"name\":\"In\u00edcio\",\"item\":\"https:\/\/nigroequipamentos.com.br\/conteudo\/\"},{\"@type\":\"ListItem\",\"position\":2,\"name\":\"Empilhadeira Paletrans Constru\u00e7\u00e3o: Pot\u00eancia e Versatilidade\"}]},{\"@type\":\"WebSite\",\"@id\":\"https:\/\/nigroequipamentos.com.br\/conteudo\/#website\",\"url\":\"https:\/\/nigroequipamentos.com.br\/conteudo\/\",\"name\":\"Nigro Equipamentos\",\"description\":\"Loca\u00e7\u00e3o e Vendas\",\"publisher\":{\"@id\":\"https:\/\/nigroequipamentos.com.br\/conteudo\/#organization\"},\"potentialAction\":[{\"@type\":\"SearchAction\",\"target\":{\"@type\":\"EntryPoint\",\"urlTemplate\":\"https:\/\/nigroequipamentos.com.br\/conteudo\/?s={search_term_string}\"},\"query-input\":{\"@type\":\"PropertyValueSpecification\",\"valueRequired\":true,\"valueName\":\"search_term_string\"}}],\"inLanguage\":\"pt-BR\"},{\"@type\":\"Organization\",\"@id\":\"https:\/\/nigroequipamentos.com.br\/conteudo\/#organization\",\"name\":\"Nigro Equipamentos\",\"url\":\"https:\/\/nigroequipamentos.com.br\/conteudo\/\",\"logo\":{\"@type\":\"ImageObject\",\"inLanguage\":\"pt-BR\",\"@id\":\"https:\/\/nigroequipamentos.com.br\/conteudo\/#\/schema\/logo\/image\/\",\"url\":\"https:\/\/nigroequipamentos.com.br\/conteudo\/wp-content\/uploads\/2024\/10\/nigroequipamentos_logo.webp\",\"contentUrl\":\"https:\/\/nigroequipamentos.com.br\/conteudo\/wp-content\/uploads\/2024\/10\/nigroequipamentos_logo.webp\",\"width\":785,\"height\":355,\"caption\":\"Nigro Equipamentos\"},\"image\":{\"@id\":\"https:\/\/nigroequipamentos.com.br\/conteudo\/#\/schema\/logo\/image\/\"},\"sameAs\":[\"https:\/\/www.facebook.com\/nigroequipamentos\",\"https:\/\/www.instagram.com\/nigroequipamentos\/\"]}]}<\/script>\n<!-- \/ Yoast SEO Premium plugin. -->","yoast_head_json":{"title":"Empilhadeira Paletrans para Constru\u00e7\u00e3o: Efici\u00eancia e Confiabilidade","description":"Conhe\u00e7a as vantagens das empilhadeiras Paletrans da Nigro Equipamentos para o setor de constru\u00e7\u00e3o. Efici\u00eancia, seguran\u00e7a e suporte completo.","robots":{"index":"index","follow":"follow","max-snippet":"max-snippet:-1","max-image-preview":"max-image-preview:large","max-video-preview":"max-video-preview:-1"},"canonical":"https:\/\/nigroequipamentos.com.br\/conteudo\/empilhadeira-paletrans-construcao-potencia-e-versatilidade\/","og_locale":"pt_BR","og_type":"article","og_title":"Empilhadeira Paletrans Constru\u00e7\u00e3o: Pot\u00eancia e Versatilidade","og_description":"Conhe\u00e7a as vantagens das empilhadeiras Paletrans da Nigro Equipamentos para o setor de constru\u00e7\u00e3o. Efici\u00eancia, seguran\u00e7a e suporte completo.","og_url":"https:\/\/nigroequipamentos.com.br\/conteudo\/empilhadeira-paletrans-construcao-potencia-e-versatilidade\/","og_site_name":"Nigro Equipamentos","article_publisher":"https:\/\/www.facebook.com\/nigroequipamentos","twitter_card":"summary_large_image","schema":{"@context":"https:\/\/schema.org","@graph":[{"@type":"WebPage","@id":"https:\/\/nigroequipamentos.com.br\/conteudo\/empilhadeira-paletrans-construcao-potencia-e-versatilidade\/","url":"https:\/\/nigroequipamentos.com.br\/conteudo\/empilhadeira-paletrans-construcao-potencia-e-versatilidade\/","name":"Empilhadeira Paletrans para Constru\u00e7\u00e3o: Efici\u00eancia e Confiabilidade","isPartOf":{"@id":"https:\/\/nigroequipamentos.com.br\/conteudo\/#website"},"datePublished":"2026-04-13T03:45:58+00:00","dateModified":"2026-04-13T03:45:58+00:00","description":"Conhe\u00e7a as vantagens das empilhadeiras Paletrans da Nigro Equipamentos para o setor de constru\u00e7\u00e3o. Efici\u00eancia, seguran\u00e7a e suporte completo.","breadcrumb":{"@id":"https:\/\/nigroequipamentos.com.br\/conteudo\/empilhadeira-paletrans-construcao-potencia-e-versatilidade\/#breadcrumb"},"inLanguage":"pt-BR","potentialAction":[{"@type":"ReadAction","target":["https:\/\/nigroequipamentos.com.br\/conteudo\/empilhadeira-paletrans-construcao-potencia-e-versatilidade\/"]}]},{"@type":"BreadcrumbList","@id":"https:\/\/nigroequipamentos.com.br\/conteudo\/empilhadeira-paletrans-construcao-potencia-e-versatilidade\/#breadcrumb","itemListElement":[{"@type":"ListItem","position":1,"name":"In\u00edcio","item":"https:\/\/nigroequipamentos.com.br\/conteudo\/"},{"@type":"ListItem","position":2,"name":"Empilhadeira Paletrans Constru\u00e7\u00e3o: Pot\u00eancia e Versatilidade"}]},{"@type":"WebSite","@id":"https:\/\/nigroequipamentos.com.br\/conteudo\/#website","url":"https:\/\/nigroequipamentos.com.br\/conteudo\/","name":"Nigro Equipamentos","description":"Loca\u00e7\u00e3o e Vendas","publisher":{"@id":"https:\/\/nigroequipamentos.com.br\/conteudo\/#organization"},"potentialAction":[{"@type":"SearchAction","target":{"@type":"EntryPoint","urlTemplate":"https:\/\/nigroequipamentos.com.br\/conteudo\/?s={search_term_string}"},"query-input":{"@type":"PropertyValueSpecification","valueRequired":true,"valueName":"search_term_string"}}],"inLanguage":"pt-BR"},{"@type":"Organization","@id":"https:\/\/nigroequipamentos.com.br\/conteudo\/#organization","name":"Nigro Equipamentos","url":"https:\/\/nigroequipamentos.com.br\/conteudo\/","logo":{"@type":"ImageObject","inLanguage":"pt-BR","@id":"https:\/\/nigroequipamentos.com.br\/conteudo\/#\/schema\/logo\/image\/","url":"https:\/\/nigroequipamentos.com.br\/conteudo\/wp-content\/uploads\/2024\/10\/nigroequipamentos_logo.webp","contentUrl":"https:\/\/nigroequipamentos.com.br\/conteudo\/wp-content\/uploads\/2024\/10\/nigroequipamentos_logo.webp","width":785,"height":355,"caption":"Nigro Equipamentos"},"image":{"@id":"https:\/\/nigroequipamentos.com.br\/conteudo\/#\/schema\/logo\/image\/"},"sameAs":["https:\/\/www.facebook.com\/nigroequipamentos","https:\/\/www.instagram.com\/nigroequipamentos\/"]}]}},"_links":{"self":[{"href":"https:\/\/nigroequipamentos.com.br\/conteudo\/wp-json\/wp\/v2\/pages\/102852","targetHints":{"allow":["GET"]}}],"collection":[{"href":"https:\/\/nigroequipamentos.com.br\/conteudo\/wp-json\/wp\/v2\/pages"}],"about":[{"href":"https:\/\/nigroequipamentos.com.br\/conteudo\/wp-json\/wp\/v2\/types\/page"}],"author":[{"embeddable":true,"href":"https:\/\/nigroequipamentos.com.br\/conteudo\/wp-json\/wp\/v2\/users\/3"}],"replies":[{"embeddable":true,"href":"https:\/\/nigroequipamentos.com.br\/conteudo\/wp-json\/wp\/v2\/comments?post=102852"}],"version-history":[{"count":0,"href":"https:\/\/nigroequipamentos.com.br\/conteudo\/wp-json\/wp\/v2\/pages\/102852\/revisions"}],"wp:attachment":[{"href":"https:\/\/nigroequipamentos.com.br\/conteudo\/wp-json\/wp\/v2\/media?parent=102852"}],"curies":[{"name":"wp","href":"https:\/\/api.w.org\/{rel}","templated":true}]}}